-- Table structure for table `option_groups`
--

CREATE TABLE `option_groups` (
  `id` int(10) unsigned NOT NULL AUTO_INCREMENT,
  `name` varchar(127) COLLATE utf8mb4_unicode_ci NOT NULL,
  `created_at` timestamp NULL DEFAULT NULL,
  `updated_at` timestamp NULL DEFAULT NULL,
  PRIMARY KEY (`id`)
) ENGINE=InnoDB AUTO_INCREMENT=9 DEFAULT CHARSET=utf8mb4 COLLATE=utf8mb4_unicode_ci;

--
-- Dumping data for table `option_groups`
--

INSERT INTO `option_groups` VALUES (1,'Size','2019-08-31 10:55:28','2019-08-31 10:55:28'),(2,'Color','2019-10-09 13:26:28','2019-10-09 13:26:28'),(3,'Parfum','2019-10-09 13:26:28','2019-10-09 13:26:28'),(4,'Taste','2019-10-09 13:26:28','2019-10-09 13:26:28'),(5,'TEST','2020-08-05 06:07:14','2020-08-05 06:07:14'),(6,'Plastic Bag','2020-09-26 20:27:04','2020-09-26 20:27:04'),(7,'Extra','2020-09-26 20:29:27','2020-09-26 20:29:27'),(8,'Coffee','2020-11-22 18:54:40','2020-11-22 18:54:40');

--
-- Table structure for table `options`
--

CREATE TABLE `options` (
  `id` int(10) unsigned NOT NULL AUTO_INCREMENT,
  `name` varchar(127) COLLATE utf8mb4_unicode_ci NOT NULL,
  `description` text COLLATE utf8mb4_unicode_ci DEFAULT NULL,
  `price` double(8,2) NOT NULL DEFAULT 0.00,
  `product_id` int(10) unsigned NOT NULL,
  `option_group_id` int(10) unsigned NOT NULL,
  `created_at` timestamp NULL DEFAULT NULL,
  `updated_at` timestamp NULL DEFAULT NULL,
  PRIMARY KEY (`id`),
  KEY `options_product_id_foreign` (`product_id`),
  KEY `options_option_group_id_foreign` (`option_group_id`),
  CONSTRAINT `options_option_group_id_foreign` FOREIGN KEY (`option_group_id`) REFERENCES `option_groups` (`id`) ON DELETE CASCADE ON UPDATE CASCADE,
  CONSTRAINT `options_product_id_foreign` FOREIGN KEY (`product_id`) REFERENCES `products` (`id`) ON DELETE CASCADE ON UPDATE CASCADE
) ENGINE=InnoDB AUTO_INCREMENT=77 DEFAULT CHARSET=utf8mb4 COLLATE=utf8mb4_unicode_ci;

--
-- Dumping data for table `options`
--

INSERT INTO `options` VALUES (60,'Plastic bag',NULL,0.05,196,7,'2020-09-26 20:24:36','2020-09-26 20:32:10'),(61,'Whole','<p><br></p>',0.00,4056,8,'2020-11-22 18:55:26','2020-11-22 18:55:26'),(62,'Ground',NULL,0.00,4056,8,'2020-11-22 18:55:47','2020-11-22 18:55:47'),(63,'Whole',NULL,0.00,4057,8,'2020-11-22 19:04:10','2020-11-22 19:04:10'),(64,'Ground',NULL,0.00,4057,8,'2020-11-22 19:04:23','2020-11-22 19:12:55'),(65,'Whole',NULL,0.00,4058,8,'2020-11-22 19:07:18','2020-11-22 19:13:14'),(66,'Ground',NULL,0.00,4058,8,'2020-11-22 19:07:34','2020-11-22 19:12:46'),(67,'Whole',NULL,0.00,4059,8,'2020-11-22 19:09:23','2020-11-22 19:13:23'),(68,'Ground',NULL,0.00,4059,8,'2020-11-22 19:09:35','2020-11-22 19:12:37'),(69,'Whole',NULL,0.00,4060,8,'2020-11-22 19:12:24','2020-11-22 19:13:06'),(70,'Ground',NULL,0.00,4060,8,'2020-11-22 19:13:48','2020-11-22 19:13:48'),(71,'Whole',NULL,0.00,4061,8,'2020-11-22 19:15:44','2020-11-22 19:15:44'),(72,'Ground',NULL,0.00,4061,8,'2020-11-22 19:16:00','2020-11-22 19:16:00'),(73,'Whole',NULL,0.00,4062,8,'2020-11-22 19:18:16','2020-11-22 19:18:16'),(74,'Whole',NULL,0.00,4062,8,'2020-11-22 19:18:29','2020-11-22 19:18:29'),(75,'Whole',NULL,0.00,4063,8,'2020-11-22 19:20:29','2020-11-22 19:20:29'),(76,'Ground',NULL,0.00,4063,8,'2020-11-22 19:20:44','2020-11-22 19:20:44');

--
-- Table structure for table `order_statuses`
--

CREATE TABLE `order_statuses` (
  `id` int(10) unsigned NOT NULL AUTO_INCREMENT,
  `status` varchar(127) COLLATE utf8mb4_unicode_ci NOT NULL,
  `created_at` timestamp NULL DEFAULT NULL,
  `updated_at` timestamp NULL DEFAULT NULL,
  PRIMARY KEY (`id`)
) ENGINE=InnoDB AUTO_INCREMENT=7 DEFAULT CHARSET=utf8mb4 COLLATE=utf8mb4_unicode_ci;

--
-- Dumping data for table `order_statuses`
--

INSERT INTO `order_statuses` VALUES (1,'Order Received','2019-08-30 16:39:28','2019-10-15 18:03:14'),(2,'Ready','2019-10-15 18:04:30','2019-10-15 18:04:30'),(3,'Sorry, no longer availabe','2019-10-15 18:04:13','2019-10-15 18:04:13'),(4,'Pending Cancel','2019-10-15 18:04:13','2019-10-15 18:04:13'),(5,'Cancelled','2020-10-29 03:10:09','2020-10-29 03:10:15'),(6,'Refunded','2020-10-17 03:15:33','2020-10-23 03:15:33');

--
-- Table structure for table `orders`
--

CREATE TABLE `orders` (
  `id` int(10) unsigned NOT NULL AUTO_INCREMENT,
  `user_id` int(10) unsigned NOT NULL,
  `order_status_id` int(10) unsigned NOT NULL,
  `tax` double(5,2) DEFAULT 0.00,
  `delivery_fee` double(5,2) DEFAULT 0.00,
  `hint` text COLLATE utf8mb4_unicode_ci DEFAULT NULL,
  `active` tinyint(1) NOT NULL DEFAULT 1,
  `driver_id` int(10) unsigned DEFAULT NULL,
  `delivery_address_id` int(10) unsigned DEFAULT NULL,
  `payment_id` int(10) unsigned DEFAULT NULL,
  `srtipe_charge_id` varchar(100) COLLATE utf8mb4_unicode_ci NOT NULL,
  `created_at` timestamp NULL DEFAULT NULL,
  `updated_at` timestamp NULL DEFAULT NULL,
  PRIMARY KEY (`id`),
  KEY `orders_user_id_foreign` (`user_id`),
  KEY `orders_order_status_id_foreign` (`order_status_id`),
  KEY `orders_driver_id_foreign` (`driver_id`),
  KEY `orders_delivery_address_id_foreign` (`delivery_address_id`),
  KEY `orders_payment_id_foreign` (`payment_id`),
  CONSTRAINT `orders_delivery_address_id_foreign` FOREIGN KEY (`delivery_address_id`) REFERENCES `delivery_addresses` (`id`) ON DELETE SET NULL ON UPDATE SET NULL,
  CONSTRAINT `orders_driver_id_foreign` FOREIGN KEY (`driver_id`) REFERENCES `users` (`id`) ON DELETE SET NULL ON UPDATE SET NULL,
  CONSTRAINT `orders_order_status_id_foreign` FOREIGN KEY (`order_status_id`) REFERENCES `order_statuses` (`id`) ON DELETE CASCADE ON UPDATE CASCADE,
  CONSTRAINT `orders_payment_id_foreign` FOREIGN KEY (`payment_id`) REFERENCES `payments` (`id`) ON DELETE SET NULL ON UPDATE SET NULL,
  CONSTRAINT `orders_user_id_foreign` FOREIGN KEY (`user_id`) REFERENCES `users` (`id`) ON DELETE CASCADE ON UPDATE CASCADE
) ENGINE=InnoDB AUTO_INCREMENT=371 DEFAULT CHARSET=utf8mb4 COLLATE=utf8mb4_unicode_ci;

--
-- Dumping data for table `orders`
--

INSERT INTO `orders` VALUES (13,10,1,0.00,0.00,NULL,1,NULL,NULL,NULL,'','2020-09-08 02:39:41','2020-09-08 02:39:41'),(21,1,1,26.45,9.65,NULL,1,NULL,NULL,13,'','2020-09-14 02:56:58','2020-09-14 02:56:58'),(22,1,2,0.00,0.00,NULL,1,NULL,NULL,14,'','2020-09-14 02:57:41','2020-09-16 21:32:14'),(87,10,1,0.00,0.00,NULL,1,NULL,NULL,59,'','2020-09-26 19:21:44','2020-09-26 19:21:47'),(89,10,1,0.00,0.00,NULL,1,NULL,NULL,NULL,'','2020-09-26 19:39:09','2020-09-26 19:39:09'),(91,10,1,0.00,0.00,NULL,1,NULL,NULL,NULL,'','2020-09-26 20:33:20','2020-09-26 20:33:20'),(92,10,1,0.00,0.00,NULL,1,NULL,NULL,NULL,'','2020-09-26 23:40:38','2020-09-26 23:40:38'),(97,10,1,0.00,0.00,NULL,1,NULL,NULL,63,'','2020-09-27 00:27:19','2020-09-27 00:27:26'),(117,10,1,0.00,0.00,NULL,1,NULL,NULL,79,'','2020-10-01 16:52:31','2020-10-01 16:52:31'),(121,10,1,0.00,0.00,NULL,1,NULL,NULL,81,'','2020-10-01 21:55:58','2020-10-01 21:55:59'),(125,10,1,0.00,0.00,NULL,1,NULL,NULL,85,'','2020-10-02 23:13:29','2020-10-02 23:13:30'),(126,10,1,0.00,0.00,NULL,1,NULL,NULL,86,'','2020-10-02 23:18:42','2020-10-02 23:18:43'),(127,10,1,0.00,0.00,NULL,1,NULL,NULL,87,'','2020-10-02 23:20:21','2020-10-02 23:20:21'),(128,10,1,0.00,0.00,NULL,1,NULL,NULL,88,'','2020-10-02 23:29:43','2020-10-02 23:29:44'),(130,10,2,0.00,0.00,NULL,1,NULL,NULL,90,'','2020-10-03 22:33:57','2020-10-04 19:33:24'),(141,10,2,0.00,0.00,NULL,1,NULL,NULL,99,'','2020-10-06 02:24:43','2020-10-06 02:25:22'),(142,10,2,0.00,0.00,NULL,1,NULL,NULL,100,'','2020-10-06 20:59:42','2020-10-08 19:58:15'),(179,10,1,0.00,0.00,NULL,1,NULL,NULL,115,'','2020-10-12 21:52:17','2020-10-12 21:52:19'),(181,10,1,0.00,0.00,NULL,1,NULL,NULL,117,'','2020-10-13 17:07:02','2020-10-13 17:07:05'),(188,10,2,0.00,0.00,NULL,1,NULL,NULL,124,'','2020-10-15 00:31:23','2020-10-15 00:31:51'),(191,10,1,0.00,0.00,NULL,1,NULL,NULL,127,'','2020-10-16 22:30:03','2020-10-16 22:30:05'),(193,10,1,0.00,0.00,NULL,1,NULL,NULL,129,'','2020-10-16 23:22:57','2020-10-16 23:22:59'),(195,10,2,0.00,0.00,NULL,1,NULL,NULL,131,'','2020-10-16 23:54:49','2020-10-16 23:55:16'),(196,10,3,0.00,0.00,NULL,1,NULL,NULL,132,'','2020-10-17 00:05:13','2020-10-17 00:05:56'),(197,10,1,0.00,0.00,NULL,1,NULL,NULL,133,'','2020-10-17 17:55:30','2020-10-17 17:55:31'),(198,10,2,0.00,0.00,NULL,1,NULL,NULL,134,'','2020-10-17 17:56:09','2020-10-19 19:41:47'),(200,10,1,0.00,0.00,NULL,0,NULL,NULL,136,'','2020-10-17 20:13:12','2020-10-17 20:14:44'),(240,10,2,0.00,0.00,NULL,1,NULL,NULL,172,'','2020-10-24 22:46:32','2020-10-29 18:33:41'),(241,10,2,0.00,0.00,NULL,1,NULL,NULL,173,'','2020-10-24 22:48:36','2020-10-29 18:30:24'),(242,10,4,0.00,0.00,NULL,1,NULL,NULL,174,'','2020-10-24 22:51:30','2020-10-24 22:52:47'),(243,10,2,0.00,0.00,NULL,1,NULL,NULL,175,'','2020-10-27 22:30:37','2020-10-27 22:31:44'),(244,10,2,0.00,0.00,NULL,1,NULL,NULL,176,'','2020-10-27 22:34:15','2020-10-27 22:34:32'),(245,10,2,0.00,0.00,NULL,1,NULL,NULL,177,'','2020-10-27 22:37:35','2020-10-27 22:37:57'),(337,137,5,0.00,0.00,NULL,0,NULL,NULL,241,'','2020-11-11 14:07:03','2020-11-11 14:07:55'),(338,137,3,0.00,0.00,NULL,1,NULL,NULL,242,'ch_1HmKDNHIrwomVcexqGAkvyYd','2020-11-11 14:20:49','2020-11-11 14:22:26'),(339,10,2,0.00,0.00,NULL,1,NULL,NULL,243,'ch_1HmLYQHIrwomVcexxefscvzY','2020-11-11 15:48:01','2020-11-11 15:48:15'),(341,153,1,0.00,0.00,NULL,1,NULL,NULL,245,'','2020-11-20 17:17:19','2020-11-20 17:17:20'),(342,153,6,0.00,0.00,NULL,0,NULL,NULL,246,'','2020-11-20 17:22:18','2020-11-20 17:33:25'),(343,153,1,0.00,0.00,NULL,1,NULL,NULL,247,'','2020-11-20 17:31:03','2020-11-20 17:31:03'),(344,153,3,0.00,0.00,NULL,1,NULL,NULL,248,'ch_1HpddrHIrwomVcexSR98LK2v','2020-11-20 17:40:41','2020-11-20 17:43:27'),(345,153,2,0.00,0.00,NULL,1,NULL,NULL,249,'ch_1HpddhHIrwomVcex5cPdY9ve','2020-11-20 17:41:18','2020-11-20 17:43:18'),(346,153,2,0.00,0.00,NULL,1,NULL,NULL,250,'ch_1HplpkHIrwomVcexNO7KRd4n','2020-11-20 18:10:03','2020-11-21 02:28:17'),(347,153,2,0.00,0.00,NULL,1,NULL,NULL,251,'ch_1HpkslHIrwomVcexCfZs9XNc','2020-11-21 01:26:21','2020-11-21 01:27:20'),(348,153,2,0.00,0.00,NULL,1,NULL,NULL,252,'ch_1HplNHHIrwomVcexyH6MUzFp','2020-11-21 01:57:39','2020-11-21 01:58:52'),(349,153,2,0.00,0.00,NULL,1,NULL,NULL,253,'ch_1HplmDHIrwomVcexoZpmaiVi','2020-11-21 02:18:31','2020-11-21 02:24:38'),(350,153,1,0.00,0.00,NULL,1,NULL,NULL,254,'','2020-11-21 02:38:21','2020-11-21 02:38:22'),(351,153,1,0.00,0.00,NULL,1,NULL,NULL,255,'','2020-11-21 02:47:36','2020-11-21 02:47:37'),(352,153,1,0.00,0.00,NULL,1,NULL,NULL,256,'','2020-11-21 02:51:19','2020-11-21 02:51:20'),(353,153,1,0.00,0.00,NULL,1,NULL,NULL,257,'','2020-11-21 03:33:47','2020-11-21 03:33:47'),(354,153,1,0.00,0.00,NULL,1,NULL,NULL,258,'','2020-11-21 03:41:53','2020-11-21 03:41:54'),(355,153,1,0.00,0.00,NULL,1,NULL,NULL,259,'','2020-11-21 03:45:49','2020-11-21 03:45:49'),(356,153,2,0.00,0.00,NULL,1,NULL,NULL,260,'ch_1HpnHxHIrwomVcexdEGKov4J','2020-11-21 03:59:13','2020-11-21 04:01:30'),(357,153,1,0.00,0.00,NULL,1,NULL,NULL,261,'','2020-11-21 04:23:21','2020-11-21 04:23:21'),(358,153,3,0.00,0.00,NULL,1,NULL,NULL,262,'ch_1HpyKFHIrwomVcexly1oMzeB','2020-11-21 04:38:18','2020-11-21 15:48:36'),(359,153,2,0.00,0.00,NULL,1,NULL,NULL,263,'ch_1HppEXHIrwomVcexRL9GMMDU','2020-11-21 06:05:33','2020-11-21 06:06:05'),(360,153,2,0.00,0.00,NULL,1,NULL,NULL,264,'ch_1HppWBHIrwomVcexNIpwMjQO','2020-11-21 06:23:51','2020-11-21 06:24:20'),(361,153,2,0.00,0.00,NULL,1,NULL,NULL,265,'ch_1HpvPqHIrwomVcexadk7EfAp','2020-11-21 12:41:09','2020-11-21 12:42:10'),(362,10,1,0.00,0.00,NULL,1,NULL,NULL,266,'','2020-11-24 00:00:24','2020-11-24 00:00:25'),(363,10,1,0.00,0.00,NULL,1,NULL,NULL,267,'','2020-11-24 00:01:17','2020-11-24 00:01:18'),(364,153,1,0.00,0.00,NULL,1,NULL,NULL,268,'','2020-11-24 13:50:46','2020-11-24 13:50:46'),(365,153,1,0.00,0.00,NULL,1,NULL,NULL,269,'','2020-11-24 14:02:48','2020-11-24 14:02:49'),(366,153,1,0.00,0.00,NULL,1,NULL,NULL,270,'','2020-11-24 14:06:30','2020-11-24 14:06:30'),(367,10,1,0.00,0.00,NULL,1,NULL,NULL,271,'','2020-11-24 15:35:23','2020-11-24 15:35:24'),(368,10,1,0.00,0.00,NULL,1,NULL,NULL,272,'','2020-11-24 15:53:57','2020-11-24 15:53:58'),(369,10,1,0.00,0.00,NULL,1,NULL,NULL,273,'','2020-11-24 15:55:44','2020-11-24 15:55:45'),(370,10,2,0.00,0.00,NULL,1,NULL,NULL,274,'ch_1Hr6JCHIrwomVcexZhrMfG0Q','2020-11-24 18:31:30','2020-11-24 18:32:11');

--
-- Table structure for table `password_resets`
--

CREATE TABLE `password_resets` (
  `email` varchar(191) COLLATE utf8mb4_unicode_ci NOT NULL,
  `token` varchar(191) COLLATE utf8mb4_unicode_ci NOT NULL,
  `created_at` timestamp NULL DEFAULT NULL,
  KEY `password_resets_email_index` (`email`)
) ENGINE=InnoDB DEFAULT CHARSET=utf8mb4 COLLATE=utf8mb4_unicode_ci;

--
-- Dumping data for table `password_resets`
--

INSERT INTO `password_resets` VALUES ('kabir.sethi3@gmail.com','$2y$10$UP4ItdbIG7SWsFm7g0edc.tzFZ8eaIdeXEB7g3InC7PRoWKYpOns2','2020-08-04 04:57:33'),('admin@demo.com','$2y$10$BATNZLC4kwWx2N1Sa7RvJeL9qS3jGzMFq71lHD5o2QIbUJHGBBYrC','2020-09-15 02:51:02'),('vinay.webexpert@gmail.com','$2y$10$9tcxJQnjq8fxpRl9PwIcuug/Bj2W6cPtVnhGunG07LxeLVPF2jHnW','2020-10-28 20:59:41'),('quintsoftservices@gmail.com','$2y$10$TVtNF.67dX.6ZeZC4ncZceL610HpkFiGHNOY2Kc4HJOgBh2DnL.te','2020-10-30 21:48:59'),('houdabahig@gmail.com','$2y$10$Zvz9vFZ9zG51luUmBvIsMuemULBO07oa5m0aDWU3YsJp09n/3xEFG','2020-11-02 01:49:08'),('testyusuf@gmail.com','$2y$10$to5ciQ1eHWgsIoTkWav3S.uNJgaWzpxkbDqXqRt2m6z5dqr4kLAoG','2020-11-02 01:53:48'),('vankien1004@gmail.com','$2y$10$9DTQ7mY.IAnZSQTU3bM9Su4hYW4ZTytoWrEg7YOGC5eTEXJ13Llp2','2020-11-05 20:28:54'),('phamnhungoctuan@gmail.com','$2y$10$CzxRh6sfjB1x15A8LzBRrOj8UMzIMNaseY1LezYAmzMFct2OIoDh6','2020-11-12 12:13:06'),('info@sauvegarde.app','$2y$10$yYWdpXVVfzXRPXzSN.jCT.RMC.FImT8hmimbD51cdGZMFXusgNl72','2020-11-15 19:33:09');

--
-- Table structure for table `payments`
--

CREATE TABLE `payments` (
  `id` int(10) unsigned NOT NULL AUTO_INCREMENT,
  `price` double(8,2) NOT NULL DEFAULT 0.00,
  `description` varchar(255) COLLATE utf8mb4_unicode_ci DEFAULT NULL,
  `user_id` int(10) unsigned NOT NULL,
  `status` varchar(191) COLLATE utf8mb4_unicode_ci DEFAULT NULL,
  `method` varchar(191) COLLATE utf8mb4_unicode_ci DEFAULT NULL,
  `created_at` timestamp NULL DEFAULT NULL,
  `updated_at` timestamp NULL DEFAULT NULL,
  PRIMARY KEY (`id`),
  KEY `payments_user_id_foreign` (`user_id`),
  CONSTRAINT `payments_user_id_foreign` FOREIGN KEY (`user_id`) REFERENCES `users` (`id`) ON DELETE CASCADE ON UPDATE CASCADE
) ENGINE=InnoDB AUTO_INCREMENT=275 DEFAULT CHARSET=utf8mb4 COLLATE=utf8mb4_unicode_ci;

--
-- Dumping data for table `payments`
--

INSERT INTO `payments` VALUES (6,0.50,'Order not paid yet',10,'Waiting for Client','Pay on Pickup','2020-09-01 03:38:41','2020-09-01 03:38:41'),(9,0.50,'Order not paid yet',10,'Waiting for Client','Pay on Pickup','2020-09-01 23:23:35','2020-09-01 23:23:35'),(13,62.42,'Order not paid yet',1,'Waiting for Client','Cash on Delivery','2020-09-14 02:56:58','2020-09-14 02:56:58'),(14,0.50,'Order not paid yet',1,'Canceled','Cash on Delivery','2020-09-14 02:57:42','2020-09-16 21:27:26'),(59,1.00,'Order not paid yet',10,'Waiting for Client','Credit Card (Stripe Gateway)','2020-09-26 19:21:47','2020-09-26 19:21:47'),(63,1.00,'Order not paid yet',10,'Waiting for Client','Credit Card (Stripe Gateway)','2020-09-27 00:27:25','2020-09-27 00:27:25'),(79,0.50,'Order not paid yet',10,'Waiting for Client','Credit Card (Stripe Gateway)','2020-10-01 16:52:31','2020-10-01 16:52:31'),(81,0.50,'Order not paid yet',10,'Waiting for Client','Credit Card (Stripe Gateway)','2020-10-01 21:55:59','2020-10-01 21:55:59'),(85,1.00,'Order not paid yet',10,'Waiting for Client','Credit Card (Stripe Gateway)','2020-10-02 23:13:30','2020-10-02 23:13:30'),(86,0.50,'Order not paid yet',10,'Waiting for Client','Credit Card (Stripe Gateway)','2020-10-02 23:18:43','2020-10-02 23:18:43'),(87,1.50,'Order not paid yet',10,'Waiting for Client','Credit Card (Stripe Gateway)','2020-10-02 23:20:21','2020-10-02 23:20:21'),(88,1.00,'Order not paid yet',10,'Waiting for Client','Credit Card (Stripe Gateway)','2020-10-02 23:29:44','2020-10-02 23:29:44'),(90,0.50,'Order not paid yet',10,'Paid','Credit Card (Stripe Gateway)','2020-10-03 22:33:58','2020-10-04 19:33:28'),(99,0.50,'Order not paid yet',10,'Paid','Credit Card (Stripe Gateway)','2020-10-06 02:24:47','2020-10-06 02:25:23'),(100,0.50,'Order not paid yet',10,'Paid','Credit Card (Stripe Gateway)','2020-10-06 20:59:44','2020-10-08 19:58:16'),(115,0.50,'Order not paid yet',10,'Waiting for Client','Credit Card (Stripe Gateway)','2020-10-12 21:52:19','2020-10-12 21:52:19'),(117,0.50,'Order not paid yet',10,'Waiting for Client','Credit Card (Stripe Gateway)','2020-10-13 17:07:05','2020-10-13 17:07:05'),(124,0.50,'Order not paid yet',10,'Paid','Credit Card (Stripe Gateway)','2020-10-15 00:31:25','2020-10-15 00:31:53'),(127,1.00,'Order not paid yet',10,'Waiting for Client','Credit Card (Stripe Gateway)','2020-10-16 22:30:05','2020-10-16 22:30:05'),(129,1.00,'Order not paid yet',10,'Waiting for Client','Credit Card (Stripe Gateway)','2020-10-16 23:22:59','2020-10-16 23:22:59'),(131,1.00,'Order not paid yet',10,'Paid','Credit Card (Stripe Gateway)','2020-10-16 23:54:50','2020-10-16 23:55:17'),(132,0.50,'Order not paid yet',10,'Canceled','Credit Card (Stripe Gateway)','2020-10-17 00:05:14','2020-10-17 00:05:56'),(133,0.50,'Order not paid yet',10,'Waiting for Client','Credit Card (Stripe Gateway)','2020-10-17 17:55:31','2020-10-17 17:55:31'),(134,0.50,'Order not paid yet',10,'Paid','Credit Card (Stripe Gateway)','2020-10-17 17:56:10','2020-10-19 19:41:49'),(136,0.50,'Order not paid yet',10,'Waiting for Client','Credit Card (Stripe Gateway)','2020-10-17 20:13:13','2020-10-17 20:13:13'),(172,0.50,'Order not paid yet',10,'Paid','Credit Card (Stripe Gateway)','2020-10-24 22:46:34','2020-10-29 18:33:43'),(173,0.50,'Order not paid yet',10,'Paid','Credit Card (Stripe Gateway)','2020-10-24 22:48:37','2020-10-29 18:30:25'),(174,0.50,'Order not paid yet',10,'Paid','Credit Card (Stripe Gateway)','2020-10-24 22:51:31','2020-10-24 22:52:14'),(175,0.50,'Order not paid yet',10,'Paid','Credit Card (Stripe Gateway)','2020-10-27 22:30:39','2020-10-27 22:31:46'),(176,0.50,'Order not paid yet',10,'Paid','Credit Card (Stripe Gateway)','2020-10-27 22:34:17','2020-10-27 22:34:34'),(177,0.50,'Order not paid yet',10,'Paid','Credit Card (Stripe Gateway)','2020-10-27 22:37:36','2020-10-27 22:37:58'),(241,0.50,'Order not paid yet',137,'Canceled','Credit Card (Stripe Gateway)','2020-11-11 14:07:04','2020-11-11 14:07:55'),(242,0.50,'Order not paid yet',137,'Canceled','Credit Card (Stripe Gateway)','2020-11-11 14:20:49','2020-11-11 14:22:26'),(243,0.50,'Order not paid yet',10,'Paid','Credit Card (Stripe Gateway)','2020-11-11 15:48:02','2020-11-11 15:48:15'),(245,0.50,'Order not paid yet',153,'Waiting for Client','Credit Card (Stripe Gateway)','2020-11-20 17:17:20','2020-11-20 17:17:20'),(246,0.50,'Order not paid yet',153,'Paid','Credit Card (Stripe Gateway)','2020-11-20 17:22:18','2020-11-20 17:30:10'),(247,0.50,'Order not paid yet',153,'Waiting for Client','Credit Card (Stripe Gateway)','2020-11-20 17:31:03','2020-11-20 17:31:03'),(248,0.50,'Order not paid yet',153,'Canceled','Credit Card (Stripe Gateway)','2020-11-20 17:40:42','2020-11-20 17:43:27'),(249,0.50,'Order not paid yet',153,'Paid','Credit Card (Stripe Gateway)','2020-11-20 17:41:18','2020-11-20 17:43:18'),(250,0.50,'Order not paid yet',153,'Paid','Credit Card (Stripe Gateway)','2020-11-20 18:10:04','2020-11-21 02:28:17'),(251,0.50,'Order not paid yet',153,'Paid','Credit Card (Stripe Gateway)','2020-11-21 01:26:39','2020-11-21 01:27:20'),(252,0.50,'Order not paid yet',153,'Paid','Credit Card (Stripe Gateway)','2020-11-21 01:57:39','2020-11-21 01:58:52'),(253,0.50,'Order not paid yet',153,'Paid','Credit Card (Stripe Gateway)','2020-11-21 02:18:31','2020-11-21 02:24:38'),(254,0.50,'Order not paid yet',153,'Waiting for Client','Credit Card (Stripe Gateway)','2020-11-21 02:38:22','2020-11-21 02:38:22'),(255,0.50,'Order not paid yet',153,'Waiting for Client','Credit Card (Stripe Gateway)','2020-11-21 02:47:37','2020-11-21 02:47:37'),(256,0.50,'Order not paid yet',153,'Waiting for Client','Credit Card (Stripe Gateway)','2020-11-21 02:51:20','2020-11-21 02:51:20'),(257,0.50,'Order not paid yet',153,'Waiting for Client','Credit Card (Stripe Gateway)','2020-11-21 03:33:47','2020-11-21 03:33:47'),(258,0.50,'Order not paid yet',153,'Waiting for Client','Credit Card (Stripe Gateway)','2020-11-21 03:41:54','2020-11-21 03:41:54'),(259,0.50,'Order not paid yet',153,'Waiting for Client','Credit Card (Stripe Gateway)','2020-11-21 03:45:49','2020-11-21 03:45:49'),(260,0.50,'Order not paid yet',153,'Paid','Credit Card (Stripe Gateway)','2020-11-21 03:59:14','2020-11-21 04:01:30'),(261,0.50,'Order not paid yet',153,'Waiting for Client','Credit Card (Stripe Gateway)','2020-11-21 04:23:21','2020-11-21 04:23:21'),(262,0.50,'Order not paid yet',153,'Canceled','Credit Card (Stripe Gateway)','2020-11-21 04:38:18','2020-11-21 15:48:36'),(263,0.50,'Order not paid yet',153,'Paid','Credit Card (Stripe Gateway)','2020-11-21 06:05:34','2020-11-21 06:06:05'),(264,0.50,'Order not paid yet',153,'Paid','Credit Card (Stripe Gateway)','2020-11-21 06:23:51','2020-11-21 06:24:20'),(265,0.50,'Order not paid yet',153,'Paid','Credit Card (Stripe Gateway)','2020-11-21 12:41:09','2020-11-21 12:42:10'),(266,0.50,'Order not paid yet',10,'Waiting for Client','Credit Card (Stripe Gateway)','2020-11-24 00:00:25','2020-11-24 00:00:25'),(267,10.00,'Order not paid yet',10,'Waiting for Client','Credit Card (Stripe Gateway)','2020-11-24 00:01:18','2020-11-24 00:01:18'),(268,0.50,'Order not paid yet',153,'Waiting for Client','Credit Card (Stripe Gateway)','2020-11-24 13:50:46','2020-11-24 13:50:46'),(269,12.50,'Order not paid yet',153,'Waiting for Client','Credit Card (Stripe Gateway)','2020-11-24 14:02:49','2020-11-24 14:02:49'),(270,0.50,'Order not paid yet',153,'Waiting for Client','Credit Card (Stripe Gateway)','2020-11-24 14:06:30','2020-11-24 14:06:30'),(271,0.50,'Order not paid yet',10,'Waiting for Client','Credit Card (Stripe Gateway)','2020-11-24 15:35:24','2020-11-24 15:35:24'),(272,1.00,'Order not paid yet',10,'Waiting for Client','Credit Card (Stripe Gateway)','2020-11-24 15:53:58','2020-11-24 15:53:58'),(273,0.50,'Order not paid yet',10,'Waiting for Client','Credit Card (Stripe Gateway)','2020-11-24 15:55:45','2020-11-24 15:55:45'),(274,1.00,'Order not paid yet',10,'Paid','Credit Card (Stripe Gateway)','2020-11-24 18:31:31','2020-11-24 18:32:11');

--
-- Table structure for table `permissions`
--

CREATE TABLE `permissions` (
  `id` int(10) unsigned NOT NULL AUTO_INCREMENT,
  `name` varchar(191) COLLATE utf8mb4_unicode_ci NOT NULL,
  `guard_name` varchar(191) COLLATE utf8mb4_unicode_ci NOT NULL DEFAULT 'web',
  `created_at` timestamp NULL DEFAULT NULL,
  `updated_at` timestamp NULL DEFAULT NULL,
  `deleted_at` timestamp NULL DEFAULT NULL,
  PRIMARY KEY (`id`)
) ENGINE=InnoDB AUTO_INCREMENT=178 DEFAULT CHARSET=utf8mb4 COLLATE=utf8mb4_unicode_ci;

--
-- Dumping data for table `permissions`
--

INSERT INTO `permissions` VALUES (1,'users.profile','web','2020-03-29 14:58:02','2020-03-29 14:58:02',NULL),(2,'dashboard','web','2020-03-29 14:58:02','2020-03-29 14:58:02',NULL),(3,'medias.create','web','2020-03-29 14:58:02','2020-03-29 14:58:02',NULL),(4,'medias.delete','web','2020-03-29 14:58:02','2020-03-29 14:58:02',NULL),(5,'medias','web','2020-03-29 14:58:03','2020-03-29 14:58:03',NULL),(6,'permissions.index','web','2020-03-29 14:58:03','2020-03-29 14:58:03',NULL),(7,'permissions.edit','web','2020-03-29 14:58:03','2020-03-29 14:58:03',NULL),(8,'permissions.update','web','2020-03-29 14:58:03','2020-03-29 14:58:03',NULL),(9,'permissions.destroy','web','2020-03-29 14:58:03','2020-03-29 14:58:03',NULL),(10,'roles.index','web','2020-03-29 14:58:03','2020-03-29 14:58:03',NULL),(11,'roles.edit','web','2020-03-29 14:58:03','2020-03-29 14:58:03',NULL),(12,'roles.update','web','2020-03-29 14:58:03','2020-03-29 14:58:03',NULL),(13,'roles.destroy','web','2020-03-29 14:58:03','2020-03-29 14:58:03',NULL),(14,'customFields.index','web','2020-03-29 14:58:03','2020-03-29 14:58:03',NULL),(15,'customFields.create','web','2020-03-29 14:58:03','2020-03-29 14:58:03',NULL),(16,'customFields.store','web','2020-03-29 14:58:03','2020-03-29 14:58:03',NULL),(17,'customFields.show','web','2020-03-29 14:58:03','2020-03-29 14:58:03',NULL),(18,'customFields.edit','web','2020-03-29 14:58:03','2020-03-29 14:58:03',NULL),(19,'customFields.update','web','2020-03-29 14:58:04','2020-03-29 14:58:04',NULL),(20,'customFields.destroy','web','2020-03-29 14:58:04','2020-03-29 14:58:04',NULL),(21,'users.login-as-user','web','2020-03-29 14:58:04','2020-03-29 14:58:04',NULL),(22,'users.index','web','2020-03-29 14:58:04','2020-03-29 14:58:04',NULL),(23,'users.create','web','2020-03-29 14:58:04','2020-03-29 14:58:04',NULL),(24,'users.store','web','2020-03-29 14:58:04','2020-03-29 14:58:04',NULL),(25,'users.show','web','2020-03-29 14:58:04','2020-03-29 14:58:04',NULL),(26,'users.edit','web','2020-03-29 14:58:04','2020-03-29 14:58:04',NULL),(27,'users.update','web','2020-03-29 14:58:04','2020-03-29 14:58:04',NULL),(28,'users.destroy','web','2020-03-29 14:58:04','2020-03-29 14:58:04',NULL),(29,'app-settings','web','2020-03-29 14:58:04','2020-03-29 14:58:04',NULL),(30,'markets.index','web','2020-03-29 14:58:04','2020-03-29 14:58:04',NULL),(31,'markets.create','web','2020-03-29 14:58:04','2020-03-29 14:58:04',NULL),(32,'markets.store','web','2020-03-29 14:58:04','2020-03-29 14:58:04',NULL),(33,'markets.edit','web','2020-03-29 14:58:04','2020-03-29 14:58:04',NULL),(34,'markets.update','web','2020-03-29 14:58:05','2020-03-29 14:58:05',NULL),(35,'markets.destroy','web','2020-03-29 14:58:05','2020-03-29 14:58:05',NULL),(36,'categories.index','web','2020-03-29 14:58:05','2020-03-29 14:58:05',NULL),(37,'categories.create','web','2020-03-29 14:58:05','2020-03-29 14:58:05',NULL),(38,'categories.store','web','2020-03-29 14:58:05','2020-03-29 14:58:05',NULL),(39,'categories.edit','web','2020-03-29 14:58:05','2020-03-29 14:58:05',NULL),(40,'categories.update','web','2020-03-29 14:58:05','2020-03-29 14:58:05',NULL),(41,'categories.destroy','web','2020-03-29 14:58:05','2020-03-29 14:58:05',NULL),(42,'faqCategories.index','web','2020-03-29 14:58:06','2020-03-29 14:58:06',NULL),(43,'faqCategories.create','web','2020-03-29 14:58:06','2020-03-29 14:58:06',NULL),(44,'faqCategories.store','web','2020-03-29 14:58:06','2020-03-29 14:58:06',NULL),(45,'faqCategories.edit','web','2020-03-29 14:58:06','2020-03-29 14:58:06',NULL),(46,'faqCategories.update','web','2020-03-29 14:58:06','2020-03-29 14:58:06',NULL),(47,'faqCategories.destroy','web','2020-03-29 14:58:06','2020-03-29 14:58:06',NULL),(48,'orderStatuses.index','web','2020-03-29 14:58:06','2020-03-29 14:58:06',NULL),(49,'orderStatuses.show','web','2020-03-29 14:58:06','2020-03-29 14:58:06',NULL),(50,'orderStatuses.edit','web','2020-03-29 14:58:06','2020-03-29 14:58:06',NULL),(51,'orderStatuses.update','web','2020-03-29 14:58:07','2020-03-29 14:58:07',NULL),(52,'products.index','web','2020-03-29 14:58:07','2020-03-29 14:58:07',NULL),(53,'products.create','web','2020-03-29 14:58:07','2020-03-29 14:58:07',NULL),(54,'products.store','web','2020-03-29 14:58:07','2020-03-29 14:58:07',NULL),(55,'products.edit','web','2020-03-29 14:58:07','2020-03-29 14:58:07',NULL),(56,'products.update','web','2020-03-29 14:58:07','2020-03-29 14:58:07',NULL),(57,'products.destroy','web','2020-03-29 14:58:07','2020-03-29 14:58:07',NULL),(58,'galleries.index','web','2020-03-29 14:58:07','2020-03-29 14:58:07',NULL),(59,'galleries.create','web','2020-03-29 14:58:07','2020-03-29 14:58:07',NULL),(60,'galleries.store','web','2020-03-29 14:58:08','2020-03-29 14:58:08',NULL),(61,'galleries.edit','web','2020-03-29 14:58:08','2020-03-29 14:58:08',NULL),(62,'galleries.update','web','2020-03-29 14:58:08','2020-03-29 14:58:08',NULL),(63,'galleries.destroy','web','2020-03-29 14:58:08','2020-03-29 14:58:08',NULL),(64,'productReviews.index','web','2020-03-29 14:58:08','2020-03-29 14:58:08',NULL),(65,'productReviews.create','web','2020-03-29 14:58:08','2020-03-29 14:58:08',NULL),(66,'productReviews.store','web','2020-03-29 14:58:08','2020-03-29 14:58:08',NULL),(67,'productReviews.edit','web','2020-03-29 14:58:08','2020-03-29 14:58:08',NULL),(68,'productReviews.update','web','2020-03-29 14:58:08','2020-03-29 14:58:08',NULL),(69,'productReviews.destroy','web','2020-03-29 14:58:08','2020-03-29 14:58:08',NULL),(76,'options.index','web','2020-03-29 14:58:09','2020-03-29 14:58:09',NULL),(77,'options.create','web','2020-03-29 14:58:09','2020-03-29 14:58:09',NULL),(78,'options.store','web','2020-03-29 14:58:09','2020-03-29 14:58:09',NULL),(79,'options.show','web','2020-03-29 14:58:10','2020-03-29 14:58:10',NULL),(80,'options.edit','web','2020-03-29 14:58:10','2020-03-29 14:58:10',NULL),(81,'options.update','web','2020-03-29 14:58:10','2020-03-29 14:58:10',NULL),(82,'options.destroy','web','2020-03-29 14:58:10','2020-03-29 14:58:10',NULL),(83,'payments.index','web','2020-03-29 14:58:10','2020-03-29 14:58:10',NULL),(84,'payments.show','web','2020-03-29 14:58:10','2020-03-29 14:58:10',NULL),(85,'payments.update','web','2020-03-29 14:58:10','2020-03-29 14:58:10',NULL),(86,'faqs.index','web','2020-03-29 14:58:10','2020-03-29 14:58:10',NULL),(87,'faqs.create','web','2020-03-29 14:58:11','2020-03-29 14:58:11',NULL),(88,'faqs.store','web','2020-03-29 14:58:11','2020-03-29 14:58:11',NULL),(89,'faqs.edit','web','2020-03-29 14:58:11','2020-03-29 14:58:11',NULL),(90,'faqs.update','web','2020-03-29 14:58:11','2020-03-29 14:58:11',NULL),(91,'faqs.destroy','web','2020-03-29 14:58:11','2020-03-29 14:58:11',NULL),(92,'marketReviews.index','web','2020-03-29 14:58:11','2020-03-29 14:58:11',NULL),(93,'marketReviews.create','web','2020-03-29 14:58:11','2020-03-29 14:58:11',NULL),(94,'marketReviews.store','web','2020-03-29 14:58:12','2020-03-29 14:58:12',NULL),(95,'marketReviews.edit','web','2020-03-29 14:58:12','2020-03-29 14:58:12',NULL),(96,'marketReviews.update','web','2020-03-29 14:58:12','2020-03-29 14:58:12',NULL),(97,'marketReviews.destroy','web','2020-03-29 14:58:12','2020-03-29 14:58:12',NULL),(98,'favorites.index','web','2020-03-29 14:58:12','2020-03-29 14:58:12',NULL),(99,'favorites.create','web','2020-03-29 14:58:12','2020-03-29 14:58:12',NULL),(100,'favorites.store','web','2020-03-29 14:58:12','2020-03-29 14:58:12',NULL),(101,'favorites.edit','web','2020-03-29 14:58:12','2020-03-29 14:58:12',NULL),(102,'favorites.update','web','2020-03-29 14:58:12','2020-03-29 14:58:12',NULL),(103,'favorites.destroy','web','2020-03-29 14:58:13','2020-03-29 14:58:13',NULL),(104,'orders.index','web','2020-03-29 14:58:13','2020-03-29 14:58:13',NULL),(105,'orders.create','web','2020-03-29 14:58:13','2020-03-29 14:58:13',NULL),(106,'orders.store','web','2020-03-29 14:58:13','2020-03-29 14:58:13',NULL),(107,'orders.show','web','2020-03-29 14:58:13','2020-03-29 14:58:13',NULL),(108,'orders.edit','web','2020-03-29 14:58:13','2020-03-29 14:58:13',NULL),(109,'orders.update','web','2020-03-29 14:58:13','2020-03-29 14:58:13',NULL),(110,'orders.destroy','web','2020-03-29 14:58:13','2020-03-29 14:58:13',NULL),(111,'notifications.index','web','2020-03-29 14:58:14','2020-03-29 14:58:14',NULL),(112,'notifications.show','web','2020-03-29 14:58:14','2020-03-29 14:58:14',NULL),(113,'notifications.destroy','web','2020-03-29 14:58:14','2020-03-29 14:58:14',NULL),(114,'carts.index','web','2020-03-29 14:58:14','2020-03-29 14:58:14',NULL),(115,'carts.edit','web','2020-03-29 14:58:14','2020-03-29 14:58:14',NULL),(116,'carts.update','web','2020-03-29 14:58:14','2020-03-29 14:58:14',NULL),(117,'carts.destroy','web','2020-03-29 14:58:14','2020-03-29 14:58:14',NULL),(118,'currencies.index','web','2020-03-29 14:58:14','2020-03-29 14:58:14',NULL),(119,'currencies.create','web','2020-03-29 14:58:15','2020-03-29 14:58:15',NULL),(120,'currencies.store','web','2020-03-29 14:58:15','2020-03-29 14:58:15',NULL),(121,'currencies.edit','web','2020-03-29 14:58:15','2020-03-29 14:58:15',NULL),(122,'currencies.update','web','2020-03-29 14:58:15','2020-03-29 14:58:15',NULL),(123,'currencies.destroy','web','2020-03-29 14:58:15','2020-03-29 14:58:15',NULL),(124,'deliveryAddresses.index','web','2020-03-29 14:58:15','2020-03-29 14:58:15',NULL),(125,'deliveryAddresses.create','web','2020-03-29 14:58:15','2020-03-29 14:58:15',NULL),(126,'deliveryAddresses.store','web','2020-03-29 14:58:15','2020-03-29 14:58:15',NULL),(127,'deliveryAddresses.edit','web','2020-03-29 14:58:16','2020-03-29 14:58:16',NULL),(128,'deliveryAddresses.update','web','2020-03-29 14:58:16','2020-03-29 14:58:16',NULL),(129,'deliveryAddresses.destroy','web','2020-03-29 14:58:16','2020-03-29 14:58:16',NULL),(130,'drivers.index','web','2020-03-29 14:58:16','2020-03-29 14:58:16',NULL),(131,'drivers.create','web','2020-03-29 14:58:16','2020-03-29 14:58:16',NULL),(132,'drivers.store','web','2020-03-29 14:58:16','2020-03-29 14:58:16',NULL),(133,'drivers.show','web','2020-03-29 14:58:16','2020-03-29 14:58:16',NULL),(134,'drivers.edit','web','2020-03-29 14:58:16','2020-03-29 14:58:16',NULL),(135,'drivers.update','web','2020-03-29 14:58:16','2020-03-29 14:58:16',NULL),(136,'drivers.destroy','web','2020-03-29 14:58:17','2020-03-29 14:58:17',NULL),(137,'earnings.index','web','2020-03-29 14:58:17','2020-03-29 14:58:17',NULL),(138,'earnings.create','web','2020-03-29 14:58:17','2020-03-29 14:58:17',NULL),(139,'earnings.store','web','2020-03-29 14:58:17','2020-03-29 14:58:17',NULL),(140,'earnings.show','web','2020-03-29 14:58:17','2020-03-29 14:58:17',NULL),(141,'earnings.edit','web','2020-03-29 14:58:17','2020-03-29 14:58:17',NULL),(142,'earnings.update','web','2020-03-29 14:58:17','2020-03-29 14:58:17',NULL),(143,'earnings.destroy','web','2020-03-29 14:58:17','2020-03-29 14:58:17',NULL),(144,'driversPayouts.index','web','2020-03-29 14:58:17','2020-03-29 14:58:17',NULL),(145,'driversPayouts.create','web','2020-03-29 14:58:17','2020-03-29 14:58:17',NULL),(146,'driversPayouts.store','web','2020-03-29 14:58:18','2020-03-29 14:58:18',NULL),(147,'driversPayouts.show','web','2020-03-29 14:58:18','2020-03-29 14:58:18',NULL),(148,'driversPayouts.edit','web','2020-03-29 14:58:18','2020-03-29 14:58:18',NULL),(149,'driversPayouts.update','web','2020-03-29 14:58:18','2020-03-29 14:58:18',NULL),(150,'driversPayouts.destroy','web','2020-03-29 14:58:18','2020-03-29 14:58:18',NULL),(151,'marketsPayouts.index','web','2020-03-29 14:58:18','2020-03-29 14:58:18',NULL),(152,'marketsPayouts.create','web','2020-03-29 14:58:18','2020-03-29 14:58:18',NULL),(153,'marketsPayouts.store','web','2020-03-29 14:58:18','2020-03-29 14:58:18',NULL),(154,'marketsPayouts.show','web','2020-03-29 14:58:18','2020-03-29 14:58:18',NULL),(155,'marketsPayouts.edit','web','2020-03-29 14:58:18','2020-03-29 14:58:18',NULL),(156,'marketsPayouts.update','web','2020-03-29 14:58:19','2020-03-29 14:58:19',NULL),(157,'marketsPayouts.destroy','web','2020-03-29 14:58:19','2020-03-29 14:58:19',NULL),(158,'permissions.create','web','2020-03-29 14:59:15','2020-03-29 14:59:15',NULL),(159,'permissions.store','web','2020-03-29 14:59:15','2020-03-29 14:59:15',NULL),(160,'permissions.show','web','2020-03-29 14:59:15','2020-03-29 14:59:15',NULL),(161,'roles.create','web','2020-03-29 14:59:15','2020-03-29 14:59:15',NULL),(162,'roles.store','web','2020-03-29 14:59:15','2020-03-29 14:59:15',NULL),(163,'roles.show','web','2020-03-29 14:59:16','2020-03-29 14:59:16',NULL),(164,'fields.index','web','2020-04-11 15:04:39','2020-04-11 15:04:39',NULL),(165,'fields.create','web','2020-04-11 15:04:39','2020-04-11 15:04:39',NULL),(166,'fields.store','web','2020-04-11 15:04:39','2020-04-11 15:04:39',NULL),(167,'fields.edit','web','2020-04-11 15:04:39','2020-04-11 15:04:39',NULL),(168,'fields.update','web','2020-04-11 15:04:39','2020-04-11 15:04:39',NULL),(169,'fields.destroy','web','2020-04-11 15:04:40','2020-04-11 15:04:40',NULL),(170,'optionGroups.index','web','2020-04-11 15:04:40','2020-04-11 15:04:40',NULL),(171,'optionGroups.create','web','2020-04-11 15:04:40','2020-04-11 15:04:40',NULL),(172,'optionGroups.store','web','2020-04-11 15:04:40','2020-04-11 15:04:40',NULL),(173,'optionGroups.edit','web','2020-04-11 15:04:40','2020-04-11 15:04:40',NULL),(174,'optionGroups.update','web','2020-04-11 15:04:40','2020-04-11 15:04:40',NULL),(175,'optionGroups.destroy','web','2020-04-11 15:04:40','2020-04-11 15:04:40',NULL),(176,'verification.notice','web','2020-04-11 15:04:40','2020-04-11 15:04:40',NULL),(177,'verification.verify','web','2020-10-29 18:49:02','2020-10-29 18:49:02',NULL);

--
-- Table structure for table `product_order_options`
--

CREATE TABLE `product_order_options` (
  `product_order_id` int(10) unsigned NOT NULL,
  `option_id` int(10) unsigned NOT NULL,
  `price` double(8,2) NOT NULL DEFAULT 0.00,
  PRIMARY KEY (`product_order_id`,`option_id`),
  KEY `product_order_options_option_id_foreign` (`option_id`),
  CONSTRAINT `product_order_options_option_id_foreign` FOREIGN KEY (`option_id`) REFERENCES `options` (`id`) ON DELETE CASCADE ON UPDATE CASCADE,
  CONSTRAINT `product_order_options_product_order_id_foreign` FOREIGN KEY (`product_order_id`) REFERENCES `product_orders` (`id`) ON DELETE CASCADE ON UPDATE CASCADE
) ENGINE=InnoDB DEFAULT CHARSET=utf8mb4 COLLATE=utf8mb4_unicode_ci;

--
-- Dumping data for table `product_order_options`
--

INSERT INTO `product_order_options` VALUES (77,60,0.00),(367,63,0.00);

--
-- Table structure for table `product_orders`
--

CREATE TABLE `product_orders` (
  `id` int(10) unsigned NOT NULL AUTO_INCREMENT,
  `price` double(8,2) NOT NULL DEFAULT 0.00,
  `quantity` int(10) unsigned NOT NULL DEFAULT 0,
  `product_id` int(10) unsigned NOT NULL,
  `order_id` int(10) unsigned NOT NULL,
  `created_at` timestamp NULL DEFAULT NULL,
  `updated_at` timestamp NULL DEFAULT NULL,
  PRIMARY KEY (`id`),
  KEY `product_orders_product_id_foreign` (`product_id`),
  KEY `product_orders_order_id_foreign` (`order_id`),
  CONSTRAINT `product_orders_order_id_foreign` FOREIGN KEY (`order_id`) REFERENCES `orders` (`id`) ON DELETE CASCADE ON UPDATE CASCADE,
  CONSTRAINT `product_orders_product_id_foreign` FOREIGN KEY (`product_id`) REFERENCES `products` (`id`) ON DELETE CASCADE ON UPDATE CASCADE
) ENGINE=InnoDB AUTO_INCREMENT=376 DEFAULT CHARSET=utf8mb4 COLLATE=utf8mb4_unicode_ci;

--
-- Dumping data for table `product_orders`
--

INSERT INTO `product_orders` VALUES (15,0.50,1,195,22,'2020-09-14 02:57:42','2020-09-14 02:57:42'),(74,0.50,1,195,87,'2020-09-26 19:21:44','2020-09-26 19:21:44'),(75,0.50,1,197,87,'2020-09-26 19:21:44','2020-09-26 19:21:44'),(76,0.50,1,196,89,'2020-09-26 19:39:09','2020-09-26 19:39:09'),(77,0.50,1,196,91,'2020-09-26 20:33:20','2020-09-26 20:33:20'),(78,0.50,1,195,92,'2020-09-26 23:40:38','2020-09-26 23:40:38'),(105,0.50,1,195,97,'2020-09-27 00:27:19','2020-09-27 00:27:19'),(106,0.50,1,197,97,'2020-09-27 00:27:21','2020-09-27 00:27:21'),(126,0.50,1,195,117,'2020-10-01 16:52:31','2020-10-01 16:52:31'),(129,0.50,1,196,121,'2020-10-01 21:55:58','2020-10-01 21:55:58'),(133,0.50,1,195,125,'2020-10-02 23:13:29','2020-10-02 23:13:29'),(134,0.50,1,196,125,'2020-10-02 23:13:29','2020-10-02 23:13:29'),(135,0.50,1,196,126,'2020-10-02 23:18:42','2020-10-02 23:18:42'),(136,0.50,3,197,127,'2020-10-02 23:20:21','2020-10-02 23:20:21'),(137,0.50,1,197,128,'2020-10-02 23:29:43','2020-10-02 23:29:43'),(138,0.50,1,197,128,'2020-10-02 23:29:43','2020-10-02 23:29:43'),(140,0.50,1,195,130,'2020-10-03 22:33:57','2020-10-03 22:33:57'),(151,0.50,1,195,141,'2020-10-06 02:24:44','2020-10-06 02:24:44'),(152,0.50,1,195,142,'2020-10-06 20:59:42','2020-10-06 20:59:42'),(187,0.50,1,195,179,'2020-10-12 21:52:18','2020-10-12 21:52:18'),(189,0.50,1,195,181,'2020-10-13 17:07:02','2020-10-13 17:07:02'),(196,0.50,1,195,188,'2020-10-15 00:31:24','2020-10-15 00:31:24'),(199,0.50,2,196,191,'2020-10-16 22:30:03','2020-10-16 22:30:03'),(201,0.50,2,196,193,'2020-10-16 23:22:57','2020-10-16 23:22:57'),(203,0.50,2,196,195,'2020-10-16 23:54:49','2020-10-16 23:54:49'),(204,0.50,1,196,196,'2020-10-17 00:05:13','2020-10-17 00:05:13'),(205,0.50,1,196,197,'2020-10-17 17:55:30','2020-10-17 17:55:30'),(206,0.50,1,196,198,'2020-10-17 17:56:09','2020-10-17 17:56:09'),(208,0.50,1,196,200,'2020-10-17 20:13:12','2020-10-17 20:13:12'),(248,0.50,1,195,240,'2020-10-24 22:46:32','2020-10-24 22:46:32'),(249,0.50,1,195,241,'2020-10-24 22:48:36','2020-10-24 22:48:36'),(250,0.50,1,195,242,'2020-10-24 22:51:30','2020-10-24 22:51:30'),(251,0.50,1,195,243,'2020-10-27 22:30:37','2020-10-27 22:30:37'),(252,0.50,1,195,244,'2020-10-27 22:34:15','2020-10-27 22:34:15'),(253,0.50,1,196,245,'2020-10-27 22:37:35','2020-10-27 22:37:35'),(341,0.50,1,195,337,'2020-11-11 14:07:03','2020-11-11 14:07:03'),(342,0.50,1,195,338,'2020-11-11 14:20:49','2020-11-11 14:20:49'),(343,0.50,1,195,339,'2020-11-11 15:48:01','2020-11-11 15:48:01'),(366,0.50,1,4065,362,'2020-11-24 00:00:24','2020-11-24 00:00:24'),(367,10.00,1,4057,363,'2020-11-24 00:01:18','2020-11-24 00:01:18'),(368,0.50,1,4065,364,'2020-11-24 13:50:46','2020-11-24 13:50:46'),(369,12.50,1,4054,365,'2020-11-24 14:02:48','2020-11-24 14:02:48'),(370,0.50,1,4064,366,'2020-11-24 14:06:30','2020-11-24 14:06:30'),(371,0.50,1,4064,367,'2020-11-24 15:35:23','2020-11-24 15:35:23'),(372,0.50,2,4065,368,'2020-11-24 15:53:57','2020-11-24 15:53:57'),(373,0.50,1,4065,369,'2020-11-24 15:55:44','2020-11-24 15:55:44'),(374,0.50,1,4064,370,'2020-11-24 18:31:30','2020-11-24 18:31:30'),(375,0.50,1,4065,370,'2020-11-24 18:31:30','2020-11-24 18:31:30');

--
-- Table structure for table `product_reviews`
--

CREATE TABLE `product_reviews` (
  `id` int(10) unsigned NOT NULL AUTO_INCREMENT,
  `review` text COLLATE utf8mb4_unicode_ci DEFAULT NULL,
  `rate` tinyint(3) unsigned NOT NULL DEFAULT 0,
  `user_id` int(10) unsigned NOT NULL,
  `product_id` int(10) unsigned NOT NULL,
  `created_at` timestamp NULL DEFAULT NULL,
  `updated_at` timestamp NULL DEFAULT NULL,
  PRIMARY KEY (`id`),
  KEY `product_reviews_user_id_foreign` (`user_id`),
  KEY `product_reviews_product_id_foreign` (`product_id`),
  CONSTRAINT `product_reviews_product_id_foreign` FOREIGN KEY (`product_id`) REFERENCES `products` (`id`) ON DELETE CASCADE ON UPDATE CASCADE,
  CONSTRAINT `product_reviews_user_id_foreign` FOREIGN KEY (`user_id`) REFERENCES `users` (`id`) ON DELETE CASCADE ON UPDATE CASCADE
) ENGINE=InnoDB AUTO_INCREMENT=21 DEFAULT CHARSET=utf8mb4 COLLATE=utf8mb4_unicode_ci;

--
-- Dumping data for table `product_reviews`
--

INSERT INTO `product_reviews` VALUES (19,NULL,0,10,196,'2020-10-17 20:25:12','2020-10-17 20:25:24');

--
-- Table structure for table `products`
--

CREATE TABLE `products` (
  `id` int(10) unsigned NOT NULL AUTO_INCREMENT,
  `name` varchar(127) COLLATE utf8mb4_unicode_ci NOT NULL,
  `price` double(8,2) NOT NULL DEFAULT 0.00,
  `discount_price` double(8,2) DEFAULT 0.00,
  `description` text COLLATE utf8mb4_unicode_ci DEFAULT NULL,
  `capacity` double(9,2) DEFAULT 0.00,
  `package_items_count` double(9,2) DEFAULT 0.00,
  `unit` varchar(127) COLLATE utf8mb4_unicode_ci DEFAULT '',
  `featured` tinyint(1) DEFAULT 0,
  `deliverable` tinyint(1) DEFAULT 1,
  `category_id` int(10) unsigned NOT NULL,
  `market_id` int(10) unsigned DEFAULT NULL,
  `created_at` timestamp NULL DEFAULT NULL,
  `updated_at` timestamp NULL DEFAULT NULL,
  PRIMARY KEY (`id`),
  KEY `products_category_id_foreign` (`category_id`),
  KEY `products_market_id_foreign` (`market_id`),
  CONSTRAINT `products_category_id_foreign` FOREIGN KEY (`category_id`) REFERENCES `categories` (`id`) ON DELETE CASCADE ON UPDATE CASCADE,
  CONSTRAINT `products_market_id_foreign` FOREIGN KEY (`market_id`) REFERENCES `markets` (`id`) ON DELETE CASCADE
) ENGINE=InnoDB AUTO_INCREMENT=4068 DEFAULT CHARSET=utf8mb4 COLLATE=utf8mb4_unicode_ci;

--
-- Dumping data for table `products`
--

INSERT INTO `products` VALUES (195,'Apple 1',1.00,0.50,'testing',2.00,22.00,'g',0,1,4,NULL,'2020-09-09 20:24:40','2020-11-15 15:49:55'),(196,'Apple 2',1.00,0.50,'testing',3.00,5.00,'g',0,1,4,NULL,'2020-09-09 20:24:42','2020-11-03 21:40:09'),(197,'Apple 3',1.00,0.50,'testing',4.00,2.00,'g',0,1,4,NULL,'2020-09-09 20:24:45','2020-11-10 16:49:13'),(198,'test item',1.00,NULL,'<p>fgdfgdf</p>',2.00,11.00,'gm',0,1,4,NULL,'2020-10-22 17:27:46','2020-10-30 20:57:20'),(199,'Apple-test-item',10.00,2.00,'<p>This is a test apple item</p>',1.00,30.00,'kg',0,1,4,NULL,'2020-11-15 17:08:54','2020-11-15 17:08:54'),(200,'BULGARIAN 12 KG',130.00,65.00,NULL,NULL,0.00,NULL,0,1,4,NULL,'2020-11-15 18:24:12','2020-11-15 18:24:12'),(201,'PECORINO ROMANO BLOCK BY KG (ITALY)',16.00,8.00,NULL,NULL,0.00,NULL,0,1,4,NULL,'2020-11-15 18:24:12','2020-11-15 18:24:12'),(202,'SKOTIDAKIS  SOUR CREAM 16L (18%b.f)',75.95,37.98,NULL,NULL,0.00,NULL,0,1,4,NULL,'2020-11-15 18:24:12','2020-11-15 18:24:12'),(203,'SKOTIDAKIS FETA 100% GOAT 8 X 1 KG',108.00,54.00,NULL,NULL,0.00,NULL,0,1,4,NULL,'2020-11-15 18:24:12','2020-11-15 18:24:12'),(204,'KOKKINOS GRAVIERA KRITI LARGE HEADS',22.00,11.00,NULL,NULL,0.00,NULL,0,1,4,NULL,'2020-11-15 18:24:13','2020-11-15 18:24:13'),(205,'KOKKINOS GRAVIERA KRITI SMALL HEADS',18.00,9.00,NULL,NULL,0.00,NULL,0,1,4,NULL,'2020-11-15 18:24:13','2020-11-15 18:24:13'),(206,'SKOTIDAKIS FETA PETROS 10KG',86.95,43.48,NULL,NULL,0.00,NULL,0,1,4,NULL,'2020-11-15 18:24:13','2020-11-15 18:24:13'),(207,'SKOTIDAKIS FETA (KADIS) 8 X 1KG',104.00,52.00,NULL,NULL,0.00,NULL,0,1,4,NULL,'2020-11-15 18:24:13','2020-11-15 18:24:13'),(208,'SKOTIDAKIS FETA REGULAR DICED 6 X 200GR',19.00,9.50,NULL,NULL,0.00,NULL,0,1,4,NULL,'2020-11-15 18:24:13','2020-11-15 18:24:13'),(209,'DIVANI FETA TIN BY KG',13.95,6.98,NULL,NULL,0.00,NULL,0,1,4,NULL,'2020-11-15 18:24:13','2020-11-15 18:24:13'),(210,'SKOTIDAKIS FETA KADIS 3KG',32.00,16.00,NULL,NULL,0.00,NULL,0,1,4,NULL,'2020-11-15 18:24:13','2020-11-15 18:24:13'),(211,'SKOTIDAKIS FETA 100% GOAT 3KG',39.50,19.75,NULL,NULL,0.00,NULL,0,1,4,NULL,'2020-11-15 18:24:14','2020-11-15 18:24:14'),(212,'SKOTIDAKIS FETA KADIS 11 KG',110.00,55.00,NULL,NULL,0.00,NULL,0,1,4,NULL,'2020-11-15 18:24:14','2020-11-15 18:24:14'),(213,'SKOTIDAKIS DICED FETA LITE 6 X 200GR',19.00,9.50,NULL,NULL,0.00,NULL,0,1,4,NULL,'2020-11-15 18:24:14','2020-11-15 18:24:14'),(214,'SKOTIDAKIS FETA 100% GOAT 12KG',150.00,75.00,NULL,NULL,0.00,NULL,0,1,4,NULL,'2020-11-15 18:24:14','2020-11-15 18:24:14'),(215,'SOFIA BULGARIAN FETA 13 KG TIN',148.00,74.00,NULL,NULL,0.00,NULL,0,1,4,NULL,'2020-11-15 18:24:14','2020-11-15 18:24:14'),(216,'SOFIA BULGARIAN FETA 12 X 900 GR',144.00,72.00,NULL,NULL,0.00,NULL,0,1,4,NULL,'2020-11-15 18:24:14','2020-11-15 18:24:14'),(217,'SKOTIDAKIS BULGARIAN FETA 6 X 200 GR',19.00,9.50,NULL,NULL,0.00,NULL,0,1,4,NULL,'2020-11-15 18:24:14','2020-11-15 18:24:14'),(218,'GAYLEA SOUR CREAM 16LT',73.00,36.50,NULL,NULL,0.00,NULL,0,1,4,NULL,'2020-11-15 18:24:15','2020-11-15 18:24:15'),(219,'SKOTIDAKIS RICOTTA SOFT',10.95,5.48,NULL,NULL,0.00,NULL,0,1,4,NULL,'2020-11-15 18:24:15','2020-11-15 18:24:15'),(220,'SKOTIDAKIS SALUTI RICOTTA CUP 6 X 454GR',20.95,10.48,NULL,NULL,0.00,NULL,0,1,4,NULL,'2020-11-15 18:24:15','2020-11-15 18:24:15'),(221,'HALLOUMI BULK BY KG',15.00,7.50,NULL,NULL,0.00,NULL,0,1,4,NULL,'2020-11-15 18:24:15','2020-11-15 18:24:15'),(222,'SKOTIDAKIS TZATZIKI 5KG',39.95,19.98,NULL,NULL,0.00,NULL,0,1,4,NULL,'2020-11-15 18:24:15','2020-11-15 18:24:15'),(223,'SKOTIDAKIS TZAZIKI 10KG',74.00,37.00,NULL,NULL,0.00,NULL,0,1,4,NULL,'2020-11-15 18:24:15','2020-11-15 18:24:15'),(224,'SKOTIDAKIS TZATZIKI 12 X 250GR',30.00,15.00,NULL,NULL,0.00,NULL,0,1,4,NULL,'2020-11-15 18:24:15','2020-11-15 18:24:15'),(225,'SKOTIDAKIS TZATZIKI 12 x 454GR',54.00,27.00,NULL,NULL,0.00,NULL,0,1,4,NULL,'2020-11-15 18:24:15','2020-11-15 18:24:15'),(226,'SKOTIDAKIS YOGURT 10KG',69.00,34.50,NULL,NULL,0.00,NULL,0,1,4,NULL,'2020-11-15 18:24:16','2020-11-15 18:24:16'),(227,'SKOTIDAKIS YOGURT 5KG',37.00,18.50,NULL,NULL,0.00,NULL,0,1,4,NULL,'2020-11-15 18:24:16','2020-11-15 18:24:16'),(228,'CRUMBLED FETA 5 X 2.5 KG',140.00,70.00,NULL,NULL,0.00,NULL,0,1,4,NULL,'2020-11-15 18:24:16','2020-11-15 18:24:16'),(229,'SKOTIDAKIS WHITE CHEESE IN BRINE 11 KG',75.95,37.98,NULL,NULL,0.00,NULL,0,1,4,NULL,'2020-11-15 18:24:16','2020-11-15 18:24:16'),(230,'SKOTIDAKIS YOGURT BALKAN 10KG',30.00,15.00,NULL,NULL,0.00,NULL,0,1,4,NULL,'2020-11-15 18:24:16','2020-11-15 18:24:16'),(231,'DIVANI KASSERI SMALL HEAD BY KG',19.00,9.50,NULL,NULL,0.00,NULL,0,1,4,NULL,'2020-11-15 18:24:16','2020-11-15 18:24:16'),(232,'DIVANI KASSERI SEMIHARD CHEESE VACUUM 16 X 200 G',80.00,40.00,NULL,NULL,0.00,NULL,0,1,4,NULL,'2020-11-15 18:24:16','2020-11-15 18:24:16'),(233,'SKOTIDAKIS GOAT FETA BARREL PER KG',12.17,6.09,NULL,NULL,0.00,NULL,0,1,4,NULL,'2020-11-15 18:24:17','2020-11-15 18:24:17'),(234,'DIVANI KASSERI CHESSE BY KG',18.00,9.00,NULL,NULL,0.00,NULL,0,1,4,NULL,'2020-11-15 18:24:17','2020-11-15 18:24:17'),(235,'SKOTIDAKIS BULGARIAN FETA 8 X 900 GR ( FB8X900)',80.00,40.00,NULL,NULL,0.00,NULL,0,1,4,NULL,'2020-11-15 18:24:17','2020-11-15 18:24:17'),(236,'PATSOUROS GRAVIERA KRITI',23.00,11.50,NULL,NULL,0.00,NULL,0,1,4,NULL,'2020-11-15 18:24:17','2020-11-15 18:24:17'),(237,'SKOTIDAKIS SWISS EMMENTAL CHEESE',13.95,6.98,NULL,NULL,0.00,NULL,0,1,4,NULL,'2020-11-15 18:24:17','2020-11-15 18:24:17'),(238,'SKOTIDAKIS-CRUMBLED FETA 6 X 681G',62.00,31.00,NULL,NULL,0.00,NULL,0,1,4,NULL,'2020-11-15 18:24:17','2020-11-15 18:24:17'),(239,'SKOT-FETA COW (6x 200GR)',19.00,9.50,NULL,NULL,0.00,NULL,0,1,4,NULL,'2020-11-15 18:24:17','2020-11-15 18:24:17'),(240,'SKOTIDAKIS CREAM CHEESE GREEK YOGURT TUB 12 X 250 GR',46.00,23.00,NULL,NULL,0.00,NULL,0,1,4,NULL,'2020-11-15 18:24:18','2020-11-15 18:24:18'),(241,'SKOTIDAKIS FETA PETROS 1 X 3KG',27.95,13.98,NULL,NULL,0.00,NULL,0,1,4,NULL,'2020-11-15 18:24:18','2020-11-15 18:24:18'),(242,'DAMAFRO - SOURCREAM 10L',45.50,22.75,NULL,NULL,0.00,NULL,0,1,4,NULL,'2020-11-15 18:24:18','2020-11-15 18:24:18'),(243,'SKOTIDAKIS ONION DIP 12 X 250GR',30.00,15.00,NULL,NULL,0.00,NULL,0,1,4,NULL,'2020-11-15 18:24:18','2020-11-15 18:24:18'),(244,'SKOTIDAKIS RANCH DIP 12 X 250GR',30.00,15.00,NULL,NULL,0.00,NULL,0,1,4,NULL,'2020-11-15 18:24:18','2020-11-15 18:24:18'),(245,'SKOTIDAKIS JALAPENO DIP 12 X 250GR',30.00,15.00,NULL,NULL,0.00,NULL,0,1,4,NULL,'2020-11-15 18:24:18','2020-11-15 18:24:18'),(246,'SKOTIDAKIS YOGURT PLAIN 0% 6 X 500GR',21.50,10.75,NULL,NULL,0.00,NULL,0,1,4,NULL,'2020-11-15 18:24:19','2020-11-15 18:24:19'),(247,'SKOTIDAKIS YOGURT PLAIN 9% 6 X 500GR',21.50,10.75,NULL,NULL,0.00,NULL,0,1,4,NULL,'2020-11-15 18:24:19','2020-11-15 18:24:19'),(248,'SKOTIDAKIS YOGURT BLUEBERRY/POMAGRANATE 0% 6 X 500GR',21.50,10.75,NULL,NULL,0.00,NULL,0,1,4,NULL,'2020-11-15 18:24:19','2020-11-15 18:24:19'),(249,'SKOTIDAKIS YOGURT STRAWBERRY 0% 6 X 500GR',21.50,10.75,NULL,NULL,0.00,NULL,0,1,4,NULL,'2020-11-15 18:24:19','2020-11-15 18:24:19'),(250,'SKOTIDAKIS YOGURT CRANBERRY /RASBERRY 0% 6 X 500GR',21.50,10.75,NULL,NULL,0.00,NULL,0,1,4,NULL,'2020-11-15 18:24:19','2020-11-15 18:24:19'),(251,'SKOTIDAKIS YOGURT VANILLA 0% 6 X 500GR',21.50,10.75,NULL,NULL,0.00,NULL,0,1,4,NULL,'2020-11-15 18:24:19','2020-11-15 18:24:19'),(252,'SKOTIDAKIS YOGURT 0% HONEY 12 X 150GR',13.95,6.98,NULL,NULL,0.00,NULL,0,1,4,NULL,'2020-11-15 18:24:19','2020-11-15 18:24:19'),(253,'SKOTIDAKIS YOGURT 0% RASPBERRY/CRANBERRY 12 X 150GR',13.95,6.98,NULL,NULL,0.00,NULL,0,1,4,NULL,'2020-11-15 18:24:20','2020-11-15 18:24:20'),(254,'SKOTIDAKIS YOGURT 0% BLUEBERRY/POMAGRANATE 12 X 150GR',13.95,6.98,NULL,NULL,0.00,NULL,0,1,4,NULL,'2020-11-15 18:24:20','2020-11-15 18:24:20'),(255,'SKOTIDAKIS YOGURT PEACH 0% 12 X 150 GR',13.95,6.98,NULL,NULL,0.00,NULL,0,1,4,NULL,'2020-11-15 18:24:20','2020-11-15 18:24:20'),(256,'SKOTIDAKIS GREEK YOGURT 0% BLACK CHERRY (Y0100BC) 6 X 4 X100GR',17.00,8.50,NULL,NULL,0.00,NULL,0,1,4,NULL,'2020-11-15 18:24:20','2020-11-15 18:24:20'),(257,'SKOTIDAKIS YOGURT 0% PLAIN 12 X 150GR',13.95,6.98,NULL,NULL,0.00,NULL,0,1,4,NULL,'2020-11-15 18:24:20','2020-11-15 18:24:20'),(258,'SKOTIDAKIS YOGURT 2% PLAIN 12 X 150GR',13.95,6.98,NULL,NULL,0.00,NULL,0,1,4,NULL,'2020-11-15 18:24:20','2020-11-15 18:24:20'),(259,'SKOTIDAKIS YOGURT PLAIN 2% 6 X 500GR',21.50,10.75,NULL,NULL,0.00,NULL,0,1,4,NULL,'2020-11-15 18:24:20','2020-11-15 18:24:20'),(260,'SKOTIDAKIS YOGURT 0% STRAWBERRY 12 X 150GR',13.95,6.98,NULL,NULL,0.00,NULL,0,1,4,NULL,'2020-11-15 18:24:21','2020-11-15 18:24:21'),(261,'SKOTIDAKIS YOGURT HONEY 0% 6 X 500GR',21.50,10.75,NULL,NULL,0.00,NULL,0,1,4,NULL,'2020-11-15 18:24:21','2020-11-15 18:24:21'),(262,'SKOTIDAKIS CREAM CHEESE(CC20) 20KG',184.00,92.00,NULL,NULL,0.00,NULL,0,1,4,NULL,'2020-11-15 18:24:21','2020-11-15 18:24:21'),(263,'SKOTIDAKIS GREEK YOGURT 0% VANILLA (Y0100V) 6 X 4 X100GR',17.00,8.50,NULL,NULL,0.00,NULL,0,1,4,NULL,'2020-11-15 18:24:21','2020-11-15 18:24:21'),(264,'SKOTIDAKIS GREEK YOGURT 0% STRAWBERRY (Y0100S) 6 X 4 X100GR',17.00,8.50,NULL,NULL,0.00,NULL,0,1,4,NULL,'2020-11-15 18:24:21','2020-11-15 18:24:21'),(265,'SKOTIDAKIS COLOR CHEDDAR BLOCK 2 X 2.27KG',64.50,32.25,NULL,NULL,0.00,NULL,0,1,4,NULL,'2020-11-15 18:24:21','2020-11-15 18:24:21'),(266,'SKOTIDAKIS GREEK YOGURT 0% BLUEBERRY (Y0100B) 6 X 4 X100GR',17.00,8.50,NULL,NULL,0.00,NULL,0,1,4,NULL,'2020-11-15 18:24:21','2020-11-15 18:24:21'),(267,'SKOTIDAKIS GRATED ROMANO 5 X 2.27KG',169.00,84.50,NULL,NULL,0.00,NULL,0,1,4,NULL,'2020-11-15 18:24:22','2020-11-15 18:24:22'),(268,'SKOTIDAKIS PETROS (COW) FETA  8 X 1KG',96.00,48.00,NULL,NULL,0.00,NULL,0,1,4,NULL,'2020-11-15 18:24:22','2020-11-15 18:24:22'),(269,'SKOTIDAKIS MOZZARELLA SHREDDED 20% 5 X 2.5KG',134.00,67.00,NULL,NULL,0.00,NULL,0,1,4,NULL,'2020-11-15 18:24:22','2020-11-15 18:24:22'),(270,'DIVANI KEFALOGRAVIERA PER KG',22.95,11.48,NULL,NULL,0.00,NULL,0,1,4,NULL,'2020-11-15 18:24:22','2020-11-15 18:24:22'),(271,'DIVANI FETA TUPPER 12 X 400GR',83.40,41.70,NULL,NULL,0.00,NULL,0,1,4,NULL,'2020-11-15 18:24:22','2020-11-15 18:24:22'),(272,'DIVANI FETA TUPPER 6 X 1KG',93.00,46.50,NULL,NULL,0.00,NULL,0,1,4,NULL,'2020-11-15 18:24:22','2020-11-15 18:24:22'),(273,'SHREDDED CHEDDAR 4 X 2.5 KG',133.00,66.50,NULL,NULL,0.00,NULL,0,1,4,NULL,'2020-11-15 18:24:22','2020-11-15 18:24:22'),(274,'SKOTIDAKIS YOGURT BLACK CHERRY 0% 12 X 150 GR',13.95,6.98,NULL,NULL,0.00,NULL,0,1,4,NULL,'2020-11-15 18:24:23','2020-11-15 18:24:23'),(275,'SKOT -FETA GOAT(6 X 200GR)',19.00,9.50,NULL,NULL,0.00,NULL,0,1,4,NULL,'2020-11-15 18:24:23','2020-11-15 18:24:23'),(276,'WHITE CHEDDAR BLOCK 2 X 2.27',64.50,32.25,NULL,NULL,0.00,NULL,0,1,4,NULL,'2020-11-15 18:24:23','2020-11-15 18:24:23'),(277,'SKOTIDAKIS GREEK YOGURT 6 X 500G - 2% ORGANIC',22.50,11.25,NULL,NULL,0.00,NULL,0,1,4,NULL,'2020-11-15 18:24:23','2020-11-15 18:24:23'),(278,'SKOTIDAKIS YOGURT 0% BLACK CHERRY 6 X 500GR',21.50,10.75,NULL,NULL,0.00,NULL,0,1,4,NULL,'2020-11-15 18:24:23','2020-11-15 18:24:23'),(279,'SKOTIDAKIS YOGURT 0% LEMON 6 X 500GR',21.50,10.75,NULL,NULL,0.00,NULL,0,1,4,NULL,'2020-11-15 18:24:23','2020-11-15 18:24:23'),(280,'DODONI FETA IN TUPPER 12 X 400 GR',95.40,47.70,NULL,NULL,0.00,NULL,0,1,4,NULL,'2020-11-15 18:24:23','2020-11-15 18:24:23'),(281,'DODONI DRY MYZITHRA PER KG',16.95,8.48,NULL,NULL,0.00,NULL,0,1,4,NULL,'2020-11-15 18:24:24','2020-11-15 18:24:24'),(282,'DODONI FETA IN PLASTIC TUPPER 6 X 1 KG',120.00,60.00,NULL,NULL,0.00,NULL,0,1,4,NULL,'2020-11-15 18:24:24','2020-11-15 18:24:24'),(283,'DODONI KEFALOGRAVIERA PER KG',21.00,10.50,NULL,NULL,0.00,NULL,0,1,4,NULL,'2020-11-15 18:24:24','2020-11-15 18:24:24'),(284,'DODONI FETA IN PLASTIC TUPPER 8 X 1KG',160.00,80.00,NULL,NULL,0.00,NULL,0,1,4,NULL,'2020-11-15 18:24:24','2020-11-15 18:24:24'),(285,'DODONI KEFALOTYRI PER KG',21.00,10.50,NULL,NULL,0.00,NULL,0,1,4,NULL,'2020-11-15 18:24:24','2020-11-15 18:24:24'),(286,'DODONI FETA IN PLASTIC CONTAINER  4 X 2 KG',140.00,70.00,NULL,NULL,0.00,NULL,0,1,4,NULL,'2020-11-15 18:24:24','2020-11-15 18:24:24'),(287,'SKOTIDAKIS YOGURT ORGANIC 2% VANILLA (6 x 500GR)',22.50,11.25,NULL,NULL,0.00,NULL,0,1,4,NULL,'2020-11-15 18:24:24','2020-11-15 18:24:24'),(288,'DODONI CUBE FETA IN OIL & OREGANO 8 X 360 GR',48.00,24.00,NULL,NULL,0.00,NULL,0,1,4,NULL,'2020-11-15 18:24:25','2020-11-15 18:24:25'),(289,'DODONI GRAVIERA FROM SHEEPS MILK BY KG',21.00,10.50,NULL,NULL,0.00,NULL,0,1,4,NULL,'2020-11-15 18:24:25','2020-11-15 18:24:25'),(290,'DODONI FETA IN TIN PER  KG',17.95,8.98,NULL,NULL,0.00,NULL,0,1,4,NULL,'2020-11-15 18:24:25','2020-11-15 18:24:25'),(291,'DODONI KEFALOGRAVIERA IN PORTIONS 8 X 250 KG',44.00,22.00,NULL,NULL,0.00,NULL,0,1,4,NULL,'2020-11-15 18:24:25','2020-11-15 18:24:25'),(292,'DODONI GRAVIERA FROM COWS MILK IN LOAVES PER KG',22.95,11.48,NULL,NULL,0.00,NULL,0,1,4,NULL,'2020-11-15 18:24:25','2020-11-15 18:24:25'),(293,'DODONI MELTED COW, SHEEP & GOAT BUTTER 9 X 600 G',67.50,33.75,NULL,NULL,0.00,NULL,0,1,4,NULL,'2020-11-15 18:24:25','2020-11-15 18:24:25'),(294,'SKOTIDAKIS YOGURT PARFAIT VANILLA(6x4x130GR)',27.00,13.50,NULL,NULL,0.00,NULL,0,1,4,NULL,'2020-11-15 18:24:25','2020-11-15 18:24:25'),(295,'YOGURT PLAIN (P.A.) 6 X 650GR',11.10,5.55,NULL,NULL,0.00,NULL,0,1,4,NULL,'2020-11-15 18:24:26','2020-11-15 18:24:26'),(296,'PROVOLONE CHEESE PER KG',15.95,7.98,NULL,NULL,0.00,NULL,0,1,4,NULL,'2020-11-15 18:24:26','2020-11-15 18:24:26'),(297,'DODONI HALLOUMI CHEESE IN VACUUM 10 X 225GR',45.00,22.50,NULL,NULL,0.00,NULL,0,1,4,NULL,'2020-11-15 18:24:26','2020-11-15 18:24:26'),(298,'DODONI SAGANAKI 8 X 200GR (2 SLICES)',48.00,24.00,NULL,NULL,0.00,NULL,0,1,4,NULL,'2020-11-15 18:24:26','2020-11-15 18:24:26'),(299,'DODONI BARREL FETA PDO 8 X 200GR',39.60,19.80,NULL,NULL,0.00,NULL,0,1,4,NULL,'2020-11-15 18:24:26','2020-11-15 18:24:26'),(300,'DODONI MANOURI CHEESE 12 X 200GR',48.00,24.00,NULL,NULL,0.00,NULL,0,1,4,NULL,'2020-11-15 18:24:26','2020-11-15 18:24:26'),(301,'DODONI TOTOAST SEMI HARD CHEESE 8 X 200 G',36.00,18.00,NULL,NULL,0.00,NULL,0,1,4,NULL,'2020-11-15 18:24:26','2020-11-15 18:24:26'),(302,'DODONI TOTOAST SEMI HARD CHEESE LOAF BY KG',19.00,9.50,NULL,NULL,0.00,NULL,0,1,4,NULL,'2020-11-15 18:24:27','2020-11-15 18:24:27'),(303,'DODONI LACTOSE FREE FETA 12 X 200 G',48.00,24.00,NULL,NULL,0.00,NULL,0,1,4,NULL,'2020-11-15 18:24:27','2020-11-15 18:24:27'),(304,'GREEK FETA BARREL PER KG',11.95,5.98,NULL,NULL,0.00,NULL,0,1,4,NULL,'2020-11-15 18:24:27','2020-11-15 18:24:27'),(305,'DODONI GOAT CHEESE VC (16x200GR)',80.00,40.00,NULL,NULL,0.00,NULL,0,1,4,NULL,'2020-11-15 18:24:27','2020-11-15 18:24:27'),(306,'DODONI ORGANIC FETA IN VACUUM (12x200GR)',80.00,40.00,NULL,NULL,0.00,NULL,0,1,4,NULL,'2020-11-15 18:24:27','2020-11-15 18:24:27'),(307,'DODONI BAREL FETA IN BRINE (12x400GR)',120.00,60.00,NULL,NULL,0.00,NULL,0,1,4,NULL,'2020-11-15 18:24:27','2020-11-15 18:24:27'),(308,'DODONI BARREL FETA IN BRINE 2 X 2 KG',80.00,40.00,NULL,NULL,0.00,NULL,0,1,4,NULL,'2020-11-15 18:24:27','2020-11-15 18:24:27'),(309,'EDAM PER KG',11.95,5.98,NULL,NULL,0.00,NULL,0,1,4,NULL,'2020-11-15 18:24:28','2020-11-15 18:24:28'),(310,'SWISS MAASDAM PER KG',12.50,6.25,NULL,NULL,0.00,NULL,0,1,4,NULL,'2020-11-15 18:24:28','2020-11-15 18:24:28'),(311,'GOUDA PER KG',11.95,5.98,NULL,NULL,0.00,NULL,0,1,4,NULL,'2020-11-15 18:24:28','2020-11-15 18:24:28'),(312,'EMMENTAL PER KG',12.95,6.48,NULL,NULL,0.00,NULL,0,1,4,NULL,'2020-11-15 18:24:28','2020-11-15 18:24:28'),(313,'DODONI-BARREL FETA PDO IN PLASTIC BARREL *35 KG',15.00,7.50,NULL,NULL,0.00,NULL,0,1,4,NULL,'2020-11-15 18:24:28','2020-11-15 18:24:28'),(314,'DODONI GRAVIERA FROM COWS MILK BY KG',15.95,7.98,NULL,NULL,0.00,NULL,0,1,4,NULL,'2020-11-15 18:24:28','2020-11-15 18:24:28'),(315,'SKOTIDAKIS SKYR ICELANDIC 0% VANILLA YOGURT 6 X 4 X 100GR',18.00,9.00,NULL,NULL,0.00,NULL,0,1,4,NULL,'2020-11-15 18:24:28','2020-11-15 18:24:28'),(316,'SKOTIDAKIS SKYR ICELANDIC 0% BLUEBERRY YOGURT 6 X 4 X 100GR',18.00,9.00,NULL,NULL,0.00,NULL,0,1,4,NULL,'2020-11-15 18:24:29','2020-11-15 18:24:29'),(317,'SKOTIDAKIS SKYR ICELANDIC 0% KEY LIME YOGURT  6 X 4 X 100GR',18.00,9.00,NULL,NULL,0.00,NULL,0,1,4,NULL,'2020-11-15 18:24:29','2020-11-15 18:24:29'),(318,'SKOTIDAKIS SKYR ICELANDIC 0% PEACH YOGURT 6 X 4 X 100GR',18.00,9.00,NULL,NULL,0.00,NULL,0,1,4,NULL,'2020-11-15 18:24:29','2020-11-15 18:24:29'),(319,'SKOTIDAKIS SKYR ICELANDIC 0% SUPER BERRY YOGURT 6 X 4 X 100GR',18.00,9.00,NULL,NULL,0.00,NULL,0,1,4,NULL,'2020-11-15 18:24:29','2020-11-15 18:24:29'),(320,'SKOTIDAKIS SKYR ICELANDIC 0% PLAIN YOGURT 6 X 750 G',27.00,13.50,NULL,NULL,0.00,NULL,0,1,4,NULL,'2020-11-15 18:24:29','2020-11-15 18:24:29'),(321,'SKOTIDAKIS SKYR ICELANDIC 0% VANILLA YOGURT 6 X 750 G',27.00,13.50,NULL,NULL,0.00,NULL,0,1,4,NULL,'2020-11-15 18:24:29','2020-11-15 18:24:29'),(322,'CHELMOS-WHITE CHEESE VLAHOPOULA 12 X 400G',72.00,36.00,NULL,NULL,0.00,NULL,0,1,4,NULL,'2020-11-15 18:24:29','2020-11-15 18:24:29'),(323,'CHELMOS-KEFALOGRAVIERA *9KG',18.95,9.48,NULL,NULL,0.00,NULL,0,1,4,NULL,'2020-11-15 18:24:30','2020-11-15 18:24:30'),(324,'CHELMOS-DRY MIZITHRA VACCUM PER KG',16.50,8.25,NULL,NULL,0.00,NULL,0,1,4,NULL,'2020-11-15 18:24:30','2020-11-15 18:24:30'),(325,'CHELMOS PECORINO HARD CHEESE FROM SHEEPS MILK',16.95,8.48,NULL,NULL,0.00,NULL,0,1,4,NULL,'2020-11-15 18:24:30','2020-11-15 18:24:30'),(326,'CHELMOS GREEK KEFALOTIRI',18.95,9.48,NULL,NULL,0.00,NULL,0,1,4,NULL,'2020-11-15 18:24:30','2020-11-15 18:24:30'),(327,'CHELMOS VLAHOTIRI (GRAVIERA) BY KG',19.50,9.75,NULL,NULL,0.00,NULL,0,1,4,NULL,'2020-11-15 18:24:30','2020-11-15 18:24:30'),(328,'CHELMOS FETA BARREL BY KG',11.95,5.98,NULL,NULL,0.00,NULL,0,1,4,NULL,'2020-11-15 18:24:30','2020-11-15 18:24:30'),(329,'CHELMOS FETA CHEESE READY TO GRILL MEDITERRANEAN HERDS 15X150GR',52.50,26.25,NULL,NULL,0.00,NULL,0,1,4,NULL,'2020-11-15 18:24:30','2020-11-15 18:24:30'),(330,'TATSIS KEFALOGRAVIERA  BY KG',19.00,9.50,NULL,NULL,0.00,NULL,0,1,4,NULL,'2020-11-15 18:24:31','2020-11-15 18:24:31'),(331,'CHELMOS FETA CHEESE READY TO GRILL RED BELL PEPPER,ONION,DILL 15X150GR',52.50,26.25,NULL,NULL,0.00,NULL,0,1,4,NULL,'2020-11-15 18:24:31','2020-11-15 18:24:31'),(332,'CHELMOS FETA CHEESE READY TO GRILL CHILLY & PAPRIKA 15X150GR',52.50,26.25,NULL,NULL,0.00,NULL,0,1,4,NULL,'2020-11-15 18:24:31','2020-11-15 18:24:31'),(333,'CHELMOS MANOURI 10X200GR',35.00,17.50,NULL,NULL,0.00,NULL,0,1,4,NULL,'2020-11-15 18:24:31','2020-11-15 18:24:31'),(334,'CHELMOS METSOVONE SMOKED CHESSE LOAF',18.00,9.00,NULL,NULL,0.00,NULL,0,1,4,NULL,'2020-11-15 18:24:31','2020-11-15 18:24:31'),(335,'NAXOU - GRAVIERA',21.00,10.50,NULL,NULL,0.00,NULL,0,1,4,NULL,'2020-11-15 18:24:31','2020-11-15 18:24:31'),(336,'KALAMATA EX-JUMBO  OLIVES 12 KG',66.00,33.00,NULL,NULL,0.00,NULL,0,1,4,NULL,'2020-11-15 18:24:31','2020-11-15 18:24:31'),(337,'ATLAS GREEN PITTED OLIVES 10KGS',47.95,23.98,NULL,NULL,0.00,NULL,0,1,4,NULL,'2020-11-15 18:24:32','2020-11-15 18:24:32'),(338,'KALAMATA OLIVES COLOSSAL 12KG',61.00,30.50,NULL,NULL,0.00,NULL,0,1,4,NULL,'2020-11-15 18:24:32','2020-11-15 18:24:32'),(339,'KALAMATA OLIVES JUMBO 12KG',53.00,26.50,NULL,NULL,0.00,NULL,0,1,4,NULL,'2020-11-15 18:24:32','2020-11-15 18:24:32'),(340,'KALAMATA OLIVES LARGE 12KG',48.00,24.00,NULL,NULL,0.00,NULL,0,1,4,NULL,'2020-11-15 18:24:32','2020-11-15 18:24:32'),(341,'KALAMATA OLIVES SUPERIOR 12KG',46.00,23.00,NULL,NULL,0.00,NULL,0,1,4,NULL,'2020-11-15 18:24:32','2020-11-15 18:24:32'),(342,'KALAMATA SUPER COLOSSAL OLIVES 12KG',65.00,32.50,NULL,NULL,0.00,NULL,0,1,4,NULL,'2020-11-15 18:24:32','2020-11-15 18:24:32'),(343,'VORIOS MYLOPOTAMOS EXTRA VIRGIN OLIVE OIL  12 X 750ML',60.00,30.00,NULL,NULL,0.00,NULL,0,1,4,NULL,'2020-11-15 18:24:32','2020-11-15 18:24:32'),(344,'MANI EXTRA VIRGIN OLIVE OIL 6 X 3LTR',100.00,50.00,NULL,NULL,0.00,NULL,0,1,4,NULL,'2020-11-15 18:24:33','2020-11-15 18:24:33'),(345,'THROUMBES THASSOS 2 X 5KG',65.90,32.95,NULL,NULL,0.00,NULL,0,1,4,NULL,'2020-11-15 18:24:33','2020-11-15 18:24:33'),(346,'BLACK OLIVES SUPER MAMMOTH 12 KG',70.00,35.00,NULL,NULL,0.00,NULL,0,1,4,NULL,'2020-11-15 18:24:33','2020-11-15 18:24:33'),(347,'KALAMON BLACK SLICED OLIVES 1 X 10 KG',59.50,29.75,NULL,NULL,0.00,NULL,0,1,4,NULL,'2020-11-15 18:24:33','2020-11-15 18:24:33'),(348,'KALAMON BLACK PITTED OLIVES 1 X 10 KG',62.50,31.25,NULL,NULL,0.00,NULL,0,1,4,NULL,'2020-11-15 18:24:33','2020-11-15 18:24:33'),(349,'AMFISSAS BLACK OLIVES 12 KG',62.00,31.00,NULL,NULL,0.00,NULL,0,1,4,NULL,'2020-11-15 18:24:33','2020-11-15 18:24:33'),(350,'GRILLED MARINATED PITTED MAMMOUTH OLIVES 10KG',69.00,34.50,NULL,NULL,0.00,NULL,0,1,4,NULL,'2020-11-15 18:24:33','2020-11-15 18:24:33'),(351,'KALAMATA EXTRA LARGE OLIVES 12KG',50.00,25.00,NULL,NULL,0.00,NULL,0,1,4,NULL,'2020-11-15 18:24:34','2020-11-15 18:24:34'),(352,'DONKEY S S MAMMOUTH OLIVES 12KG',69.00,34.50,NULL,NULL,0.00,NULL,0,1,4,NULL,'2020-11-15 18:24:34','2020-11-15 18:24:34'),(353,'ARISTON KALAMATA WHOLE 12 X 500ML',36.00,18.00,NULL,NULL,0.00,NULL,0,1,4,NULL,'2020-11-15 18:24:34','2020-11-15 18:24:34'),(354,'ARISTON BLACK KALAMATA OLIVES WHOLE 6X1.5L',42.00,21.00,NULL,NULL,0.00,NULL,0,1,4,NULL,'2020-11-15 18:24:34','2020-11-15 18:24:34'),(355,'ARISTON GREEN W/ ALMOND 12 X 500ML',39.95,19.98,NULL,NULL,0.00,NULL,0,1,4,NULL,'2020-11-15 18:24:34','2020-11-15 18:24:34'),(356,'ARISTON GREEN OLIVES WITH GARLIC 12 X 500ML',39.95,19.98,NULL,NULL,0.00,NULL,0,1,4,NULL,'2020-11-15 18:24:34','2020-11-15 18:24:34'),(357,'GREEN OLIVES W/ GARLIC S.COLOSSAL 10KG',64.95,32.48,NULL,NULL,0.00,NULL,0,1,4,NULL,'2020-11-15 18:24:34','2020-11-15 18:24:34'),(358,'SITIA EXTRA VIRGIN OLIVE OIL 6X3LIT',108.00,54.00,NULL,NULL,0.00,NULL,0,1,4,NULL,'2020-11-15 18:24:34','2020-11-15 18:24:34'),(359,'ARISTON GREEN W/ NAT.PEPPER 12  X 1L',67.95,33.98,NULL,NULL,0.00,NULL,0,1,4,NULL,'2020-11-15 18:24:35','2020-11-15 18:24:35'),(360,'GREEN WHOLE ATLAS OLIVES 12KGS',67.00,33.50,NULL,NULL,0.00,NULL,0,1,4,NULL,'2020-11-15 18:24:35','2020-11-15 18:24:35'),(361,'ARISTON GREEN WHOLE OLIVES 6 X 1.5L',36.00,18.00,NULL,NULL,0.00,NULL,0,1,4,NULL,'2020-11-15 18:24:35','2020-11-15 18:24:35'),(362,'GREEN OLIVES IN BRINE STUFFED PIM. PASTE 10KG',55.00,27.50,NULL,NULL,0.00,NULL,0,1,4,NULL,'2020-11-15 18:24:35','2020-11-15 18:24:35'),(363,'ARISTON GREEN OLIVES W/PEPPER PASTE (12 x 500ML)',39.95,19.98,NULL,NULL,0.00,NULL,0,1,4,NULL,'2020-11-15 18:24:35','2020-11-15 18:24:35'),(364,'GREEN OLIVES W/REAL PEPPER 10KG',64.00,32.00,NULL,NULL,0.00,NULL,0,1,4,NULL,'2020-11-15 18:24:35','2020-11-15 18:24:35'),(365,'ARISTON GREEN OLIVES WITH ALMONDS 6 X 1L',34.95,17.48,NULL,NULL,0.00,NULL,0,1,4,NULL,'2020-11-15 18:24:36','2020-11-15 18:24:36'),(366,'ARISTON GREEN OLIVES WITH GARLIC 6x1L',34.95,17.48,NULL,NULL,0.00,NULL,0,1,4,NULL,'2020-11-15 18:24:36','2020-11-15 18:24:36'),(367,'ARISTON GREEN OLIVES WITH PEPPER PASTE 6X1L',34.95,17.48,NULL,NULL,0.00,NULL,0,1,4,NULL,'2020-11-15 18:24:36','2020-11-15 18:24:36'),(368,'GREEK COCKTAIL MIX OLIVES 12 KG',58.00,29.00,NULL,NULL,0.00,NULL,0,1,4,NULL,'2020-11-15 18:24:36','2020-11-15 18:24:36'),(369,'NAFPLION GREEN CRACKED OLIVES 12KG',39.95,19.98,NULL,NULL,0.00,NULL,0,1,4,NULL,'2020-11-15 18:24:36','2020-11-15 18:24:36'),(370,'LATZIMAS OLIVE OIL 4 X 3 LTRS',65.00,32.50,NULL,NULL,0.00,NULL,0,1,4,NULL,'2020-11-15 18:24:36','2020-11-15 18:24:36'),(371,'LATZIMAS OLIVE OIL 12 X 750ML',55.00,27.50,NULL,NULL,0.00,NULL,0,1,4,NULL,'2020-11-15 18:24:36','2020-11-15 18:24:36'),(372,'SPECTRA VEGETABLE OIL 4 X 3L',21.00,10.50,NULL,NULL,0.00,NULL,0,1,4,NULL,'2020-11-15 18:24:37','2020-11-15 18:24:37'),(373,'SPECTRA CANOLA OIL 6 X 3L',34.50,17.25,NULL,NULL,0.00,NULL,0,1,4,NULL,'2020-11-15 18:24:37','2020-11-15 18:24:37'),(374,'KRITIKO EXTRA-VIRGIN OLIVE OIL 4 X 3L',68.00,34.00,NULL,NULL,0.00,NULL,0,1,4,NULL,'2020-11-15 18:24:37','2020-11-15 18:24:37'),(375,'KRITI GOLD EXTRA VIRGIN OLIVE OIL IN TIN 6X3L',108.00,54.00,NULL,NULL,0.00,NULL,0,1,4,NULL,'2020-11-15 18:24:37','2020-11-15 18:24:37'),(376,'KRITI GOLD EXTRA VIRGIN OLIVE OIL 12 X 750 ML',63.00,31.50,NULL,NULL,0.00,NULL,0,1,4,NULL,'2020-11-15 18:24:37','2020-11-15 18:24:37'),(377,'KRITI GOLD BIO EXTRA VIRGIN OLIVE OIL 12 X 750 ML',79.00,39.50,NULL,NULL,0.00,NULL,0,1,4,NULL,'2020-11-15 18:24:37','2020-11-15 18:24:37'),(378,'MINOAN EXTRA VIRGIN OLIVE OIL 6 X 3 L',105.00,52.50,NULL,NULL,0.00,NULL,0,1,4,NULL,'2020-11-15 18:24:37','2020-11-15 18:24:37'),(379,'SPECTRA-CARTON 16L GOLDEN CANOLA OIL',24.95,12.48,NULL,NULL,0.00,NULL,0,1,4,NULL,'2020-11-15 18:24:38','2020-11-15 18:24:38'),(380,'ARISTON-EX.VIRGIN OLIVE OIL (12 x 1 LTR) PLASTIC',90.00,45.00,NULL,NULL,0.00,NULL,0,1,4,NULL,'2020-11-15 18:24:38','2020-11-15 18:24:38'),(381,'ARISTON-EX.VIRGIN OLIVE OIL (6 x 3 LTRS) PLASTIC',99.00,49.50,NULL,NULL,0.00,NULL,0,1,4,NULL,'2020-11-15 18:24:38','2020-11-15 18:24:38'),(382,'GREEK DIAMOND EXTRA VIRGIN OLIVE OIL IN TIN 4 X 3 L',70.00,35.00,NULL,NULL,0.00,NULL,0,1,4,NULL,'2020-11-15 18:24:38','2020-11-15 18:24:38'),(383,'TAU ORGANIC OLIVE OIL 12 x 750ml',76.00,38.00,NULL,NULL,0.00,NULL,0,1,4,NULL,'2020-11-15 18:24:38','2020-11-15 18:24:38'),(384,'TAU ORGANIC OLIVE OIL 6 x 3Ltrs',130.00,65.00,NULL,NULL,0.00,NULL,0,1,4,NULL,'2020-11-15 18:24:38','2020-11-15 18:24:38'),(385,'GREEN PITTED MAMMOTH OLIVES 10 KG',67.75,33.88,NULL,NULL,0.00,NULL,0,1,4,NULL,'2020-11-15 18:24:38','2020-11-15 18:24:38'),(386,'KRITI GOLD EXTRA VIRGIN BIO OLIVE OIL 6 X 3LTR',125.00,62.50,NULL,NULL,0.00,NULL,0,1,4,NULL,'2020-11-15 18:24:38','2020-11-15 18:24:38'),(387,'KRITIKO EXTRA VIRGIN OLIVE OIL 12 X 750ML',60.00,30.00,NULL,NULL,0.00,NULL,0,1,4,NULL,'2020-11-15 18:24:39','2020-11-15 18:24:39'),(388,'MINOAN EXTRA VIRGIN OLIVE OIL 12 X 750ML',60.00,30.00,NULL,NULL,0.00,NULL,0,1,4,NULL,'2020-11-15 18:24:39','2020-11-15 18:24:39'),(389,'LATZIMAS EXTRA VIRGIN BIO OLIVE OIL 12 X 1LTR',80.00,40.00,NULL,NULL,0.00,NULL,0,1,4,NULL,'2020-11-15 18:24:39','2020-11-15 18:24:39'),(390,'MOREHOUSE MUSTARD SQUEEZE 12 X 400ML',12.00,6.00,NULL,NULL,0.00,NULL,0,1,4,NULL,'2020-11-15 18:24:39','2020-11-15 18:24:39'),(391,'ARISTON WHOLE PEPPERCCINI 4 X 3.75LTRS',22.95,11.48,NULL,NULL,0.00,NULL,0,1,4,NULL,'2020-11-15 18:24:39','2020-11-15 18:24:39'),(392,'GREEK PICKLED PEPPERS 7KG - PELOPONISO',24.68,12.34,NULL,NULL,0.00,NULL,0,1,4,NULL,'2020-11-15 18:24:39','2020-11-15 18:24:39'),(393,'GREEK PEPPERCINI 7KG - DIMITRA',24.15,12.08,NULL,NULL,0.00,NULL,0,1,4,NULL,'2020-11-15 18:24:39','2020-11-15 18:24:39'),(394,'SOFIA VINEGAR 12 X 1L',11.25,5.63,NULL,NULL,0.00,NULL,0,1,4,NULL,'2020-11-15 18:24:40','2020-11-15 18:24:40'),(395,'SOFIA VINEGAR 4 X4L',8.50,4.25,NULL,NULL,0.00,NULL,0,1,4,NULL,'2020-11-15 18:24:40','2020-11-15 18:24:40'),(396,'ARISTON LEMON SEASONING 4 X 4L',16.75,8.38,NULL,NULL,0.00,NULL,0,1,4,NULL,'2020-11-15 18:24:40','2020-11-15 18:24:40'),(397,'PUTTERS-BREAD & BUTTER PICKLES 12 X 1L',32.95,16.48,NULL,NULL,0.00,NULL,0,1,4,NULL,'2020-11-15 18:24:41','2020-11-15 18:24:41'),(398,'PUTTERS-CRUNCHY DILLS 12 X 1L',33.95,16.98,NULL,NULL,0.00,NULL,0,1,4,NULL,'2020-11-15 18:24:41','2020-11-15 18:24:41'),(399,'PUTTERS-DILL PICKLES KOSHER 12 X 1L',33.95,16.98,NULL,NULL,0.00,NULL,0,1,4,NULL,'2020-11-15 18:24:41','2020-11-15 18:24:41'),(400,'PUTTERS-DILL PICKLES KOSHER 2 X 4L',21.60,10.80,NULL,NULL,0.00,NULL,0,1,4,NULL,'2020-11-15 18:24:41','2020-11-15 18:24:41'),(401,'PUTTERS DILL PICKLES KOSHER BLUE 20L',30.00,15.00,NULL,NULL,0.00,NULL,0,1,4,NULL,'2020-11-15 18:24:41','2020-11-15 18:24:41'),(402,'PUTTERS-DILL PICKLES ORIGINAL  12 X 1L',33.95,16.98,NULL,NULL,0.00,NULL,0,1,4,NULL,'2020-11-15 18:24:41','2020-11-15 18:24:41'),(403,'PUTTERS-DILL PICKLES ORIGINAL 6 X 2L',32.70,16.35,NULL,NULL,0.00,NULL,0,1,4,NULL,'2020-11-15 18:24:42','2020-11-15 18:24:42'),(404,'PUTTERS-DILL TOMATOES 12 X 1L',33.50,16.75,NULL,NULL,0.00,NULL,0,1,4,NULL,'2020-11-15 18:24:42','2020-11-15 18:24:42'),(405,'PUTTERS-HAMBURGER SLICED 20L',34.45,17.23,NULL,NULL,0.00,NULL,0,1,4,NULL,'2020-11-15 18:24:42','2020-11-15 18:24:42'),(406,'PUTTERS-HOT BANANA WHOLE 2 X 4L',23.75,11.88,NULL,NULL,0.00,NULL,0,1,4,NULL,'2020-11-15 18:24:42','2020-11-15 18:24:42'),(407,'PUTTERS-HOT BANANA SLICED 2 X 4L',19.50,9.75,NULL,NULL,0.00,NULL,0,1,4,NULL,'2020-11-15 18:24:42','2020-11-15 18:24:42'),(408,'PUTTERS HOT BANANA SLICED 12X750ML',33.95,16.98,NULL,NULL,0.00,NULL,0,1,4,NULL,'2020-11-15 18:24:42','2020-11-15 18:24:42'),(409,'PUTTERS-HOT BANANA WHOLE 12 X 750ML',33.95,16.98,NULL,NULL,0.00,NULL,0,1,4,NULL,'2020-11-15 18:24:43','2020-11-15 18:24:43'),(410,'PUTTERS HOT CHERRY 12 X 750ML',33.75,16.88,NULL,NULL,0.00,NULL,0,1,4,NULL,'2020-11-15 18:24:43','2020-11-15 18:24:43'),(411,'PUTTERS-HOT CHERRY 2 X 4L',23.70,11.85,NULL,NULL,0.00,NULL,0,1,4,NULL,'2020-11-15 18:24:43','2020-11-15 18:24:43'),(412,'PUTTERS-SAUERKRAUT 12 X 1L',33.95,16.98,NULL,NULL,0.00,NULL,0,1,4,NULL,'2020-11-15 18:24:43','2020-11-15 18:24:43'),(413,'PUTTERS SAUERKRAUT 20L',34.25,17.13,NULL,NULL,0.00,NULL,0,1,4,NULL,'2020-11-15 18:24:43','2020-11-15 18:24:43'),(414,'PUTTERS-SPICY DILL PICKLES 12 X 1L',33.95,16.98,NULL,NULL,0.00,NULL,0,1,4,NULL,'2020-11-15 18:24:43','2020-11-15 18:24:43'),(415,'PUTTERS-SWEET PIMENTOES 2 X 4L',21.85,10.93,NULL,NULL,0.00,NULL,0,1,4,NULL,'2020-11-15 18:24:44','2020-11-15 18:24:44'),(416,'PUTTERS-SWEET RELISH 2 X 4L',22.50,11.25,NULL,NULL,0.00,NULL,0,1,4,NULL,'2020-11-15 18:24:44','2020-11-15 18:24:44'),(417,'PUTTERS SWEET SLICED PIMENTOES 12 X 750ML',33.95,16.98,NULL,NULL,0.00,NULL,0,1,4,NULL,'2020-11-15 18:24:44','2020-11-15 18:24:44'),(418,'PUTTERS-YELLOW MUSTARD 4 X 4L',22.70,11.35,NULL,NULL,0.00,NULL,0,1,4,NULL,'2020-11-15 18:24:44','2020-11-15 18:24:44'),(419,'PUTTERS DILL PICKLES KOSHER GREEN  20L',34.25,17.13,NULL,NULL,0.00,NULL,0,1,4,NULL,'2020-11-15 18:24:44','2020-11-15 18:24:44'),(420,'CIBONA CHOUCROUTE SAUERKRAUT 12X1 LIT',27.50,13.75,NULL,NULL,0.00,NULL,0,1,4,NULL,'2020-11-15 18:24:44','2020-11-15 18:24:44'),(421,'CIBONA BEETRAVES BEETS 12X750M',25.00,12.50,NULL,NULL,0.00,NULL,0,1,4,NULL,'2020-11-15 18:24:45','2020-11-15 18:24:45'),(422,'CIBONA BABY DILL PICKLES 12X1LIT',28.95,14.48,NULL,NULL,0.00,NULL,0,1,4,NULL,'2020-11-15 18:24:45','2020-11-15 18:24:45'),(423,'CIBONA SLICED PEPPER RINGS 12 X 750 ML',26.95,13.48,NULL,NULL,0.00,NULL,0,1,4,NULL,'2020-11-15 18:24:45','2020-11-15 18:24:45'),(424,'OMEGA LEMON JUICE 18 X 675 ML',12.95,6.48,NULL,NULL,0.00,NULL,0,1,4,NULL,'2020-11-15 18:24:45','2020-11-15 18:24:45'),(425,'SOFIA APRICOT HALVES 12 X 796 ML',23.95,11.98,NULL,NULL,0.00,NULL,0,1,4,NULL,'2020-11-15 18:24:45','2020-11-15 18:24:45'),(426,'SOFIA FRUIT COCKTAIL 12 X 796 ML',25.95,12.98,NULL,NULL,0.00,NULL,0,1,4,NULL,'2020-11-15 18:24:45','2020-11-15 18:24:45'),(427,'SOFIA PEACH HALVES 12 X 796ML',20.00,10.00,NULL,NULL,0.00,NULL,0,1,4,NULL,'2020-11-15 18:24:45','2020-11-15 18:24:45'),(428,'SOFIA PEACH HALVES 12 X 720 ML',27.00,13.50,NULL,NULL,0.00,NULL,0,1,4,NULL,'2020-11-15 18:24:46','2020-11-15 18:24:46'),(429,'BELOW ZERO FROZEN SLICED PEACHES IQF 5 X 1 KG',21.10,10.55,NULL,NULL,0.00,NULL,0,1,4,NULL,'2020-11-15 18:24:46','2020-11-15 18:24:46'),(430,'BELOW ZERO FROZEN SLICED PINEAPPLE IQF 5 X 1KG',19.80,9.90,NULL,NULL,0.00,NULL,0,1,4,NULL,'2020-11-15 18:24:46','2020-11-15 18:24:46'),(431,'BELOW ZERO FROZEN MANGO CHUNKS IQF 5 X 1 KG',23.95,11.98,NULL,NULL,0.00,NULL,0,1,4,NULL,'2020-11-15 18:24:46','2020-11-15 18:24:46'),(432,'BELOW ZERO FROZEN WILD BLUEBERRIES IQF 5 X 1 KG',38.95,19.48,NULL,NULL,0.00,NULL,0,1,4,NULL,'2020-11-15 18:24:46','2020-11-15 18:24:46'),(433,'BELOW ZERO FROZEN WHOLE RASPBERRIES IQF 5 X 1 KG',35.90,17.95,NULL,NULL,0.00,NULL,0,1,4,NULL,'2020-11-15 18:24:46','2020-11-15 18:24:46'),(434,'BELOW ZERO FROZEN WHOLE STRAWBERRIES IQF 5 X 1 KG',21.90,10.95,NULL,NULL,0.00,NULL,0,1,4,NULL,'2020-11-15 18:24:47','2020-11-15 18:24:47'),(435,'BELOW ZERO FROZEN 3 BERRY MIX IQF 5 X 1 KG',36.95,18.48,NULL,NULL,0.00,NULL,0,1,4,NULL,'2020-11-15 18:24:47','2020-11-15 18:24:47'),(436,'BELOW ZERO FROZEN 4 BERRY MIX IQF 5 X 1 KG',36.95,18.48,NULL,NULL,0.00,NULL,0,1,4,NULL,'2020-11-15 18:24:47','2020-11-15 18:24:47'),(437,'BELOW ZERO BANANA BERRY MIX IQF 5X1KG',31.90,15.95,NULL,NULL,0.00,NULL,0,1,4,NULL,'2020-11-15 18:24:47','2020-11-15 18:24:47'),(438,'BELOW ZERO DICED ONION IQF 6 X 2 KG',19.25,9.63,NULL,NULL,0.00,NULL,0,1,4,NULL,'2020-11-15 18:24:47','2020-11-15 18:24:47'),(439,'BELOW ZERO ROMANO GREEN BEANS IQF 6X2KG',34.65,17.33,NULL,NULL,0.00,NULL,0,1,4,NULL,'2020-11-15 18:24:47','2020-11-15 18:24:47'),(440,'BELOW ZERO BUTTERNUT SQUASH IQF 6X2KG',36.95,18.48,NULL,NULL,0.00,NULL,0,1,4,NULL,'2020-11-15 18:24:47','2020-11-15 18:24:47'),(441,'BELOW ZERO EXTRA FINE GREEN BEANS IQF 10X1KG',36.95,18.48,NULL,NULL,0.00,NULL,0,1,4,NULL,'2020-11-15 18:24:48','2020-11-15 18:24:48'),(442,'BELOW ZERO BRUSSEL SPROUT IQF 6X2KG',32.95,16.48,NULL,NULL,0.00,NULL,0,1,4,NULL,'2020-11-15 18:24:48','2020-11-15 18:24:48'),(443,'BELOW ZERO PRINCE EDWARD MEDLEY IQF 6X2KG',31.90,15.95,NULL,NULL,0.00,NULL,0,1,4,NULL,'2020-11-15 18:24:48','2020-11-15 18:24:48'),(444,'BELOW ZERO SWEET POTATO IQF 6X2KG',44.90,22.45,NULL,NULL,0.00,NULL,0,1,4,NULL,'2020-11-15 18:24:48','2020-11-15 18:24:48'),(445,'SOFIA PICKLED TURNIPS 12 X 500ML',21.00,10.50,NULL,NULL,0.00,NULL,0,1,4,NULL,'2020-11-15 18:24:48','2020-11-15 18:24:48'),(446,'ARISTON VEGETABLE SHORTENING WITH BUTTER 9KG PLASTIC',47.25,23.63,NULL,NULL,0.00,NULL,0,1,4,NULL,'2020-11-15 18:24:48','2020-11-15 18:24:48'),(447,'ARISTON VEGETABLE SHORTENING WITH BUTTER 6 X 670GR',28.35,14.18,NULL,NULL,0.00,NULL,0,1,4,NULL,'2020-11-15 18:24:48','2020-11-15 18:24:48'),(448,'MYLOS ROASTED RED PEPPERS 6 X 1.5LTRS',24.30,12.15,NULL,NULL,0.00,NULL,0,1,4,NULL,'2020-11-15 18:24:49','2020-11-15 18:24:49'),(449,'NESTOS VINE LEAVES IN JARS 6 X 1L',35.95,17.98,NULL,NULL,0.00,NULL,0,1,4,NULL,'2020-11-15 18:24:49','2020-11-15 18:24:49'),(450,'NESTOS BEETROOT IN JARS 12 X 720ML',28.50,14.25,NULL,NULL,0.00,NULL,0,1,4,NULL,'2020-11-15 18:24:49','2020-11-15 18:24:49'),(451,'NESTOS ROASTED EGGPLANT PUREE IN JARS 12 X 500 ML',34.95,17.48,NULL,NULL,0.00,NULL,0,1,4,NULL,'2020-11-15 18:24:49','2020-11-15 18:24:49'),(452,'NESTOS ROASTED RED PEPPERS 4 X 4.3 LTR',44.10,22.05,NULL,NULL,0.00,NULL,0,1,4,NULL,'2020-11-15 18:24:49','2020-11-15 18:24:49'),(453,'7 DAYS CROISSANT SINGLE SERVE CHOCOLATE 4 x 6 X 75 GR',18.90,9.45,NULL,NULL,0.00,NULL,0,1,4,NULL,'2020-11-15 18:24:49','2020-11-15 18:24:49'),(454,'7 DAYS CROISSANT SINGLE SERVE VANILLA 4 x 6 X 75 GR',18.90,9.45,NULL,NULL,0.00,NULL,0,1,4,NULL,'2020-11-15 18:24:50','2020-11-15 18:24:50'),(455,'7 DAYS CROISSANT SINGLE SERVE STRAWBERRY & VANILLA 4 x 6 X 75 GR',18.90,9.45,NULL,NULL,0.00,NULL,0,1,4,NULL,'2020-11-15 18:24:50','2020-11-15 18:24:50'),(456,'AGRINO CINNAMON RICE CAKES 12 X 115 G',21.00,10.50,NULL,NULL,0.00,NULL,0,1,4,NULL,'2020-11-15 18:24:50','2020-11-15 18:24:50'),(457,'AGRINO CORN CAKES 12 X 120 G',21.00,10.50,NULL,NULL,0.00,NULL,0,1,4,NULL,'2020-11-15 18:24:50','2020-11-15 18:24:50'),(458,'AGRINO LIGHTLY SALTED RICE CAKES 12 X 100 G',21.00,10.50,NULL,NULL,0.00,NULL,0,1,4,NULL,'2020-11-15 18:24:50','2020-11-15 18:24:50'),(459,'AGRINO MULTIGRAIN RICE CAKES 12 X 100 G',21.00,10.50,NULL,NULL,0.00,NULL,0,1,4,NULL,'2020-11-15 18:24:50','2020-11-15 18:24:50'),(460,'AGRINO OREGANO RICE CAKES 12 X 110 G',21.00,10.50,NULL,NULL,0.00,NULL,0,1,4,NULL,'2020-11-15 18:24:51','2020-11-15 18:24:51'),(461,'MR. PUFFS CHOCOLATE HAZELNUT SPREAD 6 X 725 G',28.50,14.25,NULL,NULL,0.00,NULL,0,1,4,NULL,'2020-11-15 18:24:51','2020-11-15 18:24:51'),(462,'7DAYS CROISSANT COCOA (12 X 6 X 60GR)',30.00,15.00,NULL,NULL,0.00,NULL,0,1,4,NULL,'2020-11-15 18:24:51','2020-11-15 18:24:51'),(463,'7DAYS CROISSANT CARAMEL (12 X 6 X 60 GR)',30.00,15.00,NULL,NULL,0.00,NULL,0,1,4,NULL,'2020-11-15 18:24:51','2020-11-15 18:24:51'),(464,'7D CROISSANT CHOCOLATE 8 X 185GR)',12.55,6.28,NULL,NULL,0.00,NULL,0,1,4,NULL,'2020-11-15 18:24:51','2020-11-15 18:24:51'),(465,'7D CROISSANT MILLEFEUILLE 8 X 185GR)',12.55,6.28,NULL,NULL,0.00,NULL,0,1,4,NULL,'2020-11-15 18:24:51','2020-11-15 18:24:51'),(466,'OUZO CANDIES- 20X250 GR',40.00,20.00,NULL,NULL,0.00,NULL,0,1,4,NULL,'2020-11-15 18:24:51','2020-11-15 18:24:51'),(467,'DIOTERRA SUNDRIED FIGS 24 X 285 G',100.80,50.40,NULL,NULL,0.00,NULL,0,1,4,NULL,'2020-11-15 18:24:52','2020-11-15 18:24:52'),(468,'DIOTERRA SULTANA RAISINS 24 X 200 G',60.00,30.00,NULL,NULL,0.00,NULL,0,1,4,NULL,'2020-11-15 18:24:52','2020-11-15 18:24:52'),(469,'DIOTERRA VOSTIZZA CURRANTS 24 X 200 G',60.00,30.00,NULL,NULL,0.00,NULL,0,1,4,NULL,'2020-11-15 18:24:52','2020-11-15 18:24:52'),(470,'MISKO BOWS #83 12 500GR',19.20,9.60,NULL,NULL,0.00,NULL,0,1,4,NULL,'2020-11-15 18:24:52','2020-11-15 18:24:52'),(471,'MISKO CANNELLONI 12 X 250GR',19.20,9.60,NULL,NULL,0.00,NULL,0,1,4,NULL,'2020-11-15 18:24:52','2020-11-15 18:24:52'),(472,'MISKO-CHILOPITAKI 12 X 500GR',25.20,12.60,NULL,NULL,0.00,NULL,0,1,4,NULL,'2020-11-15 18:24:52','2020-11-15 18:24:52'),(473,'MISKO CHILOPITES METSOVOU 12 X 500GR',25.20,12.60,NULL,NULL,0.00,NULL,0,1,4,NULL,'2020-11-15 18:24:52','2020-11-15 18:24:52'),(474,'MISKO CORALI #72 12 X 500GR',19.20,9.60,NULL,NULL,0.00,NULL,0,1,4,NULL,'2020-11-15 18:24:53','2020-11-15 18:24:53'),(475,'MISKO COUSCOUSAKI #60 12 X 500G 500G (5201010144608)',19.20,9.60,NULL,NULL,0.00,NULL,0,1,4,NULL,'2020-11-15 18:24:53','2020-11-15 18:24:53'),(476,'MISKO LASAGNE 24 X 500GR(5201010 103117)',38.40,19.20,NULL,NULL,0.00,NULL,0,1,4,NULL,'2020-11-15 18:24:53','2020-11-15 18:24:53'),(477,'MISKO MACARONI #2 24 X 500GR..(5201010103025)',38.40,19.20,NULL,NULL,0.00,NULL,0,1,4,NULL,'2020-11-15 18:24:53','2020-11-15 18:24:53'),(478,'MISKO MACARONI #3 24 X 500GR',38.40,19.20,NULL,NULL,0.00,NULL,0,1,4,NULL,'2020-11-15 18:24:53','2020-11-15 18:24:53'),(479,'MISKOMACARONI #5 24 X 500GR(5201010103056)',38.40,19.20,NULL,NULL,0.00,NULL,0,1,4,NULL,'2020-11-15 18:24:53','2020-11-15 18:24:53'),(480,'MISKO THIN NOODLES #13 20 X 250GR (FIDES)(05201010009860)',25.20,12.60,NULL,NULL,0.00,NULL,0,1,4,NULL,'2020-11-15 18:24:53','2020-11-15 18:24:53'),(481,'MISKO PENNE #81 12 X 500GR(5201010 001505)',19.20,9.60,NULL,NULL,0.00,NULL,0,1,4,NULL,'2020-11-15 18:24:54','2020-11-15 18:24:54'),(482,'MISKO PEPONAKI #58 12 X 500GR (5201010144585)',19.20,9.60,NULL,NULL,0.00,NULL,0,1,4,NULL,'2020-11-15 18:24:54','2020-11-15 18:24:54'),(483,'MISKO RISONI LARGE #51 20 X 500GR (KRITHARAKI) (05201010000195)',32.00,16.00,NULL,NULL,0.00,NULL,0,1,4,NULL,'2020-11-15 18:24:54','2020-11-15 18:24:54'),(484,'MISKO SEMOLINA THICK 12 X 400GR(5201010 000843)',19.20,9.60,NULL,NULL,0.00,NULL,0,1,4,NULL,'2020-11-15 18:24:54','2020-11-15 18:24:54'),(485,'MISKO SEMOLINA THIN 12 X 400GR(5201010 000829)',19.20,9.60,NULL,NULL,0.00,NULL,0,1,4,NULL,'2020-11-15 18:24:54','2020-11-15 18:24:54'),(486,'MISKO SESAME SOUSAMAKI #62 12 X 500GR',19.20,9.60,NULL,NULL,0.00,NULL,0,1,4,NULL,'2020-11-15 18:24:54','2020-11-15 18:24:54'),(487,'MISKO SPAGHETTINI # 10 24 X 500GR(5201010 103100)',38.40,19.20,NULL,NULL,0.00,NULL,0,1,4,NULL,'2020-11-15 18:24:54','2020-11-15 18:24:54'),(488,'MISKO SPAGHETTI #6 (24 X 500GR)..(05201010009808)',38.40,19.20,NULL,NULL,0.00,NULL,0,1,4,NULL,'2020-11-15 18:24:55','2020-11-15 18:24:55'),(489,'MISKO STARS #59 12 X 500G..(5201010144592)',19.20,9.60,NULL,NULL,0.00,NULL,0,1,4,NULL,'2020-11-15 18:24:55','2020-11-15 18:24:55'),(490,'MISKO TUBETTI #55 12 X 500GR',19.20,9.60,NULL,NULL,0.00,NULL,0,1,4,NULL,'2020-11-15 18:24:55','2020-11-15 18:24:55'),(491,'MISKO FUSILLI TWIRLS #77 12 X 500GR..(0520101000331)',19.20,9.60,NULL,NULL,0.00,NULL,0,1,4,NULL,'2020-11-15 18:24:55','2020-11-15 18:24:55'),(492,'MISKO GNOCCI 12 X 500GR',19.20,9.60,NULL,NULL,0.00,NULL,0,1,4,NULL,'2020-11-15 18:24:55','2020-11-15 18:24:55'),(493,'MISKO CHEESE TORTELLINI 20 X 250 G',50.00,25.00,NULL,NULL,0.00,NULL,0,1,4,NULL,'2020-11-15 18:24:55','2020-11-15 18:24:55'),(494,'MISKO RIGATONI #71 12 X 500GR',19.20,9.60,NULL,NULL,0.00,NULL,0,1,4,NULL,'2020-11-15 18:24:55','2020-11-15 18:24:55'),(495,'MISKO SHELLS 12 X 500GR',19.20,9.60,NULL,NULL,0.00,NULL,0,1,4,NULL,'2020-11-15 18:24:56','2020-11-15 18:24:56'),(496,'MISKO TAGLIATELIE (10 X 500GR)',21.00,10.50,NULL,NULL,0.00,NULL,0,1,4,NULL,'2020-11-15 18:24:56','2020-11-15 18:24:56'),(497,'MISKO WHOLE WHEAT SPAGHETTI 6 (24X500GR)',38.40,19.20,NULL,NULL,0.00,NULL,0,1,4,NULL,'2020-11-15 18:24:56','2020-11-15 18:24:56'),(498,'MISKO KRITHARAKI GOLD LINE (12X500GR)',19.20,9.60,NULL,NULL,0.00,NULL,0,1,4,NULL,'2020-11-15 18:24:56','2020-11-15 18:24:56'),(499,'MISKO GOLD LINE SPAGHETTI (24X500GR)',38.40,19.20,NULL,NULL,0.00,NULL,0,1,4,NULL,'2020-11-15 18:24:56','2020-11-15 18:24:56'),(500,'MISKO WHOLE WHEAT SPAGHETTINI#10  (24X500GR)',38.40,19.20,NULL,NULL,0.00,NULL,0,1,4,NULL,'2020-11-15 18:24:56','2020-11-15 18:24:56'),(501,'MISKO GOLD LINE MACARONI #2 PASTITSIO (18X500GR)',28.80,14.40,NULL,NULL,0.00,NULL,0,1,4,NULL,'2020-11-15 18:24:57','2020-11-15 18:24:57'),(502,'MISKO WHOLE WHEAT TWIRLS 12 X 500G',19.20,9.60,NULL,NULL,0.00,NULL,0,1,4,NULL,'2020-11-15 18:24:57','2020-11-15 18:24:57'),(503,'MISKO WHOLE WHEAT LINGUINI 24 X 500 G',38.40,19.20,NULL,NULL,0.00,NULL,0,1,4,NULL,'2020-11-15 18:24:57','2020-11-15 18:24:57'),(504,'MISKO WHOLE WHEAT PENNE RIGATE 12 X 500 G',19.20,9.60,NULL,NULL,0.00,NULL,0,1,4,NULL,'2020-11-15 18:24:57','2020-11-15 18:24:57'),(505,'MISKO WHOLE WHEAT RISONI 12 X 500 G',19.20,9.60,NULL,NULL,0.00,NULL,0,1,4,NULL,'2020-11-15 18:24:57','2020-11-15 18:24:57'),(506,'MISKO WHOLE WHEAT KOFTO TUBETTI 12 X 500G',19.20,9.60,NULL,NULL,0.00,NULL,0,1,4,NULL,'2020-11-15 18:24:57','2020-11-15 18:24:57'),(507,'MISKO CUT/FIDES NOODLES 12 X 500GR',19.20,9.60,NULL,NULL,0.00,NULL,0,1,4,NULL,'2020-11-15 18:24:57','2020-11-15 18:24:57'),(508,'TOMADIMI PASTA - 9 X 500G.',5.40,2.70,NULL,NULL,0.00,NULL,0,1,4,NULL,'2020-11-15 18:24:58','2020-11-15 18:24:58'),(509,'CRETAN HOUSE PASTA - SWEET TRAHANAS 24 X 500 G',66.00,33.00,NULL,NULL,0.00,NULL,0,1,4,NULL,'2020-11-15 18:24:58','2020-11-15 18:24:58'),(510,'CRETAN HOUSE PASTA - SOUR TRAHANAS 24 X 500 G',66.00,33.00,NULL,NULL,0.00,NULL,0,1,4,NULL,'2020-11-15 18:24:58','2020-11-15 18:24:58'),(511,'CRETAN HOUSE PASTA - THIN CHILOPITES 15 X 500 G',41.25,20.63,NULL,NULL,0.00,NULL,0,1,4,NULL,'2020-11-15 18:24:58','2020-11-15 18:24:58'),(512,'CRETAN HOUSE PASTA - CHILOPITES GOURMAND 12 X 500 G',33.00,16.50,NULL,NULL,0.00,NULL,0,1,4,NULL,'2020-11-15 18:24:58','2020-11-15 18:24:58'),(513,'CRETAN HOUSE PASTA - SKIOUFIKTA 16 X 500 G',44.00,22.00,NULL,NULL,0.00,NULL,0,1,4,NULL,'2020-11-15 18:24:58','2020-11-15 18:24:58'),(514,'ARISTON-WHITE KIDNEY BEANS 12X750GR',26.95,13.48,NULL,NULL,0.00,NULL,0,1,4,NULL,'2020-11-15 18:24:58','2020-11-15 18:24:58'),(515,'ARISTON-LIGHT RED KIDNEY BEANS 12X750 GR',23.95,11.98,NULL,NULL,0.00,NULL,0,1,4,NULL,'2020-11-15 18:24:59','2020-11-15 18:24:59'),(516,'ARISTON-NAVY BEANS 12X750GR',19.95,9.98,NULL,NULL,0.00,NULL,0,1,4,NULL,'2020-11-15 18:24:59','2020-11-15 18:24:59'),(517,'ARISTON-CHICK PEAS 12X750GR',34.95,17.48,NULL,NULL,0.00,NULL,0,1,4,NULL,'2020-11-15 18:24:59','2020-11-15 18:24:59'),(518,'ARISTON-EASTON SMALL GREEN LENTILS 12X750GR',21.60,10.80,NULL,NULL,0.00,NULL,0,1,4,NULL,'2020-11-15 18:24:59','2020-11-15 18:24:59'),(519,'ARISTON-GREEN LAIRD LENTILS #1 12X750GR',21.60,10.80,NULL,NULL,0.00,NULL,0,1,4,NULL,'2020-11-15 18:24:59','2020-11-15 18:24:59'),(520,'ARISTON-BLACK EYE BEANS 12X750GR',27.00,13.50,NULL,NULL,0.00,NULL,0,1,4,NULL,'2020-11-15 18:24:59','2020-11-15 18:24:59'),(521,'ARISTON-JUMBO LIMA BEANS 12X750GR',54.00,27.00,NULL,NULL,0.00,NULL,0,1,4,NULL,'2020-11-15 18:24:59','2020-11-15 18:24:59'),(522,'ARISTON-PARBOILED LONG GRAIN RICE 12X750GR',14.95,7.48,NULL,NULL,0.00,NULL,0,1,4,NULL,'2020-11-15 18:24:59','2020-11-15 18:24:59'),(523,'ARISTON-ITALIAN STYLE RICE 12X750GR',22.00,11.00,NULL,NULL,0.00,NULL,0,1,4,NULL,'2020-11-15 18:25:00','2020-11-15 18:25:00'),(524,'ARISTON-PEARLED SOFT WHEAT 12X750GR',17.00,8.50,NULL,NULL,0.00,NULL,0,1,4,NULL,'2020-11-15 18:25:00','2020-11-15 18:25:00'),(525,'DANOUZA XENOHONDRO TRADITIONAL SOUR FRUMENTY 12 X 500 GR',60.00,30.00,NULL,NULL,0.00,NULL,0,1,4,NULL,'2020-11-15 18:25:00','2020-11-15 18:25:00'),(526,'AGRINO EXOTIC BASMATI RICE FROM INDIA 12 X 500G',36.00,18.00,NULL,NULL,0.00,NULL,0,1,4,NULL,'2020-11-15 18:25:00','2020-11-15 18:25:00'),(527,'AGRINO EXOTIC JASMINE RICE FROM THAILAND 12 X 500G',36.00,18.00,NULL,NULL,0.00,NULL,0,1,4,NULL,'2020-11-15 18:25:00','2020-11-15 18:25:00'),(528,'AGRINO EXOTIC ARBORIO RICE FROM ITALY 12 X 500G',36.00,18.00,NULL,NULL,0.00,NULL,0,1,4,NULL,'2020-11-15 18:25:00','2020-11-15 18:25:00'),(529,'AGRINO EXOTIC WILD RICE FROM THE USA (WITH GREEK PARBOILED) 12 X 500G',39.00,19.50,NULL,NULL,0.00,NULL,0,1,4,NULL,'2020-11-15 18:25:00','2020-11-15 18:25:00'),(530,'AGRINO GREEK PARBOILED BROWN RICE 12 X 500G',39.00,19.50,NULL,NULL,0.00,NULL,0,1,4,NULL,'2020-11-15 18:25:01','2020-11-15 18:25:01'),(531,'AGRINO GREEK LEMON RISOTTO 10 X 200 G',30.00,15.00,NULL,NULL,0.00,NULL,0,1,4,NULL,'2020-11-15 18:25:01','2020-11-15 18:25:01'),(532,'AGRINO GREEK WILD MUSHROOM RISOTTO 10 X 200 G',30.00,15.00,NULL,NULL,0.00,NULL,0,1,4,NULL,'2020-11-15 18:25:01','2020-11-15 18:25:01'),(533,'AGRINO GREEK RED SAFFRON RISOTTO 10 X 200 G',30.00,15.00,NULL,NULL,0.00,NULL,0,1,4,NULL,'2020-11-15 18:25:01','2020-11-15 18:25:01'),(534,'AGRINO GREEK HERBS & TOMATO RISOTTO 10 X 200 G',30.00,15.00,NULL,NULL,0.00,NULL,0,1,4,NULL,'2020-11-15 18:25:01','2020-11-15 18:25:01'),(535,'AGRINO -RICE SOUPE (12X500GR)',31.45,15.73,NULL,NULL,0.00,NULL,0,1,4,NULL,'2020-11-15 18:25:01','2020-11-15 18:25:01'),(536,'AGRINO -RICE FANCY (12X500GR)',31.45,15.73,NULL,NULL,0.00,NULL,0,1,4,NULL,'2020-11-15 18:25:02','2020-11-15 18:25:02'),(537,'AGRINO -RICE FINO (12X500GR)',31.45,15.73,NULL,NULL,0.00,NULL,0,1,4,NULL,'2020-11-15 18:25:02','2020-11-15 18:25:02'),(538,'AGRINO -BEANS MEDIUM(12X500GR)',33.55,16.78,NULL,NULL,0.00,NULL,0,1,4,NULL,'2020-11-15 18:25:02','2020-11-15 18:25:02'),(539,'AGRINO -BLACKEYED BEANS (12X500GR)',33.55,16.78,NULL,NULL,0.00,NULL,0,1,4,NULL,'2020-11-15 18:25:02','2020-11-15 18:25:02'),(540,'AGRINO -CRANBERRY BEANS(12X500GR)',33.55,16.78,NULL,NULL,0.00,NULL,0,1,4,NULL,'2020-11-15 18:25:02','2020-11-15 18:25:02'),(541,'AGRINO -FINE LENTILS(12X500GR)',30.40,15.20,NULL,NULL,0.00,NULL,0,1,4,NULL,'2020-11-15 18:25:03','2020-11-15 18:25:03'),(542,'AGRINO -CHICKPEAS (12X500GR)',36.70,18.35,NULL,NULL,0.00,NULL,0,1,4,NULL,'2020-11-15 18:25:03','2020-11-15 18:25:03'),(543,'MISKO BASIL, WINE AND THYME PASTA SAUCE 6 X 500 G',19.80,9.90,NULL,NULL,0.00,NULL,0,1,4,NULL,'2020-11-15 18:25:03','2020-11-15 18:25:03'),(544,'WHITE GIANT BEANS PGI from KASTORIA (12x500GR)',73.45,36.73,NULL,NULL,0.00,NULL,0,1,4,NULL,'2020-11-15 18:25:03','2020-11-15 18:25:03'),(545,'WHEAT DEHUSKED from LIMNOS-GR (12x500GR)',23.05,11.53,NULL,NULL,0.00,NULL,0,1,4,NULL,'2020-11-15 18:25:03','2020-11-15 18:25:03'),(546,'MISKO PEPPERS & OLIVES PASTA SAUCE 6 X 500 G',19.80,9.90,NULL,NULL,0.00,NULL,0,1,4,NULL,'2020-11-15 18:25:03','2020-11-15 18:25:03'),(547,'FAVA PGI from FENEOS (12x500GR)',44.10,22.05,NULL,NULL,0.00,NULL,0,1,4,NULL,'2020-11-15 18:25:04','2020-11-15 18:25:04'),(548,'7DAYS BIG TYROPITA 5 X 1KG',31.50,15.75,NULL,NULL,0.00,NULL,0,1,4,NULL,'2020-11-15 18:25:04','2020-11-15 18:25:04'),(549,'7DAYS BIG SPANAKOPITA 5 X 1KG',31.50,15.75,NULL,NULL,0.00,NULL,0,1,4,NULL,'2020-11-15 18:25:04','2020-11-15 18:25:04'),(550,'7DAYS MINI ROLLINI SPANAKOPITA 6 X 1KG',37.80,18.90,NULL,NULL,0.00,NULL,0,1,4,NULL,'2020-11-15 18:25:04','2020-11-15 18:25:04'),(551,'7DAYS MINI ROLLINI TYROPITA 6 X 1KG',37.80,18.90,NULL,NULL,0.00,NULL,0,1,4,NULL,'2020-11-15 18:25:04','2020-11-15 18:25:04'),(552,'7DAYS MINI TWISTS SPANAKOPITA 6 X 1KG',37.80,18.90,NULL,NULL,0.00,NULL,0,1,4,NULL,'2020-11-15 18:25:04','2020-11-15 18:25:04'),(553,'7DAYS MINI TWISTS TYROPITA 6 X 1KG',37.80,18.90,NULL,NULL,0.00,NULL,0,1,4,NULL,'2020-11-15 18:25:04','2020-11-15 18:25:04'),(554,'7DAYS HOMEMADE PHILADELPHIA PIE 45X200GR',67.50,33.75,NULL,NULL,0.00,NULL,0,1,4,NULL,'2020-11-15 18:25:04','2020-11-15 18:25:04'),(555,'7DAYS GREEK PITA BREAD (12 X 750GR)',25.99,13.00,NULL,NULL,0.00,NULL,0,1,4,NULL,'2020-11-15 18:25:05','2020-11-15 18:25:05'),(556,'7DAYS SINGLE PORTION BOUGATSA 40X220GR',42.00,21.00,NULL,NULL,0.00,NULL,0,1,4,NULL,'2020-11-15 18:25:05','2020-11-15 18:25:05'),(557,'7DAYS FILO PASTRY MEDIUM 12 X 450GR',26.95,13.48,NULL,NULL,0.00,NULL,0,1,4,NULL,'2020-11-15 18:25:05','2020-11-15 18:25:05'),(558,'7DAYS FILO PASTRY EXTRA FINE FOR SWEET PIES 12 X 450GR',26.95,13.48,NULL,NULL,0.00,NULL,0,1,4,NULL,'2020-11-15 18:25:05','2020-11-15 18:25:05'),(559,'7DAYS SINGLE PORTION TYROPITA..40 X 220GR',46.20,23.10,NULL,NULL,0.00,NULL,0,1,4,NULL,'2020-11-15 18:25:05','2020-11-15 18:25:05'),(560,'7DAYS SINGLE PORTION SPANAKOPITA..40 X 220GR',46.20,23.10,NULL,NULL,0.00,NULL,0,1,4,NULL,'2020-11-15 18:25:05','2020-11-15 18:25:05'),(561,'7DAYS KOULOURI ROUND MITZITHRA 35X200GR',38.50,19.25,NULL,NULL,0.00,NULL,0,1,4,NULL,'2020-11-15 18:25:06','2020-11-15 18:25:06'),(562,'7DAYS BOUGATSA 8 X 850GR',47.95,23.98,NULL,NULL,0.00,NULL,0,1,4,NULL,'2020-11-15 18:25:06','2020-11-15 18:25:06'),(563,'MINI TRIANGLES WITH MIZITHRA CHEESE (6KGS)',44.95,22.48,NULL,NULL,0.00,NULL,0,1,4,NULL,'2020-11-15 18:25:06','2020-11-15 18:25:06'),(564,'7DAYS ROUND THESSALONIKI KOULOURI 50 X 95G',29.40,14.70,NULL,NULL,0.00,NULL,0,1,4,NULL,'2020-11-15 18:25:06','2020-11-15 18:25:06'),(565,'7DAYS KOULOURI ROUND WITH HALVA 35X200GR',42.00,21.00,NULL,NULL,0.00,NULL,0,1,4,NULL,'2020-11-15 18:25:06','2020-11-15 18:25:06'),(566,'7DAYS KOULOURI WHOLEGRAIN ROUND 50X95GR',39.40,19.70,NULL,NULL,0.00,NULL,0,1,4,NULL,'2020-11-15 18:25:06','2020-11-15 18:25:06'),(567,'7DAYS FILO CHEESE PIE 6 X 850G',37.80,18.90,NULL,NULL,0.00,NULL,0,1,4,NULL,'2020-11-15 18:25:06','2020-11-15 18:25:06'),(568,'7DAYS FILO SPINACH PIE 6 X 850G',37.80,18.90,NULL,NULL,0.00,NULL,0,1,4,NULL,'2020-11-15 18:25:07','2020-11-15 18:25:07'),(569,'7DAYS FILO ROLLINI CHEESE 12 X 450G',37.80,18.90,NULL,NULL,0.00,NULL,0,1,4,NULL,'2020-11-15 18:25:07','2020-11-15 18:25:07'),(570,'7DAYS FILO ROLLINI SPINACH 12 X 450G',37.80,18.90,NULL,NULL,0.00,NULL,0,1,4,NULL,'2020-11-15 18:25:07','2020-11-15 18:25:07'),(571,'7DAYS TRIANGLE PIE WITH SPINACH-MITZITHRA-FETA CHEESE 40 X 220 GR',46.20,23.10,NULL,NULL,0.00,NULL,0,1,4,NULL,'2020-11-15 18:25:07','2020-11-15 18:25:07'),(572,'7DAYS TRIANGLE PIE WITH MITZITHRA-FETA CHEESE 40 X 220 GR',46.20,23.10,NULL,NULL,0.00,NULL,0,1,4,NULL,'2020-11-15 18:25:07','2020-11-15 18:25:07'),(573,'7DAYS(BOUGATSA)CREAMY SEMOLINA FILO PIE 12 X  450',50.40,25.20,NULL,NULL,0.00,NULL,0,1,4,NULL,'2020-11-15 18:25:07','2020-11-15 18:25:07'),(574,'7DAYS(BOUGATSA)PRALINA FILO 12 X 450',50.40,25.20,NULL,NULL,0.00,NULL,0,1,4,NULL,'2020-11-15 18:25:08','2020-11-15 18:25:08'),(575,'7DAYS MINI TYROPITA TRIANGLES 12X400GR CAN (5201231100773)',42.00,21.00,NULL,NULL,0.00,NULL,0,1,4,NULL,'2020-11-15 18:25:08','2020-11-15 18:25:08'),(576,'7DAYS MINI SPANAKOPITA TRIANGLES 12X400GR CAN (5201231100780)',42.00,21.00,NULL,NULL,0.00,NULL,0,1,4,NULL,'2020-11-15 18:25:08','2020-11-15 18:25:08'),(577,'7DAYS FILO PIE SPINACH AND MIZITHRA SQUARE (TRAY) 4X 2.2KG',52.45,26.23,NULL,NULL,0.00,NULL,0,1,4,NULL,'2020-11-15 18:25:08','2020-11-15 18:25:08'),(578,'7DAYS FILO PIE FETA  AND MIZITHRA  SQUARE (TRAY) 4X 2.2KG',52.45,26.23,NULL,NULL,0.00,NULL,0,1,4,NULL,'2020-11-15 18:25:08','2020-11-15 18:25:08'),(579,'7DAYS MINI PUFF PASTRY SPINACH 12X450GR',37.80,18.90,NULL,NULL,0.00,NULL,0,1,4,NULL,'2020-11-15 18:25:08','2020-11-15 18:25:08'),(580,'7DAYS MINI PUFF PASTRY CHEESE 12X450GR',37.80,18.90,NULL,NULL,0.00,NULL,0,1,4,NULL,'2020-11-15 18:25:08','2020-11-15 18:25:08'),(581,'7DAYS PUFF PASTRY-SFOLIATA 12X850GR',50.40,25.20,NULL,NULL,0.00,NULL,0,1,4,NULL,'2020-11-15 18:25:08','2020-11-15 18:25:08'),(582,'7DAYS SESAME GOUDA - KASERI 12X400GR (5201231100858)',42.00,21.00,NULL,NULL,0.00,NULL,0,1,4,NULL,'2020-11-15 18:25:09','2020-11-15 18:25:09'),(583,'7DAYS SESAME FETA- OREGANO 12X400GR (5201231100841)',42.00,21.00,NULL,NULL,0.00,NULL,0,1,4,NULL,'2020-11-15 18:25:09','2020-11-15 18:25:09'),(584,'7DAYS BIG FILO TWIST WITH APPLE 5X1KG',31.50,15.75,NULL,NULL,0.00,NULL,0,1,4,NULL,'2020-11-15 18:25:09','2020-11-15 18:25:09'),(585,'7 DAYS BAKE IT TWIST SPINACH & CHEESE 8X6X140GR',44.00,22.00,NULL,NULL,0.00,NULL,0,1,4,NULL,'2020-11-15 18:25:09','2020-11-15 18:25:09'),(586,'7 DAYS BAKE IT TWIST 4 CHEESES 8X6X140GR',44.00,22.00,NULL,NULL,0.00,NULL,0,1,4,NULL,'2020-11-15 18:25:09','2020-11-15 18:25:09'),(587,'7 DAYS BAKE IT TWIST APPLE 8X6X140GR',44.00,22.00,NULL,NULL,0.00,NULL,0,1,4,NULL,'2020-11-15 18:25:09','2020-11-15 18:25:09'),(588,'7 DAYS BAKE IT TWIST HAZELNUT 8X6X140GR',44.00,22.00,NULL,NULL,0.00,NULL,0,1,4,NULL,'2020-11-15 18:25:10','2020-11-15 18:25:10'),(589,'7 DAYS MINI FILO TWIST WITH APPLES 6X1KG',37.80,18.90,NULL,NULL,0.00,NULL,0,1,4,NULL,'2020-11-15 18:25:10','2020-11-15 18:25:10'),(590,'7 DAYS FILO ROLLINI WITH CREAM PATISSERIE 6X1KG',37.80,18.90,NULL,NULL,0.00,NULL,0,1,4,NULL,'2020-11-15 18:25:11','2020-11-15 18:25:11'),(591,'PC BUTTER PUFF PASTRY 12X450GR',30.00,15.00,NULL,NULL,0.00,NULL,0,1,4,NULL,'2020-11-15 18:25:11','2020-11-15 18:25:11'),(592,'PC PHYLLO PASTRY 12X454GR',21.60,10.80,NULL,NULL,0.00,NULL,0,1,4,NULL,'2020-11-15 18:25:11','2020-11-15 18:25:11'),(593,'IONIKI SESAME (STICK) WITH CHEESE(40 x 215GR)',42.95,21.48,NULL,NULL,0.00,NULL,0,1,4,NULL,'2020-11-15 18:25:11','2020-11-15 18:25:11'),(594,'IONIKI EXTRA KASSERI CHEESE (40 x 210GR)',42.95,21.48,NULL,NULL,0.00,NULL,0,1,4,NULL,'2020-11-15 18:25:11','2020-11-15 18:25:11'),(595,'IONIKI MINI THESSALONIKI BOUGATSA WITH CHEESE 20 X 530 GR',55.00,27.50,NULL,NULL,0.00,NULL,0,1,4,NULL,'2020-11-15 18:25:11','2020-11-15 18:25:11'),(596,'IONIKI - BUTTER PUFF PASTRY PIE WITH P.D.O KASSERI CHEESE FROM MYTILENE  35 x 150g',38.50,19.25,NULL,NULL,0.00,NULL,0,1,4,NULL,'2020-11-15 18:25:12','2020-11-15 18:25:12'),(597,'IONIKI MINI THESSALONIKI BOUGATSA WITH SPINACH 20 X 575 GR',55.00,27.50,NULL,NULL,0.00,NULL,0,1,4,NULL,'2020-11-15 18:25:12','2020-11-15 18:25:12'),(598,'IONIKIROUND KOULOURI WITH CHEESE 35 X 255 GR',49.00,24.50,NULL,NULL,0.00,NULL,0,1,4,NULL,'2020-11-15 18:25:12','2020-11-15 18:25:12'),(599,'IONIKI KOULOURI WITH TOMATO AND OLIVES (35 x 220gr)',51.45,25.73,NULL,NULL,0.00,NULL,0,1,4,NULL,'2020-11-15 18:25:12','2020-11-15 18:25:12'),(600,'IONIKI ROUND KOULOURI WITH HAZELNUT PRALINE (35 x 220gr)',55.13,27.57,NULL,NULL,0.00,NULL,0,1,4,NULL,'2020-11-15 18:25:12','2020-11-15 18:25:12'),(601,'IONIKI BUTTER PUFF PASTRY PIE WITH FETA CHEESE, HONEY AND SESAME(35x155GR)',36.75,18.38,NULL,NULL,0.00,NULL,0,1,4,NULL,'2020-11-15 18:25:12','2020-11-15 18:25:12'),(602,'KANAKI FILO PASTRY (6 x 2KG)',58.80,29.40,NULL,NULL,0.00,NULL,0,1,4,NULL,'2020-11-15 18:25:12','2020-11-15 18:25:12'),(603,'KANAKI KATAIFI (2 x 5KG)',58.80,29.40,NULL,NULL,0.00,NULL,0,1,4,NULL,'2020-11-15 18:25:13','2020-11-15 18:25:13'),(604,'KANAKI EXTRA THIN FILO PASTRY (6 X 2 KG)',56.70,28.35,NULL,NULL,0.00,NULL,0,1,4,NULL,'2020-11-15 18:25:13','2020-11-15 18:25:13'),(605,'ARABATZIS BIG TWIST SPINACH, MIZITHRA & FETA PIE - 9 x 1 KG',38.25,19.13,NULL,NULL,0.00,NULL,0,1,4,NULL,'2020-11-15 18:25:13','2020-11-15 18:25:13'),(606,'ALFA  AUTHENTIC GREEK PITA BREAD - 24 X 800GR',36.00,18.00,NULL,NULL,0.00,NULL,0,1,4,NULL,'2020-11-15 18:25:13','2020-11-15 18:25:13'),(607,'ALFA  AUTHENTIC PITA BREAD - 18 X 800 GR',27.00,13.50,NULL,NULL,0.00,NULL,0,1,4,NULL,'2020-11-15 18:25:13','2020-11-15 18:25:13'),(608,'ARABATZIS BIG TWIST SPINACH, MIZITHRA & FETA CHEESE PIE 6 X 1.5 KG',41.70,20.85,NULL,NULL,0.00,NULL,0,1,4,NULL,'2020-11-15 18:25:13','2020-11-15 18:25:13'),(609,'KOLIOS FROZEN CLASSIC 7\'\' GREEK PITA BREAD (12 BAGS)',14.40,7.20,NULL,NULL,0.00,NULL,0,1,4,NULL,'2020-11-15 18:25:13','2020-11-15 18:25:13'),(610,'BAKER MASTER JUMBO PUFF PASTRY PIE WITH FETA CHEESE FILLING 32 X 200 G',32.00,16.00,NULL,NULL,0.00,NULL,0,1,4,NULL,'2020-11-15 18:25:13','2020-11-15 18:25:13'),(611,'BAKER MASTER HANDMADE PUFF PASTRY KASSERI PIE 40 X 175 G',52.00,26.00,NULL,NULL,0.00,NULL,0,1,4,NULL,'2020-11-15 18:25:14','2020-11-15 18:25:14'),(612,'BAKER MASTER HANDMADE PUFF PASTRY VEGETABLE PIE 30 X 205 G',39.00,19.50,NULL,NULL,0.00,NULL,0,1,4,NULL,'2020-11-15 18:25:14','2020-11-15 18:25:14'),(613,'BAKER MASTER KOULOURI PUFF PASTRY PIE ANTHOTYRO 30 X 215 G',34.50,17.25,NULL,NULL,0.00,NULL,0,1,4,NULL,'2020-11-15 18:25:14','2020-11-15 18:25:14'),(614,'BAKER MASTER CROISSANT WITH PRALINE FILLING 50 X 174 G',57.50,28.75,NULL,NULL,0.00,NULL,0,1,4,NULL,'2020-11-15 18:25:14','2020-11-15 18:25:14'),(615,'-ION 500GR NOISETTA IN BAGS(12 X 500GR)',113.40,56.70,NULL,NULL,0.00,NULL,0,1,4,NULL,'2020-11-15 18:25:14','2020-11-15 18:25:14'),(616,'ION NUCREMA HAZELNUT COCOA SPREAD 9 X 400 G',24.00,12.00,NULL,NULL,0.00,NULL,0,1,4,NULL,'2020-11-15 18:25:14','2020-11-15 18:25:14'),(617,'ION SOKOFRETA CREAM 5 KG',27.00,13.50,NULL,NULL,0.00,NULL,0,1,4,NULL,'2020-11-15 18:25:15','2020-11-15 18:25:15'),(618,'ION MILK CHOCOLATE WITH WHOLE ALMONDS 5 X 270 GR',32.95,16.48,NULL,NULL,0.00,NULL,0,1,4,NULL,'2020-11-15 18:25:15','2020-11-15 18:25:15'),(619,'ION DARK CHOCOLATE WITH ESPRESSO FILLING 10 X 90 G',17.64,8.82,NULL,NULL,0.00,NULL,0,1,4,NULL,'2020-11-15 18:25:15','2020-11-15 18:25:15'),(620,'ION DARK CHOCOLATE WITH ORGANIC ORANGE 10 X 90 G',17.64,8.82,NULL,NULL,0.00,NULL,0,1,4,NULL,'2020-11-15 18:25:15','2020-11-15 18:25:15'),(621,'ION DARK CHOCOLATE 70% COCOA 10 X 90GR',17.64,8.82,NULL,NULL,0.00,NULL,0,1,4,NULL,'2020-11-15 18:25:15','2020-11-15 18:25:15'),(622,'ION SOKOFRETA STEVIA WITH MILK CHOCOLATE 20 X 30GR',12.55,6.28,NULL,NULL,0.00,NULL,0,1,4,NULL,'2020-11-15 18:25:15','2020-11-15 18:25:15'),(623,'ION SOKOFRETA CREAM 12X380GR',42.00,21.00,NULL,NULL,0.00,NULL,0,1,4,NULL,'2020-11-15 18:25:15','2020-11-15 18:25:15'),(624,'ION NUCREMA HAZEL. SPREADCREAM- PATISSERIE 10KG',55.00,27.50,NULL,NULL,0.00,NULL,0,1,4,NULL,'2020-11-15 18:25:16','2020-11-15 18:25:16'),(625,'ION MILK WITH ALMONDS 10 X 200GR',40.90,20.45,NULL,NULL,0.00,NULL,0,1,4,NULL,'2020-11-15 18:25:16','2020-11-15 18:25:16'),(626,'ION DARK CLASSIC 10 X 90G',17.64,8.82,NULL,NULL,0.00,NULL,0,1,4,NULL,'2020-11-15 18:25:16','2020-11-15 18:25:16'),(627,'ION DARK WITH ALMONDS SALTED CARAMEL 10 X 90G',17.64,8.82,NULL,NULL,0.00,NULL,0,1,4,NULL,'2020-11-15 18:25:16','2020-11-15 18:25:16'),(628,'ION MILK CHOCOLATE 10 X 200G',40.90,20.45,NULL,NULL,0.00,NULL,0,1,4,NULL,'2020-11-15 18:25:16','2020-11-15 18:25:16'),(629,'ION DARK WITH SUPER FRUITS 10 X 90 GR',17.64,8.82,NULL,NULL,0.00,NULL,0,1,4,NULL,'2020-11-15 18:25:16','2020-11-15 18:25:16'),(630,'ION ASSORTED CHOCOLATE COATED ALMONDS 10 X 200 G',42.00,21.00,NULL,NULL,0.00,NULL,0,1,4,NULL,'2020-11-15 18:25:17','2020-11-15 18:25:17'),(631,'ION MILK WITH HAZELNUTS 10 X 200GR',40.90,20.45,NULL,NULL,0.00,NULL,0,1,4,NULL,'2020-11-15 18:25:17','2020-11-15 18:25:17'),(632,'ION DARK CHOCOLATE COATED 10 X 200 G',42.00,21.00,NULL,NULL,0.00,NULL,0,1,4,NULL,'2020-11-15 18:25:17','2020-11-15 18:25:17'),(633,'ION MILK CHOCOLATED COATED ALMONDS 10 X 200 G',42.00,21.00,NULL,NULL,0.00,NULL,0,1,4,NULL,'2020-11-15 18:25:17','2020-11-15 18:25:17'),(634,'ION NOISETTA PRAILINES FANCY BOX 15 X 465 GR',250.00,125.00,NULL,NULL,0.00,NULL,0,1,4,NULL,'2020-11-15 18:25:17','2020-11-15 18:25:17'),(635,'ION MILK CHOCOLATE WITH STEVIA NO ADDED SUGAR 10 X 60G',15.75,7.88,NULL,NULL,0.00,NULL,0,1,4,NULL,'2020-11-15 18:25:17','2020-11-15 18:25:17'),(636,'ION MILK CHOCOLATE WITH STEVIA AND ALMONDS NO ADDED SUGAR (10 X 60G)',15.75,7.88,NULL,NULL,0.00,NULL,0,1,4,NULL,'2020-11-15 18:25:17','2020-11-15 18:25:17'),(637,'ION CHOCOLATE WAFER SOKOFRETA 20 X 38GR',12.55,6.28,NULL,NULL,0.00,NULL,0,1,4,NULL,'2020-11-15 18:25:18','2020-11-15 18:25:18'),(638,'ION MINI SOKOFRETA MILK CHOCOLATE WAFERS 16 X 210GR',58.00,29.00,NULL,NULL,0.00,NULL,0,1,4,NULL,'2020-11-15 18:25:18','2020-11-15 18:25:18'),(639,'ION SOKOFRETA WAFER WHITE CHOC COVERED 20 X 38GR',12.55,6.28,NULL,NULL,0.00,NULL,0,1,4,NULL,'2020-11-15 18:25:18','2020-11-15 18:25:18'),(640,'ION SOKOFRETA WAFER GLUTEN FREE 20 X 38GR',12.55,6.28,NULL,NULL,0.00,NULL,0,1,4,NULL,'2020-11-15 18:25:18','2020-11-15 18:25:18'),(641,'ION DARK WITH STEVA  NO ADDED SUGAR 10 X 60G',15.75,7.88,NULL,NULL,0.00,NULL,0,1,4,NULL,'2020-11-15 18:25:18','2020-11-15 18:25:18'),(642,'ION DARK CHOC. WITH STEVIA  AND ALMONDS NO ADDED SUGAR 10 X 60G',15.75,7.88,NULL,NULL,0.00,NULL,0,1,4,NULL,'2020-11-15 18:25:18','2020-11-15 18:25:18'),(643,'ION MILK CHCOLATE WITH STEVIA AND HAZELNUTS NO ADDED SUGAR 10 X 60G',15.75,7.88,NULL,NULL,0.00,NULL,0,1,4,NULL,'2020-11-15 18:25:18','2020-11-15 18:25:18'),(644,'ION CHOCOLATE PRALINES \'3 TASTES\' 12 X 270 G',48.00,24.00,NULL,NULL,0.00,NULL,0,1,4,NULL,'2020-11-15 18:25:19','2020-11-15 18:25:19'),(645,'ION MILK CHOCOLATE STICKS 20 X 35 G',14.00,7.00,NULL,NULL,0.00,NULL,0,1,4,NULL,'2020-11-15 18:25:19','2020-11-15 18:25:19'),(646,'ION MILK CHOCOLATE STICKS WITH ALMONDS  20 X 35 G',14.00,7.00,NULL,NULL,0.00,NULL,0,1,4,NULL,'2020-11-15 18:25:19','2020-11-15 18:25:19'),(647,'ION MILK CHOCOLATE STICKS WITH HAZELNUTS 20 X 35 G',14.00,7.00,NULL,NULL,0.00,NULL,0,1,4,NULL,'2020-11-15 18:25:19','2020-11-15 18:25:19'),(648,'ION DERBY MILK CHOCOCOLATE BAR WITH COCONUT  20 X 38GR',9.00,4.50,NULL,NULL,0.00,NULL,0,1,4,NULL,'2020-11-15 18:25:19','2020-11-15 18:25:19'),(649,'ION DERBY CHOCOLATE BAR WITH BISCUITS 20 X 38GR',9.00,4.50,NULL,NULL,0.00,NULL,0,1,4,NULL,'2020-11-15 18:25:19','2020-11-15 18:25:19'),(650,'ION DERBY DARK CHOCOLATE BAR WITH COCONUT CARAMEL 20 X 38GR',9.00,4.50,NULL,NULL,0.00,NULL,0,1,4,NULL,'2020-11-15 18:25:20','2020-11-15 18:25:20'),(651,'ION MINI DERBY MILK CHOCOLATE WITH COCONUT 16 X 270 G',58.00,29.00,NULL,NULL,0.00,NULL,0,1,4,NULL,'2020-11-15 18:25:20','2020-11-15 18:25:20'),(652,'ION NOISETTA PRALINES FANCY BOX 4 X 225GR',39.95,19.98,NULL,NULL,0.00,NULL,0,1,4,NULL,'2020-11-15 18:25:20','2020-11-15 18:25:20'),(653,'ION MINI SOKOFRETA WAFER WHITE CHOCOLATE COVERED 16 X 210 G',58.00,29.00,NULL,NULL,0.00,NULL,0,1,4,NULL,'2020-11-15 18:25:20','2020-11-15 18:25:20'),(654,'ION MINI SOKOFRETA WAFER DARK CHOCOLATE COATED 16 X 210 G',58.00,29.00,NULL,NULL,0.00,NULL,0,1,4,NULL,'2020-11-15 18:25:20','2020-11-15 18:25:20'),(655,'ION MINI SOKOFRETA MILK CHOCOLATE WAFER WITH HAZELNUTS 16 X 210 G',58.00,29.00,NULL,NULL,0.00,NULL,0,1,4,NULL,'2020-11-15 18:25:20','2020-11-15 18:25:20'),(656,'ION SOKOFRETA STICKS 20 x 10 X 13 G',70.00,35.00,NULL,NULL,0.00,NULL,0,1,4,NULL,'2020-11-15 18:25:20','2020-11-15 18:25:20'),(657,'ION SOKOFRETA BITES 12 X 127 G',24.00,12.00,NULL,NULL,0.00,NULL,0,1,4,NULL,'2020-11-15 18:25:21','2020-11-15 18:25:21'),(658,'ION CHOCOLATE COATING MILK 10 X (2X1KG)',195.00,97.50,NULL,NULL,0.00,NULL,0,1,4,NULL,'2020-11-15 18:25:21','2020-11-15 18:25:21'),(659,'ION CHOCOLATE COATING BITTER 10 X (2 X 1KG) (3011)',189.00,94.50,NULL,NULL,0.00,NULL,0,1,4,NULL,'2020-11-15 18:25:21','2020-11-15 18:25:21'),(660,'ION MINI MILK WITH ALMONDS 12 X 400GR',85.05,42.53,NULL,NULL,0.00,NULL,0,1,4,NULL,'2020-11-15 18:25:21','2020-11-15 18:25:21'),(661,'ION MINI MILK CHOCOLATE 12 X 400GR',85.05,42.53,NULL,NULL,0.00,NULL,0,1,4,NULL,'2020-11-15 18:25:21','2020-11-15 18:25:21'),(662,'ION MINI DARK CHOCOLATES 12 X 400GR',85.05,42.53,NULL,NULL,0.00,NULL,0,1,4,NULL,'2020-11-15 18:25:21','2020-11-15 18:25:21'),(663,'ION MINI DARK CHOCOLATES WITH ALMONDS 12 X 400GR',85.05,42.53,NULL,NULL,0.00,NULL,0,1,4,NULL,'2020-11-15 18:25:21','2020-11-15 18:25:21'),(664,'ION BREAK MILK WITH WHOLE ALMONDS 12 X 85GR',17.64,8.82,NULL,NULL,0.00,NULL,0,1,4,NULL,'2020-11-15 18:25:22','2020-11-15 18:25:22'),(665,'ION BREAK MILK WITH WHOLE HAZELNUTS 12 X 85GR',17.64,8.82,NULL,NULL,0.00,NULL,0,1,4,NULL,'2020-11-15 18:25:22','2020-11-15 18:25:22'),(666,'ION BREAK MILK 12 X 85GR',17.64,8.82,NULL,NULL,0.00,NULL,0,1,4,NULL,'2020-11-15 18:25:22','2020-11-15 18:25:22'),(667,'ION BREAK WHITE WITH RAISINS AND NUTS 12 X 85GR',17.64,8.82,NULL,NULL,0.00,NULL,0,1,4,NULL,'2020-11-15 18:25:22','2020-11-15 18:25:22'),(668,'ION BREAK WITH ALMONDS, ORANGE & LEMON PIECES 12 X 85G',17.64,8.82,NULL,NULL,0.00,NULL,0,1,4,NULL,'2020-11-15 18:25:22','2020-11-15 18:25:22'),(669,'ION CHOCOLATE COATING COMPOUND CHEF 10 X (2 X 1KG)',135.00,67.50,NULL,NULL,0.00,NULL,0,1,4,NULL,'2020-11-15 18:25:22','2020-11-15 18:25:22'),(670,'ION SOKOFRETA WAFER BITTER 20 X 38GR',12.55,6.28,NULL,NULL,0.00,NULL,0,1,4,NULL,'2020-11-15 18:25:22','2020-11-15 18:25:22'),(671,'ION SOKOFRETA MILK CHOCOLATE WAFER HAZELNUTS 20 X 38GR',12.55,6.28,NULL,NULL,0.00,NULL,0,1,4,NULL,'2020-11-15 18:25:23','2020-11-15 18:25:23'),(672,'BINGO AMARETTI WAFER 15 X 180 GR',18.85,9.43,NULL,NULL,0.00,NULL,0,1,4,NULL,'2020-11-15 18:25:23','2020-11-15 18:25:23'),(673,'ION COCOA POWDER IN PACKS 8 X 125 G',16.80,8.40,NULL,NULL,0.00,NULL,0,1,4,NULL,'2020-11-15 18:25:23','2020-11-15 18:25:23'),(674,'ION-BREAK NUTS & RAISINS 12 X 85 GR',17.64,8.82,NULL,NULL,0.00,NULL,0,1,4,NULL,'2020-11-15 18:25:23','2020-11-15 18:25:23'),(675,'ION MILK CHOCOLATE 5 X 270 GR',32.95,16.48,NULL,NULL,0.00,NULL,0,1,4,NULL,'2020-11-15 18:25:24','2020-11-15 18:25:24'),(676,'ION SOKOFRETA MILK WAFER STRAWBERRY FILLED 20 X 38GR',12.55,6.28,NULL,NULL,0.00,NULL,0,1,4,NULL,'2020-11-15 18:25:24','2020-11-15 18:25:24'),(677,'ION MILK CHOCOLATE WITH WHOLE HAZELNUTS 5 X 270 GR',32.95,16.48,NULL,NULL,0.00,NULL,0,1,4,NULL,'2020-11-15 18:25:24','2020-11-15 18:25:24'),(678,'ION MILK CHOCOLATE 10 X 100GR',19.90,9.95,NULL,NULL,0.00,NULL,0,1,4,NULL,'2020-11-15 18:25:24','2020-11-15 18:25:24'),(679,'ION NUCREMA WHITE SPREAD CREAM 10KG',55.00,27.50,NULL,NULL,0.00,NULL,0,1,4,NULL,'2020-11-15 18:25:24','2020-11-15 18:25:24'),(680,'ION MILK CHOCOLATE WITH HAZELNUT 10 X 100 G',19.90,9.95,NULL,NULL,0.00,NULL,0,1,4,NULL,'2020-11-15 18:25:24','2020-11-15 18:25:24'),(681,'ION MILK CHOCOLATE WITH ALMONDS 10 X 100 GR',19.90,9.95,NULL,NULL,0.00,NULL,0,1,4,NULL,'2020-11-15 18:25:24','2020-11-15 18:25:24'),(682,'GOLDEN BREAK WAFER ROLLS CAPPUCCINO CREAM FILLING 12 X 250 G',25.20,12.60,NULL,NULL,0.00,NULL,0,1,4,NULL,'2020-11-15 18:25:25','2020-11-15 18:25:25'),(683,'GOLDEN BREAK WAFER ROLLS DARK CHOCOLATE CREAM FILLING 12 X 250 G',25.20,12.60,NULL,NULL,0.00,NULL,0,1,4,NULL,'2020-11-15 18:25:25','2020-11-15 18:25:25'),(684,'GOLDEN BREAK WAFER ROLLS HAZELNUT CHOCOLATE CREAM FILLING 12 X 250 G',25.20,12.60,NULL,NULL,0.00,NULL,0,1,4,NULL,'2020-11-15 18:25:25','2020-11-15 18:25:25'),(685,'GOLDEN BREAK WAFER ROLLS VANILLA CREAM FILLING 12 X 250 G',25.20,12.60,NULL,NULL,0.00,NULL,0,1,4,NULL,'2020-11-15 18:25:25','2020-11-15 18:25:25'),(686,'GOLDEN BREAK WAFER ROLLS STRAWBERRY FILLING 12 X 250 G',25.20,12.60,NULL,NULL,0.00,NULL,0,1,4,NULL,'2020-11-15 18:25:25','2020-11-15 18:25:25'),(687,'GOLDEN BREAK WAFER ROLLS ALMOND 12 X 250 G',25.20,12.60,NULL,NULL,0.00,NULL,0,1,4,NULL,'2020-11-15 18:25:25','2020-11-15 18:25:25'),(688,'BELOW ZERO RAPINI CUT 5X1KG',18.65,9.33,NULL,NULL,0.00,NULL,0,1,4,NULL,'2020-11-15 18:25:26','2020-11-15 18:25:26'),(689,'BELOW ZERO PEAS & CARROTS 6X2KG',27.95,13.98,NULL,NULL,0.00,NULL,0,1,4,NULL,'2020-11-15 18:25:26','2020-11-15 18:25:26'),(690,'BELOW ZERO CORN 6X2 KG',27.95,13.98,NULL,NULL,0.00,NULL,0,1,4,NULL,'2020-11-15 18:25:26','2020-11-15 18:25:26'),(691,'BELOW ZERO DICED CARROTS 6X2 KG',19.85,9.93,NULL,NULL,0.00,NULL,0,1,4,NULL,'2020-11-15 18:25:26','2020-11-15 18:25:26'),(692,'BELOW ZERO PEAS 6X2 KG',27.95,13.98,NULL,NULL,0.00,NULL,0,1,4,NULL,'2020-11-15 18:25:26','2020-11-15 18:25:26'),(693,'BELOW ZERO BROCCOLI FLORETS 6X2 KG',35.50,17.75,NULL,NULL,0.00,NULL,0,1,4,NULL,'2020-11-15 18:25:26','2020-11-15 18:25:26'),(694,'BELOW ZERO CUT GREEN BEANS 6X2 KG',27.95,13.98,NULL,NULL,0.00,NULL,0,1,4,NULL,'2020-11-15 18:25:26','2020-11-15 18:25:26'),(695,'BELOW ZERO IQF REGULAR VEGETABLE MIX 6X2 KG',27.95,13.98,NULL,NULL,0.00,NULL,0,1,4,NULL,'2020-11-15 18:25:27','2020-11-15 18:25:27'),(696,'BELOW ZERO IQF CALIFORNIA MIX 6X2 KG',30.90,15.45,NULL,NULL,0.00,NULL,0,1,4,NULL,'2020-11-15 18:25:27','2020-11-15 18:25:27'),(697,'BELOW ZERO LOOSE SPINACH 12 X 2LBS',24.65,12.33,NULL,NULL,0.00,NULL,0,1,4,NULL,'2020-11-15 18:25:27','2020-11-15 18:25:27'),(698,'BELOW ZERO DICED TURNIPS 6X2KG',20.50,10.25,NULL,NULL,0.00,NULL,0,1,4,NULL,'2020-11-15 18:25:27','2020-11-15 18:25:27'),(699,'BELOW ZERO DICED RED PEPPER 6X2KG',31.90,15.95,NULL,NULL,0.00,NULL,0,1,4,NULL,'2020-11-15 18:25:27','2020-11-15 18:25:27'),(700,'BELOW ZERO DICED GREEN PEPPER 6X2KG',30.40,15.20,NULL,NULL,0.00,NULL,0,1,4,NULL,'2020-11-15 18:25:27','2020-11-15 18:25:27'),(701,'BELOW ZERO CAULIFLOWER FLORET 6X2KG',28.95,14.48,NULL,NULL,0.00,NULL,0,1,4,NULL,'2020-11-15 18:25:28','2020-11-15 18:25:28'),(702,'BELOW ZERO ITALIAN MIXED VEGETABLES 12X750GR',25.20,12.60,NULL,NULL,0.00,NULL,0,1,4,NULL,'2020-11-15 18:25:28','2020-11-15 18:25:28'),(703,'BELOW ZERO CORN 12X750GR',25.20,12.60,NULL,NULL,0.00,NULL,0,1,4,NULL,'2020-11-15 18:25:28','2020-11-15 18:25:28'),(704,'BELOW ZERO CHOPPED SPINACH 12X750G',25.20,12.60,NULL,NULL,0.00,NULL,0,1,4,NULL,'2020-11-15 18:25:28','2020-11-15 18:25:28'),(705,'BELOW ZERO PEAS & CARROTS 12X750G',25.20,12.60,NULL,NULL,0.00,NULL,0,1,4,NULL,'2020-11-15 18:25:28','2020-11-15 18:25:28'),(706,'BELOW ZERO PEAS 12X750GR',25.20,12.60,NULL,NULL,0.00,NULL,0,1,4,NULL,'2020-11-15 18:25:28','2020-11-15 18:25:28'),(707,'BELOW ZERO CUT BEANS 12X750GR',25.20,12.60,NULL,NULL,0.00,NULL,0,1,4,NULL,'2020-11-15 18:25:28','2020-11-15 18:25:28'),(708,'BELOW ZERO MIXED VEGETABLES 12X750GR',25.20,12.60,NULL,NULL,0.00,NULL,0,1,4,NULL,'2020-11-15 18:25:29','2020-11-15 18:25:29'),(709,'BELOW ZERO ORIENTAL MIXED VEGETABLES 12X750GR',25.20,12.60,NULL,NULL,0.00,NULL,0,1,4,NULL,'2020-11-15 18:25:29','2020-11-15 18:25:29'),(710,'BELOW ZERO CALIFORNIA MIXED VEGETABLES 12X750GR',25.20,12.60,NULL,NULL,0.00,NULL,0,1,4,NULL,'2020-11-15 18:25:29','2020-11-15 18:25:29'),(711,'BELOW ZERO WHOLE BEANS 12X750GR',25.20,12.60,NULL,NULL,0.00,NULL,0,1,4,NULL,'2020-11-15 18:25:29','2020-11-15 18:25:29'),(712,'NESCAFE \'FRAPPE\' DECAFE 24X100GR',189.00,94.50,NULL,NULL,0.00,NULL,0,1,4,NULL,'2020-11-15 18:25:29','2020-11-15 18:25:29'),(713,'NESCAFE \'FRAPPE\' 24 X 100G',154.00,77.00,NULL,NULL,0.00,NULL,0,1,4,NULL,'2020-11-15 18:25:29','2020-11-15 18:25:29'),(714,'NESCAFE \'FRAPPE\' 12 X 200GR',148.00,74.00,NULL,NULL,0.00,NULL,0,1,4,NULL,'2020-11-15 18:25:29','2020-11-15 18:25:29'),(715,'NESCAFE \'FRAPPE\' DECAFE 12 X 200GR',165.00,82.50,NULL,NULL,0.00,NULL,0,1,4,NULL,'2020-11-15 18:25:29','2020-11-15 18:25:29'),(716,'PAPAGALOS LOUMIDIS GREEK COFFEE 15 X 7OZ',81.00,40.50,NULL,NULL,0.00,NULL,0,1,4,NULL,'2020-11-15 18:25:30','2020-11-15 18:25:30'),(717,'PAPAGALOS LOUMIDIS GREEK COFFEE 12 X 16OZ (20603303040045)',122.00,61.00,NULL,NULL,0.00,NULL,0,1,4,NULL,'2020-11-15 18:25:30','2020-11-15 18:25:30'),(718,'GREEK SAGE 30 X 60GR',49.95,24.98,NULL,NULL,0.00,NULL,0,1,4,NULL,'2020-11-15 18:25:30','2020-11-15 18:25:30'),(719,'PAPAGALOS DECAF (30 x 3.5OZ)',130.00,65.00,NULL,NULL,0.00,NULL,0,1,4,NULL,'2020-11-15 18:25:30','2020-11-15 18:25:30'),(720,'MOUNTAIN TEA 12X40GR',27.46,13.73,NULL,NULL,0.00,NULL,0,1,4,NULL,'2020-11-15 18:25:30','2020-11-15 18:25:30'),(721,'SAGE LEAVES 12X40 GR',19.95,9.98,NULL,NULL,0.00,NULL,0,1,4,NULL,'2020-11-15 18:25:31','2020-11-15 18:25:31'),(722,'CHAMOMILE 12X40GR',22.67,11.34,NULL,NULL,0.00,NULL,0,1,4,NULL,'2020-11-15 18:25:31','2020-11-15 18:25:31'),(723,'BONOMELLI FILTROFIORE CHAMOMILE 8 X 28 G',20.45,10.23,NULL,NULL,0.00,NULL,0,1,4,NULL,'2020-11-15 18:25:31','2020-11-15 18:25:31'),(724,'BONOMELLI SIFTED CHAMOMILE 24 X 29 G',55.00,27.50,NULL,NULL,0.00,NULL,0,1,4,NULL,'2020-11-15 18:25:31','2020-11-15 18:25:31'),(725,'BONOMELLI INSTANT CHAMOMILE 24 X 100 G',55.00,27.50,NULL,NULL,0.00,NULL,0,1,4,NULL,'2020-11-15 18:25:31','2020-11-15 18:25:31'),(726,'OLYMPIA CHICAGO STYLE PITA BREAD(12 X 840GR)',27.70,13.85,NULL,NULL,0.00,NULL,0,1,4,NULL,'2020-11-15 18:25:31','2020-11-15 18:25:31'),(727,'OLYMPIA PITA CHICAGO STYLE PITA BREAD 6\'',24.25,12.13,NULL,NULL,0.00,NULL,0,1,4,NULL,'2020-11-15 18:25:32','2020-11-15 18:25:32'),(728,'ELBISCO CHOCOLATE CREAMS 12 X 200G',17.80,8.90,NULL,NULL,0.00,NULL,0,1,4,NULL,'2020-11-15 18:25:32','2020-11-15 18:25:32'),(729,'ALLATINI DIPPED BISCUITS12 X 275 GR',21.26,10.63,NULL,NULL,0.00,NULL,0,1,4,NULL,'2020-11-15 18:25:32','2020-11-15 18:25:32'),(730,'ELBISCO PETIT BEURRE ALATINI 16 X 225GR',18.85,9.43,NULL,NULL,0.00,NULL,0,1,4,NULL,'2020-11-15 18:25:32','2020-11-15 18:25:32'),(731,'ELBISCO COCOA CREAMS WITH VANILLA  ALATINI 12 X 200GR',17.80,8.90,NULL,NULL,0.00,NULL,0,1,4,NULL,'2020-11-15 18:25:32','2020-11-15 18:25:32'),(732,'ELBISCO VANILLA CREAMS ALATINI 12 X 200GR',17.80,8.90,NULL,NULL,0.00,NULL,0,1,4,NULL,'2020-11-15 18:25:32','2020-11-15 18:25:32'),(733,'ELBISCO ELITE WHEAT RUSKS \'EXPORT\' 24PX250GR. (5201485904547)',27.25,13.63,NULL,NULL,0.00,NULL,0,1,4,NULL,'2020-11-15 18:25:32','2020-11-15 18:25:32'),(734,'ELBISCO ELITE  WHEAT AND RYE RUSKS \'EXPORTS\' 32 X 180GR (5201485904240)',26.88,13.44,NULL,NULL,0.00,NULL,0,1,4,NULL,'2020-11-15 18:25:33','2020-11-15 18:25:33'),(735,'ALLATINI PETIT BEURE CHOCOLATE 16 X 225 GR',23.05,11.53,NULL,NULL,0.00,NULL,0,1,4,NULL,'2020-11-15 18:25:33','2020-11-15 18:25:33'),(736,'VOURDERIS APRICOT SPOON SWEETS 12 X 453GR',65.00,32.50,NULL,NULL,0.00,NULL,0,1,4,NULL,'2020-11-15 18:25:33','2020-11-15 18:25:33'),(737,'VOURDERIS CHERRY JAM SPOON SWEETS 12 X 453GR',76.00,38.00,NULL,NULL,0.00,NULL,0,1,4,NULL,'2020-11-15 18:25:33','2020-11-15 18:25:33'),(738,'VOURDERIS FIG SPOON SWEETS 12 X 453GR',65.00,32.50,NULL,NULL,0.00,NULL,0,1,4,NULL,'2020-11-15 18:25:33','2020-11-15 18:25:33'),(739,'VOURDERIS PERGAMOTTO SPOON SWEETS  12 X 453GR',65.00,32.50,NULL,NULL,0.00,NULL,0,1,4,NULL,'2020-11-15 18:25:33','2020-11-15 18:25:33'),(740,'VOURDERIS QUINCE SPOON SWEETS 12 X 453GR',65.00,32.50,NULL,NULL,0.00,NULL,0,1,4,NULL,'2020-11-15 18:25:33','2020-11-15 18:25:33'),(741,'VOURDERIS SOUR CHERRY SPOON SWEETS 12 X 453GR',76.00,38.00,NULL,NULL,0.00,NULL,0,1,4,NULL,'2020-11-15 18:25:34','2020-11-15 18:25:34'),(742,'VOURDERIS SOUR CHERRY SYRUP 12 X 900ML',79.00,39.50,NULL,NULL,0.00,NULL,0,1,4,NULL,'2020-11-15 18:25:34','2020-11-15 18:25:34'),(743,'VOURDERIS VANILLA SPOON SWEETS 12 X 453ML',49.95,24.98,NULL,NULL,0.00,NULL,0,1,4,NULL,'2020-11-15 18:25:34','2020-11-15 18:25:34'),(744,'VOURDERIS GRAPE 12 X 453GR',65.00,32.50,NULL,NULL,0.00,NULL,0,1,4,NULL,'2020-11-15 18:25:34','2020-11-15 18:25:34'),(745,'VOURDERIS PEAR 12 X 453GR',65.00,32.50,NULL,NULL,0.00,NULL,0,1,4,NULL,'2020-11-15 18:25:34','2020-11-15 18:25:34'),(746,'VOURDERIS WALNUT JAM 12 X 453GR',76.00,38.00,NULL,NULL,0.00,NULL,0,1,4,NULL,'2020-11-15 18:25:34','2020-11-15 18:25:34'),(747,'VOURDERIS MASTICHA SPOON SWEETS 12 X 453GR',49.95,24.98,NULL,NULL,0.00,NULL,0,1,4,NULL,'2020-11-15 18:25:34','2020-11-15 18:25:34'),(748,'VOURDERIS BITTER ORANGE (NERATZI) 12 x 453 GR',65.00,32.50,NULL,NULL,0.00,NULL,0,1,4,NULL,'2020-11-15 18:25:35','2020-11-15 18:25:35'),(749,'7DAYS SPINSPAN STRAWBERRY SPREAD 6 X 380 GR',14.98,7.49,NULL,NULL,0.00,NULL,0,1,4,NULL,'2020-11-15 18:25:35','2020-11-15 18:25:35'),(750,'7DAYS SPINSPAN SOUR CHERRY SPREAD 6 X 380 GR',14.98,7.49,NULL,NULL,0.00,NULL,0,1,4,NULL,'2020-11-15 18:25:35','2020-11-15 18:25:35'),(751,'7DAYS SPINSPAN 4 FRUITS SPREAD 6 X 380 GR',14.98,7.49,NULL,NULL,0.00,NULL,0,1,4,NULL,'2020-11-15 18:25:35','2020-11-15 18:25:35'),(752,'7DAYS SPINSPAN APRICOT SPREAD 6 X 380 G',14.98,7.49,NULL,NULL,0.00,NULL,0,1,4,NULL,'2020-11-15 18:25:35','2020-11-15 18:25:35'),(753,'7DAYS SPINSPAN PEACH SPREAD 6 X 380 GR',14.98,7.49,NULL,NULL,0.00,NULL,0,1,4,NULL,'2020-11-15 18:25:35','2020-11-15 18:25:35'),(754,'ORINO NUT BAR ALMOND & HONEY 12 X 60 G',12.00,6.00,NULL,NULL,0.00,NULL,0,1,4,NULL,'2020-11-15 18:25:35','2020-11-15 18:25:35'),(755,'ORINO NUT BAR MIXED NUTS & HONEY 12 X 60 G',12.00,6.00,NULL,NULL,0.00,NULL,0,1,4,NULL,'2020-11-15 18:25:36','2020-11-15 18:25:36'),(756,'ORINO NUT BAR SESAME & HONEY 12 X 70 G',8.40,4.20,NULL,NULL,0.00,NULL,0,1,4,NULL,'2020-11-15 18:25:36','2020-11-15 18:25:36'),(757,'ORINO NUT BAR PEANUT & HONEY 12 X 70 G',8.40,4.20,NULL,NULL,0.00,NULL,0,1,4,NULL,'2020-11-15 18:25:36','2020-11-15 18:25:36'),(758,'CRETAMEL YUM SESAME BARS 24 X 27G',6.00,3.00,NULL,NULL,0.00,NULL,0,1,4,NULL,'2020-11-15 18:25:36','2020-11-15 18:25:36'),(759,'CRETAMEL YUM SESAME BARS WITH CRANBERRIES 24 X 27G',6.00,3.00,NULL,NULL,0.00,NULL,0,1,4,NULL,'2020-11-15 18:25:36','2020-11-15 18:25:36'),(760,'CRETAMEL YUM SESAME BARS WITH PUMPKIN SEEDS 24 X 27 G',6.00,3.00,NULL,NULL,0.00,NULL,0,1,4,NULL,'2020-11-15 18:25:36','2020-11-15 18:25:36'),(761,'CRETAMEL MINI SESAME SNACKS WITH PUMPKIN SEEDS AND ALMONDS 12 X 125 G',21.00,10.50,NULL,NULL,0.00,NULL,0,1,4,NULL,'2020-11-15 18:25:36','2020-11-15 18:25:36'),(762,'CRETAMEL MINI SESAME SNACKS WITH APPLE AND CINNAMON 12 X 125 G',21.00,10.50,NULL,NULL,0.00,NULL,0,1,4,NULL,'2020-11-15 18:25:37','2020-11-15 18:25:37'),(763,'CRETAMEL MINI SOFT NOUGAT WITH CRANBERRIES IN FOIL BAGS 12 X 125 G',21.00,10.50,NULL,NULL,0.00,NULL,0,1,4,NULL,'2020-11-15 18:25:37','2020-11-15 18:25:37'),(764,'ORINO SOFT NOUGAT PEANUT BAR 15 X 70 G',10.50,5.25,NULL,NULL,0.00,NULL,0,1,4,NULL,'2020-11-15 18:25:37','2020-11-15 18:25:37'),(765,'ORINO SOFT NOUGAT ALMOND BAR 15 X 70 G',10.50,5.25,NULL,NULL,0.00,NULL,0,1,4,NULL,'2020-11-15 18:25:37','2020-11-15 18:25:37'),(766,'ORINO SOFT NOUGAT ORANGE BAR 12 X 70 G',10.50,5.25,NULL,NULL,0.00,NULL,0,1,4,NULL,'2020-11-15 18:25:37','2020-11-15 18:25:37'),(767,'ORINO SOFT NOUGAT STRAWBERRY BAR 15 X 70 G',10.50,5.25,NULL,NULL,0.00,NULL,0,1,4,NULL,'2020-11-15 18:25:37','2020-11-15 18:25:37'),(768,'CRETAMEL LOUKOUMI PISTACHIO FLAVOUR 6 X 300 G',12.00,6.00,NULL,NULL,0.00,NULL,0,1,4,NULL,'2020-11-15 18:25:37','2020-11-15 18:25:37'),(769,'CRETAMEL LOUKOUMI ALMOND FLAVOUR 6 X 300 G',12.00,6.00,NULL,NULL,0.00,NULL,0,1,4,NULL,'2020-11-15 18:25:38','2020-11-15 18:25:38'),(770,'CRETAMEL LOUKOUMI ROSE FLAVOUR 6 X 300 G',12.00,6.00,NULL,NULL,0.00,NULL,0,1,4,NULL,'2020-11-15 18:25:38','2020-11-15 18:25:38'),(771,'CRETAMEL LOUKOUMI MIXED FLAVOURS 6 X 300 G',12.00,6.00,NULL,NULL,0.00,NULL,0,1,4,NULL,'2020-11-15 18:25:38','2020-11-15 18:25:38'),(772,'CRETAMEL 3BAR SESAME SNACK 15X45GR',7.50,3.75,NULL,NULL,0.00,NULL,0,1,4,NULL,'2020-11-15 18:25:38','2020-11-15 18:25:38'),(773,'CRETAMEL 3BAR PEANUT 20X45GR',9.95,4.98,NULL,NULL,0.00,NULL,0,1,4,NULL,'2020-11-15 18:25:38','2020-11-15 18:25:38'),(774,'CRETAMEL SESAME BAR & CHOCOLATE 20X45GR',9.95,4.98,NULL,NULL,0.00,NULL,0,1,4,NULL,'2020-11-15 18:25:38','2020-11-15 18:25:38'),(775,'CRETAMEL SESAME NUT BAR 24X40GR',12.00,6.00,NULL,NULL,0.00,NULL,0,1,4,NULL,'2020-11-15 18:25:38','2020-11-15 18:25:38'),(776,'CRETAMEL PEANUT 24X40GR',12.00,6.00,NULL,NULL,0.00,NULL,0,1,4,NULL,'2020-11-15 18:25:39','2020-11-15 18:25:39'),(777,'CRETAMEL PEANUT BITES IN FOIL BAG 12X125GR',21.00,10.50,NULL,NULL,0.00,NULL,0,1,4,NULL,'2020-11-15 18:25:39','2020-11-15 18:25:39'),(778,'CRETAMEL BAKLAVA WITH NUTS & HONEY 6X140GR',16.95,8.48,NULL,NULL,0.00,NULL,0,1,4,NULL,'2020-11-15 18:25:39','2020-11-15 18:25:39'),(779,'CRETAMEL KANTAIFI WITH NUTS & HONEY 6X140GR',16.95,8.48,NULL,NULL,0.00,NULL,0,1,4,NULL,'2020-11-15 18:25:39','2020-11-15 18:25:39'),(780,'CRETAMEL BAKLAVA WITH CHOCOLATE 6X140GR',16.95,8.48,NULL,NULL,0.00,NULL,0,1,4,NULL,'2020-11-15 18:25:39','2020-11-15 18:25:39'),(781,'CRETAMEL CARAMELISED PEANUTS WITH SESAME COATING IN GIFT BOX 6X150GR',10.50,5.25,NULL,NULL,0.00,NULL,0,1,4,NULL,'2020-11-15 18:25:39','2020-11-15 18:25:39'),(782,'CRETAMEL CARAMELISED PEANUTS MIX IN GIFT BOX 6X150GR',10.50,5.25,NULL,NULL,0.00,NULL,0,1,4,NULL,'2020-11-15 18:25:39','2020-11-15 18:25:39'),(783,'CRETAMEL CARAMELISED PEANUTS STRAWBERRY FLAVORED IN GIFT BOX 6X150GR......',10.50,5.25,NULL,NULL,0.00,NULL,0,1,4,NULL,'2020-11-15 18:25:40','2020-11-15 18:25:40'),(784,'CRETAMEL JELLIES MIX FRUITS 12X200GR',25.20,12.60,NULL,NULL,0.00,NULL,0,1,4,NULL,'2020-11-15 18:25:40','2020-11-15 18:25:40'),(785,'CRETAMEL CANDIES FOREST FRUITS 12X200GR',25.20,12.60,NULL,NULL,0.00,NULL,0,1,4,NULL,'2020-11-15 18:25:40','2020-11-15 18:25:40'),(786,'CRETAMEL CANDIES MIX FRUITS 12X200GR',25.20,12.60,NULL,NULL,0.00,NULL,0,1,4,NULL,'2020-11-15 18:25:40','2020-11-15 18:25:40'),(787,'CRETAMEL CANDIES TROPICAL FRUITS 12X200',25.20,12.60,NULL,NULL,0.00,NULL,0,1,4,NULL,'2020-11-15 18:25:40','2020-11-15 18:25:40'),(788,'CRETAMEL TOFFEES MIX FRUITS 12X200GR',25.20,12.60,NULL,NULL,0.00,NULL,0,1,4,NULL,'2020-11-15 18:25:40','2020-11-15 18:25:40'),(789,'CRETAMEL CANDIES OUZO FLAVORED 12X200GR',25.20,12.60,NULL,NULL,0.00,NULL,0,1,4,NULL,'2020-11-15 18:25:40','2020-11-15 18:25:40'),(790,'ORINO GREEK HONEY IN SQUEEZE BOTTLES 12 X 500 G',84.00,42.00,NULL,NULL,0.00,NULL,0,1,4,NULL,'2020-11-15 18:25:40','2020-11-15 18:25:40'),(791,'CRETAMEL HONEY ORINO IN GLASS JAR 6 X 1 KG',84.00,42.00,NULL,NULL,0.00,NULL,0,1,4,NULL,'2020-11-15 18:25:41','2020-11-15 18:25:41'),(792,'CRETAMEL HONEY ORINO GOLD IN GLASS JAR 6 X 1KG',96.00,48.00,NULL,NULL,0.00,NULL,0,1,4,NULL,'2020-11-15 18:25:41','2020-11-15 18:25:41'),(793,'TRATA SARDINES IN SOYBEAN OIL 32 X 100GR',47.95,23.98,NULL,NULL,0.00,NULL,0,1,4,NULL,'2020-11-15 18:25:41','2020-11-15 18:25:41'),(794,'TRATA SARDINES WITH CHILI HOT PEPPERS 32 X 100GR',47.95,23.98,NULL,NULL,0.00,NULL,0,1,4,NULL,'2020-11-15 18:25:41','2020-11-15 18:25:41'),(795,'TRATA SARDINES IN TOMATO SAUCE 32 X 100GR',47.95,23.98,NULL,NULL,0.00,NULL,0,1,4,NULL,'2020-11-15 18:25:41','2020-11-15 18:25:41'),(796,'TRATA SARDINES IN OLIVE OIL 32 X 100GR',50.95,25.48,NULL,NULL,0.00,NULL,0,1,4,NULL,'2020-11-15 18:25:41','2020-11-15 18:25:41'),(797,'TRATA ANCHOVIES WITH OREGANO 32 X 100GR',49.95,24.98,NULL,NULL,0.00,NULL,0,1,4,NULL,'2020-11-15 18:25:41','2020-11-15 18:25:41'),(798,'TRATA MARINATED ACHOVIES 32 X 100GR',49.95,24.98,NULL,NULL,0.00,NULL,0,1,4,NULL,'2020-11-15 18:25:42','2020-11-15 18:25:42'),(799,'TRATA ANCHOVIES WITH CHILI PEPPERS 32 X 100GR',49.95,24.98,NULL,NULL,0.00,NULL,0,1,4,NULL,'2020-11-15 18:25:42','2020-11-15 18:25:42'),(800,'TRATA ANCHOVIES IN VEGETABLE OIL 32 X 100GR',52.95,26.48,NULL,NULL,0.00,NULL,0,1,4,NULL,'2020-11-15 18:25:42','2020-11-15 18:25:42'),(801,'TRATA SMOKED TUNA 24 X 160 G',57.60,28.80,NULL,NULL,0.00,NULL,0,1,4,NULL,'2020-11-15 18:25:42','2020-11-15 18:25:42'),(802,'TRATA SMOKED TUNA WITH LEMON AND OREGANO 36 X 160GR',89.95,44.98,NULL,NULL,0.00,NULL,0,1,4,NULL,'2020-11-15 18:25:42','2020-11-15 18:25:42'),(803,'TRATA SMOKED TUNA WITH CHILI PEPPERS 36 X 160 G',89.95,44.98,NULL,NULL,0.00,NULL,0,1,4,NULL,'2020-11-15 18:25:42','2020-11-15 18:25:42'),(804,'TRATA TUNA SALAD WITH CORN 36 X 160 G',86.40,43.20,NULL,NULL,0.00,NULL,0,1,4,NULL,'2020-11-15 18:25:43','2020-11-15 18:25:43'),(805,'TRATA TUNA SALAD MEXICANA 36 X 160 G',86.40,43.20,NULL,NULL,0.00,NULL,0,1,4,NULL,'2020-11-15 18:25:43','2020-11-15 18:25:43'),(806,'TRATA TUNA SALAD WITH SMOKED TUNA  AND LENTILS 36 X 160 G',86.40,43.20,NULL,NULL,0.00,NULL,0,1,4,NULL,'2020-11-15 18:25:43','2020-11-15 18:25:43'),(807,'TRATA TUNA SALAD WITH SMOKED TUNA  AND QUINOA 36 X 160 G',86.40,43.20,NULL,NULL,0.00,NULL,0,1,4,NULL,'2020-11-15 18:25:43','2020-11-15 18:25:43'),(808,'TRATA TUNA SALAD WITH CORN 24 X 160 G',57.60,28.80,NULL,NULL,0.00,NULL,0,1,4,NULL,'2020-11-15 18:25:43','2020-11-15 18:25:43'),(809,'TRATA TUNA SALAD MEXICANA 24 X 160 G',57.60,28.80,NULL,NULL,0.00,NULL,0,1,4,NULL,'2020-11-15 18:25:43','2020-11-15 18:25:43'),(810,'BARBA STATHIS FROZEN RICE WITH MUSHROOMS, PEAS AND CORN 15 X 600 G',45.00,22.50,NULL,NULL,0.00,NULL,0,1,4,NULL,'2020-11-15 18:25:43','2020-11-15 18:25:43'),(811,'BARBA STATHIS FROZEN RICE WITH CORN, PEAS AND CARROTS 15 X 600 G',45.00,22.50,NULL,NULL,0.00,NULL,0,1,4,NULL,'2020-11-15 18:25:44','2020-11-15 18:25:44'),(812,'BARBA STATHIS FROZEN RICE MEXICANA 15 X 600 G',45.00,22.50,NULL,NULL,0.00,NULL,0,1,4,NULL,'2020-11-15 18:25:44','2020-11-15 18:25:44'),(813,'BARBA STATHIS FROZEN BROWN RICE WITH CHICKPEAS, RAISINS AND PEAS 15 X 600 G',45.00,22.50,NULL,NULL,0.00,NULL,0,1,4,NULL,'2020-11-15 18:25:44','2020-11-15 18:25:44'),(814,'BARBA STATHIS FROZEN CURCUMA RICE WITH PEPPERS 15 X 600 G',45.00,22.50,NULL,NULL,0.00,NULL,0,1,4,NULL,'2020-11-15 18:25:44','2020-11-15 18:25:44'),(815,'BARBA STATHIS-PEAS (24X450)',51.12,25.56,NULL,NULL,0.00,NULL,0,1,4,NULL,'2020-11-15 18:25:44','2020-11-15 18:25:44'),(816,'BARBA STATHIS-OKRA EXTRA (20 X 450)',90.00,45.00,NULL,NULL,0.00,NULL,0,1,4,NULL,'2020-11-15 18:25:44','2020-11-15 18:25:44'),(817,'BARBA STATHIS-FLAT GREEN BEANS (20 X 450)',51.20,25.60,NULL,NULL,0.00,NULL,0,1,4,NULL,'2020-11-15 18:25:44','2020-11-15 18:25:44'),(818,'BARBA STATHIS-ROUND GREEN BEANS (20 X 450)',51.20,25.60,NULL,NULL,0.00,NULL,0,1,4,NULL,'2020-11-15 18:25:45','2020-11-15 18:25:45'),(819,'BARBA STATHIS-BORLOTTI BEANS (20 X 450)',56.40,28.20,NULL,NULL,0.00,NULL,0,1,4,NULL,'2020-11-15 18:25:45','2020-11-15 18:25:45'),(820,'BARBA STATHIS-ARTICHOKES (12 X 600)',71.76,35.88,NULL,NULL,0.00,NULL,0,1,4,NULL,'2020-11-15 18:25:45','2020-11-15 18:25:45'),(821,'BARBA STATHIS-ARTICHOKES ALA POLITA (10 X 600)',43.90,21.95,NULL,NULL,0.00,NULL,0,1,4,NULL,'2020-11-15 18:25:45','2020-11-15 18:25:45'),(822,'BARBA STATHIS-PEAS WITH ARTICHOKES (10 X 600)',38.70,19.35,NULL,NULL,0.00,NULL,0,1,4,NULL,'2020-11-15 18:25:45','2020-11-15 18:25:45'),(823,'BARBA STATHIS-GREEK OVEN POTATOE WEDGES (10 X 1000)',43.90,21.95,NULL,NULL,0.00,NULL,0,1,4,NULL,'2020-11-15 18:25:45','2020-11-15 18:25:45'),(824,'BARBA STATHIS-COUNTRY STYLE POTATOES (10 X 1000)',54.40,27.20,NULL,NULL,0.00,NULL,0,1,4,NULL,'2020-11-15 18:25:45','2020-11-15 18:25:45'),(825,'BARBA STATHIS GRILLED VEGETABLES 10 X 500GR',38.00,19.00,NULL,NULL,0.00,NULL,0,1,4,NULL,'2020-11-15 18:25:46','2020-11-15 18:25:46'),(826,'BARBA STATHIS LEAVES SPINACH PORTIONS 10 X 1KG',52.40,26.20,NULL,NULL,0.00,NULL,0,1,4,NULL,'2020-11-15 18:25:46','2020-11-15 18:25:46'),(827,'BARBASTATHIS-CHICORY (10X600GR)',48.20,24.10,NULL,NULL,0.00,NULL,0,1,4,NULL,'2020-11-15 18:25:46','2020-11-15 18:25:46'),(828,'BARBA STATHIS BROCOLI 10X750G',48.20,24.10,NULL,NULL,0.00,NULL,0,1,4,NULL,'2020-11-15 18:25:46','2020-11-15 18:25:46'),(829,'BARBA STATHIS-LEEKS 10X1 KG',55.00,27.50,NULL,NULL,0.00,NULL,0,1,4,NULL,'2020-11-15 18:25:46','2020-11-15 18:25:46'),(830,'BARBA STATHIS-BEETROOTS 15X600 G',60.00,30.00,NULL,NULL,0.00,NULL,0,1,4,NULL,'2020-11-15 18:25:46','2020-11-15 18:25:46'),(831,'BARBA STATHIS-BRUSSEL SPROUTS 20X450 GR',48.20,24.10,NULL,NULL,0.00,NULL,0,1,4,NULL,'2020-11-15 18:25:46','2020-11-15 18:25:46'),(832,'BARBA STATHIS-BRIAM 10X1 KG',55.00,27.50,NULL,NULL,0.00,NULL,0,1,4,NULL,'2020-11-15 18:25:46','2020-11-15 18:25:46'),(833,'LUTOSA ONION RINGS 16 X 600 GR',44.80,22.40,NULL,NULL,0.00,NULL,0,1,4,NULL,'2020-11-15 18:25:47','2020-11-15 18:25:47'),(834,'BARBA STATHIS FROZEN ORZO WITH PEPPERS AND TOMATO 15 X 500 G',47.25,23.63,NULL,NULL,0.00,NULL,0,1,4,NULL,'2020-11-15 18:25:47','2020-11-15 18:25:47'),(835,'BARBA STATHIS FROZEN ORZO WITH MUSHROOMS 15 X 500 G',47.25,23.63,NULL,NULL,0.00,NULL,0,1,4,NULL,'2020-11-15 18:25:47','2020-11-15 18:25:47'),(836,'BARBA STATHIS FROZEN PENNE WITH PEAS AND ZUCCHINI 15 X 500 G',47.25,23.63,NULL,NULL,0.00,NULL,0,1,4,NULL,'2020-11-15 18:25:47','2020-11-15 18:25:47'),(837,'BARBA STATHIS FROZEN PENNE WITH SPINACH 15 X 500 G',47.25,23.63,NULL,NULL,0.00,NULL,0,1,4,NULL,'2020-11-15 18:25:47','2020-11-15 18:25:47'),(838,'BARBA STATHIS FROZEN CORKSCREW PASTA WITH MUSHROOMS & CARROT 15 X 500 G',47.25,23.63,NULL,NULL,0.00,NULL,0,1,4,NULL,'2020-11-15 18:25:47','2020-11-15 18:25:47'),(839,'BARBA STATHIS SLIGHTLY CONCENTRATED TOMATO JUICE 12X500GR',13.20,6.60,NULL,NULL,0.00,NULL,0,1,4,NULL,'2020-11-15 18:25:48','2020-11-15 18:25:48'),(840,'BARBA STATHIS SPINACH WITH RICE 14X600GR',39.20,19.60,NULL,NULL,0.00,NULL,0,1,4,NULL,'2020-11-15 18:25:48','2020-11-15 18:25:48'),(841,'BARBA STATHIS GREEN PEAS EXTRA 16X400GR',34.08,17.04,NULL,NULL,0.00,NULL,0,1,4,NULL,'2020-11-15 18:25:48','2020-11-15 18:25:48'),(842,'BARBA STATHIS CHOPPED SPINACH LEAVES 10X1000GR',42.00,21.00,NULL,NULL,0.00,NULL,0,1,4,NULL,'2020-11-15 18:25:48','2020-11-15 18:25:48'),(843,'BARBA STATHIS CHICKPEAS 10X600GR',32.50,16.25,NULL,NULL,0.00,NULL,0,1,4,NULL,'2020-11-15 18:25:48','2020-11-15 18:25:48'),(844,'BARBA STATHIS ORGANIC MIX VEGETABLES 20X450GR',55.00,27.50,NULL,NULL,0.00,NULL,0,1,4,NULL,'2020-11-15 18:25:48','2020-11-15 18:25:48'),(845,'BARBA STATHIS ORGANIC FLAT BEANS 20X450GR',55.00,27.50,NULL,NULL,0.00,NULL,0,1,4,NULL,'2020-11-15 18:25:48','2020-11-15 18:25:48'),(846,'BARBA STATHIS ORGANIC GREEN BEANS 20X450GR',55.00,27.50,NULL,NULL,0.00,NULL,0,1,4,NULL,'2020-11-15 18:25:49','2020-11-15 18:25:49'),(847,'BARBA STATHIS CORN SALAD 16X450GR',33.60,16.80,NULL,NULL,0.00,NULL,0,1,4,NULL,'2020-11-15 18:25:49','2020-11-15 18:25:49'),(848,'BARBA STATHIS MIXED VEGETABLES 20X450GR',42.00,21.00,NULL,NULL,0.00,NULL,0,1,4,NULL,'2020-11-15 18:25:49','2020-11-15 18:25:49'),(849,'XRISI ZIMI CRUST PIE WITH FETA METSOVOU AND GRAVIERA CRITIS 6X850GR (287)',40.50,20.25,NULL,NULL,0.00,NULL,0,1,4,NULL,'2020-11-15 18:25:49','2020-11-15 18:25:49'),(850,'XRISI ZIMI CRUST PIE WITH SPINACH LEAKS MIZITHRA & FETA 6X850GR (285)',40.50,20.25,NULL,NULL,0.00,NULL,0,1,4,NULL,'2020-11-15 18:25:50','2020-11-15 18:25:50'),(851,'XRISI ZIMI HOMEMADE PIE WITH KASERI AND GRAVIERA 6X850GR (296)',37.80,18.90,NULL,NULL,0.00,NULL,0,1,4,NULL,'2020-11-15 18:25:50','2020-11-15 18:25:50'),(852,'XRISI ZIMI HOMEMADE GREEN PIE VEGAN 6X850GR (292)',37.80,18.90,NULL,NULL,0.00,NULL,0,1,4,NULL,'2020-11-15 18:25:50','2020-11-15 18:25:50'),(853,'XRISI ZIMI DOUGH BITES FETA MIZITHRA 6X920GR (225)',27.00,13.50,NULL,NULL,0.00,NULL,0,1,4,NULL,'2020-11-15 18:25:50','2020-11-15 18:25:50'),(854,'XRISI ZIMI CROISSANTS WITH BUTTER 12X300GR (601)',27.00,13.50,NULL,NULL,0.00,NULL,0,1,4,NULL,'2020-11-15 18:25:51','2020-11-15 18:25:51'),(855,'XRISI ZIMI CROISSANTS WITH PRALINE 10X480GR (602)',37.50,18.75,NULL,NULL,0.00,NULL,0,1,4,NULL,'2020-11-15 18:25:51','2020-11-15 18:25:51'),(856,'XRISI ZIMI PIZZA MARGARITA 5X(2X470)GR (176)',35.00,17.50,NULL,NULL,0.00,NULL,0,1,4,NULL,'2020-11-15 18:25:51','2020-11-15 18:25:51'),(857,'XRISI ZIMI BATZINA PIE WITH CHEESE AND SPINACH 12X500GR (281)',58.80,29.40,NULL,NULL,0.00,NULL,0,1,4,NULL,'2020-11-15 18:25:51','2020-11-15 18:25:51'),(858,'XRISI ZIMI BATZINA PIE WITH CHEESE AND ZUCCHINI 12X500GR (280)',58.80,29.40,NULL,NULL,0.00,NULL,0,1,4,NULL,'2020-11-15 18:25:51','2020-11-15 18:25:51'),(859,'XRISI ZIMI HOMEMADE MINI BITES WITH FETA CHEESE & DOMOKOS KATIKI CHEESE 10X750GR',55.00,27.50,NULL,NULL,0.00,NULL,0,1,4,NULL,'2020-11-15 18:25:51','2020-11-15 18:25:51'),(860,'XRISI ZIMI HOMEMADE MINI BITES WITH SPINACH, ENDIVE, LEEK  & MIZITHRA CHEESE 10X750GR',55.00,27.50,NULL,NULL,0.00,NULL,0,1,4,NULL,'2020-11-15 18:25:52','2020-11-15 18:25:52'),(861,'CAPTAINS BASIL 6 X 60GR',12.86,6.43,NULL,NULL,0.00,NULL,0,1,4,NULL,'2020-11-15 18:25:52','2020-11-15 18:25:52'),(862,'CAPTAINS LAUREL LEAVES 6 X 25GR',12.86,6.43,NULL,NULL,0.00,NULL,0,1,4,NULL,'2020-11-15 18:25:52','2020-11-15 18:25:52'),(863,'CAPTAINS OREGANO 6 X 100GR',16.01,8.01,NULL,NULL,0.00,NULL,0,1,4,NULL,'2020-11-15 18:25:52','2020-11-15 18:25:52'),(864,'CAPTAINS SPEARMINT 6 X 30GR',12.86,6.43,NULL,NULL,0.00,NULL,0,1,4,NULL,'2020-11-15 18:25:52','2020-11-15 18:25:52'),(865,'ROSEHILL BEEF CUBES 24 X 25PCS',31.25,15.63,NULL,NULL,0.00,NULL,0,1,4,NULL,'2020-11-15 18:25:52','2020-11-15 18:25:52'),(866,'CAPTAINS WHOLE MAHLEP 32X5GR',28.80,14.40,NULL,NULL,0.00,NULL,0,1,4,NULL,'2020-11-15 18:25:52','2020-11-15 18:25:52'),(867,'CAPTAINS MASTIC 24X5GR',54.50,27.25,NULL,NULL,0.00,NULL,0,1,4,NULL,'2020-11-15 18:25:53','2020-11-15 18:25:53'),(868,'GREEK OREGANO 8KG (32x250gr)',99.00,49.50,NULL,NULL,0.00,NULL,0,1,4,NULL,'2020-11-15 18:25:53','2020-11-15 18:25:53'),(869,'CAPTAINS VANILLA 24X1.5GR',16.80,8.40,NULL,NULL,0.00,NULL,0,1,4,NULL,'2020-11-15 18:25:53','2020-11-15 18:25:53'),(870,'CAPTAINS VANILLA SUGAR 40X10GR',17.06,8.53,NULL,NULL,0.00,NULL,0,1,4,NULL,'2020-11-15 18:25:53','2020-11-15 18:25:53'),(871,'CAPTAINS VANILLA SUGAR WITH CINNAMON 40X10GR',17.06,8.53,NULL,NULL,0.00,NULL,0,1,4,NULL,'2020-11-15 18:25:53','2020-11-15 18:25:53'),(872,'CAPTAINS VANILLA SUGAR WITH LEMON 40X10GR',17.06,8.53,NULL,NULL,0.00,NULL,0,1,4,NULL,'2020-11-15 18:25:54','2020-11-15 18:25:54'),(873,'CAPTAINS VANILLA SUGAR WITH ORANGE 40X10GR',17.06,8.53,NULL,NULL,0.00,NULL,0,1,4,NULL,'2020-11-15 18:25:54','2020-11-15 18:25:54'),(874,'OREGANO BUNCH 12X40GR',19.95,9.98,NULL,NULL,0.00,NULL,0,1,4,NULL,'2020-11-15 18:25:54','2020-11-15 18:25:54'),(875,'LAUREL BAY LEAVES 12X40GR',21.95,10.98,NULL,NULL,0.00,NULL,0,1,4,NULL,'2020-11-15 18:25:55','2020-11-15 18:25:55'),(876,'CAPTAINS-GROUND MAHLEP 32 X 5 GR',28.80,14.40,NULL,NULL,0.00,NULL,0,1,4,NULL,'2020-11-15 18:25:55','2020-11-15 18:25:55'),(877,'CRETAN LIFE OREGANO 15 X 40 G',24.00,12.00,NULL,NULL,0.00,NULL,0,1,4,NULL,'2020-11-15 18:25:55','2020-11-15 18:25:55'),(878,'CRETAN LIFE THYME 15 X 30 G',24.00,12.00,NULL,NULL,0.00,NULL,0,1,4,NULL,'2020-11-15 18:25:55','2020-11-15 18:25:55'),(879,'CRETAN LIFE ROSEMARY 15 X 40 G',24.00,12.00,NULL,NULL,0.00,NULL,0,1,4,NULL,'2020-11-15 18:25:56','2020-11-15 18:25:56'),(880,'CRETAN LIFE BASIL 15 X 40 G',24.00,12.00,NULL,NULL,0.00,NULL,0,1,4,NULL,'2020-11-15 18:25:56','2020-11-15 18:25:56'),(881,'CRETAN LIFE LAUREL 15 X 15 G',24.00,12.00,NULL,NULL,0.00,NULL,0,1,4,NULL,'2020-11-15 18:25:56','2020-11-15 18:25:56'),(882,'CRETAN LIFE MOUNTAIN TEA (MALOTIRA) 12 X 15 G',26.00,13.00,NULL,NULL,0.00,NULL,0,1,4,NULL,'2020-11-15 18:25:56','2020-11-15 18:25:56'),(883,'MYLOS - GREEK LOUKANIKO',9.50,4.75,NULL,NULL,0.00,NULL,0,1,4,NULL,'2020-11-15 18:25:56','2020-11-15 18:25:56'),(884,'MYLOS GREEK SPICY LOUKANIKO BY KG',8.95,4.48,NULL,NULL,0.00,NULL,0,1,4,NULL,'2020-11-15 18:25:57','2020-11-15 18:25:57'),(885,'MYLOS- GREEK SALAMI',9.36,4.68,NULL,NULL,0.00,NULL,0,1,4,NULL,'2020-11-15 18:25:57','2020-11-15 18:25:57'),(886,'MYLOS-MORTADELLA',8.95,4.48,NULL,NULL,0.00,NULL,0,1,4,NULL,'2020-11-15 18:25:57','2020-11-15 18:25:57'),(887,'MYLOS-GENOVA SALAMI MILD',14.49,7.25,NULL,NULL,0.00,NULL,0,1,4,NULL,'2020-11-15 18:25:57','2020-11-15 18:25:57'),(888,'MYLOS GENOVA SALAMI HOT',14.49,7.25,NULL,NULL,0.00,NULL,0,1,4,NULL,'2020-11-15 18:25:57','2020-11-15 18:25:57'),(889,'MYLOS - GREEK CHICKEN LOUKANIKO PER KG',9.95,4.98,NULL,NULL,0.00,NULL,0,1,4,NULL,'2020-11-15 18:25:57','2020-11-15 18:25:57'),(890,'REA MILD ITALIAN SAUSAGE FROZEN 8 X 900 G',66.25,33.13,NULL,NULL,0.00,NULL,0,1,4,NULL,'2020-11-15 18:25:57','2020-11-15 18:25:57'),(891,'REA HOT ITALIAN SAUSAGE FROZEN 8 X 900 G',66.25,33.13,NULL,NULL,0.00,NULL,0,1,4,NULL,'2020-11-15 18:25:58','2020-11-15 18:25:58'),(892,'CAPICOLLO COOKED MILD',14.49,7.25,NULL,NULL,0.00,NULL,0,1,4,NULL,'2020-11-15 18:25:58','2020-11-15 18:25:58'),(893,'CAPICOLLO COOKED HOT',14.49,7.25,NULL,NULL,0.00,NULL,0,1,4,NULL,'2020-11-15 18:25:58','2020-11-15 18:25:58'),(894,'KALLONI - RED BELL PEPPER STUFFED WITH CHEESE MIX 4 X 1.8 KG',89.00,44.50,NULL,NULL,0.00,NULL,0,1,4,NULL,'2020-11-15 18:25:58','2020-11-15 18:25:58'),(895,'KALLONI - ARTICHOKES STUFFED WITH CHEESE MIX 4 X 1.8 KG',115.00,57.50,NULL,NULL,0.00,NULL,0,1,4,NULL,'2020-11-15 18:25:58','2020-11-15 18:25:58'),(896,'KALLONI - GREEN OLIVES STUFFED WITH CHEESE MIX 4 X 1.8 KG',99.00,49.50,NULL,NULL,0.00,NULL,0,1,4,NULL,'2020-11-15 18:25:58','2020-11-15 18:25:58'),(897,'KALLONI - RED CHERRY PEPPER STUFFED WITH CHEESE MIX 12 X 250G',42.00,21.00,NULL,NULL,0.00,NULL,0,1,4,NULL,'2020-11-15 18:25:58','2020-11-15 18:25:58'),(898,'KALLONI - GREEN OLIVES STUFFED WITH CHEESE MIX 12 X 250G',42.00,21.00,NULL,NULL,0.00,NULL,0,1,4,NULL,'2020-11-15 18:25:59','2020-11-15 18:25:59'),(899,'KALLONI - RED BELL PEPPER STUFFED WITH CHEESE 12 X 250G',42.00,21.00,NULL,NULL,0.00,NULL,0,1,4,NULL,'2020-11-15 18:25:59','2020-11-15 18:25:59'),(900,'KALLONI - RED FLORINIS PEPPER STUFFED WITH CHEESE MIX 12 X 250G',42.00,21.00,NULL,NULL,0.00,NULL,0,1,4,NULL,'2020-11-15 18:25:59','2020-11-15 18:25:59'),(901,'KALLONI - GREEN BELL PEPPER STUFFED WITH CHEESE MIX 12 X 250G',42.00,21.00,NULL,NULL,0.00,NULL,0,1,4,NULL,'2020-11-15 18:25:59','2020-11-15 18:25:59'),(902,'KALLONI - GREEN PEPPER (MAKEDONIKO) STUFFED WITH CHEESE MIX 12 X 250G',42.00,21.00,NULL,NULL,0.00,NULL,0,1,4,NULL,'2020-11-15 18:25:59','2020-11-15 18:25:59'),(903,'KALLONI - MIX BELL PEPPER STUFFED WITH CHEESE 12 X 250G',42.00,21.00,NULL,NULL,0.00,NULL,0,1,4,NULL,'2020-11-15 18:25:59','2020-11-15 18:25:59'),(904,'KALLONI - ARTICHOKES STUFFED WITH CHEESE MIX 12 X 250G',57.00,28.50,NULL,NULL,0.00,NULL,0,1,4,NULL,'2020-11-15 18:26:00','2020-11-15 18:26:00'),(905,'YERVANTS BASTOURMA REGULAR BY KG',31.50,15.75,NULL,NULL,0.00,NULL,0,1,4,NULL,'2020-11-15 18:26:00','2020-11-15 18:26:00'),(906,'LOUX LEMONADE 6 X 1.5L',13.23,6.62,NULL,NULL,0.00,NULL,0,1,4,NULL,'2020-11-15 18:26:00','2020-11-15 18:26:00'),(907,'LOUX ORANGEADE 6 X 1.5L',13.23,6.62,NULL,NULL,0.00,NULL,0,1,4,NULL,'2020-11-15 18:26:00','2020-11-15 18:26:00'),(908,'LOUX SOUR CHERRY 6 X 1.5L',13.23,6.62,NULL,NULL,0.00,NULL,0,1,4,NULL,'2020-11-15 18:26:00','2020-11-15 18:26:00'),(909,'ZAGORI GLASS MINERAL WATER 12 X 1LT',19.90,9.95,NULL,NULL,0.00,NULL,0,1,4,NULL,'2020-11-15 18:26:00','2020-11-15 18:26:00'),(910,'ZAGORI MINERAL WATER PLASTIC 12 X 1LT',10.76,5.38,NULL,NULL,0.00,NULL,0,1,4,NULL,'2020-11-15 18:26:00','2020-11-15 18:26:00'),(911,'ZAGORI MINERAL WATER PLASTIC BOTTLES 24X500ML',9.25,4.63,NULL,NULL,0.00,NULL,0,1,4,NULL,'2020-11-15 18:26:01','2020-11-15 18:26:01'),(912,'ZAGORI MINERAL WATER 6 X 1.5L..(52016270199620)',5.25,2.63,NULL,NULL,0.00,NULL,0,1,4,NULL,'2020-11-15 18:26:01','2020-11-15 18:26:01'),(913,'ZAGORI CARBONATED WATER 12 X 750ML(5201627019938)',17.25,8.63,NULL,NULL,0.00,NULL,0,1,4,NULL,'2020-11-15 18:26:01','2020-11-15 18:26:01'),(914,'LOUX MIX MADARIN 6 X 1.5L',13.23,6.62,NULL,NULL,0.00,NULL,0,1,4,NULL,'2020-11-15 18:26:01','2020-11-15 18:26:01'),(915,'LOUX COLA 6 X 1.5L',13.23,6.62,NULL,NULL,0.00,NULL,0,1,4,NULL,'2020-11-15 18:26:01','2020-11-15 18:26:01'),(916,'LOUX GAZOZA 6 X 1.5L',13.23,6.62,NULL,NULL,0.00,NULL,0,1,4,NULL,'2020-11-15 18:26:01','2020-11-15 18:26:01'),(917,'ZAGORI CARBONATED WATER 6 X 1.5LTRS',6.04,3.02,NULL,NULL,0.00,NULL,0,1,4,NULL,'2020-11-15 18:26:02','2020-11-15 18:26:02'),(918,'LOUX ORANGE DRINK 6 X 330ML',4.20,2.10,NULL,NULL,0.00,NULL,0,1,4,NULL,'2020-11-15 18:26:02','2020-11-15 18:26:02'),(919,'LOUX LEMON DRINK 6 X 330ML',4.20,2.10,NULL,NULL,0.00,NULL,0,1,4,NULL,'2020-11-15 18:26:02','2020-11-15 18:26:02'),(920,'LOUX ORANGE (NON CARBONATED) 6 X 1.5 LTRS',13.23,6.62,NULL,NULL,0.00,NULL,0,1,4,NULL,'2020-11-15 18:26:02','2020-11-15 18:26:02'),(921,'LOUX SOUR CHERRY 6 X 330ML',4.20,2.10,NULL,NULL,0.00,NULL,0,1,4,NULL,'2020-11-15 18:26:02','2020-11-15 18:26:02'),(922,'LOUX 330ML NON CARBONATED ORANGE DRINK 6X330ML',4.20,2.10,NULL,NULL,0.00,NULL,0,1,4,NULL,'2020-11-15 18:26:02','2020-11-15 18:26:02'),(923,'LOUX 330ML GAZOZA  DRINK 6X330ML',4.20,2.10,NULL,NULL,0.00,NULL,0,1,4,NULL,'2020-11-15 18:26:02','2020-11-15 18:26:02'),(924,'LOUX COLA 6x330 ML',4.20,2.10,NULL,NULL,0.00,NULL,0,1,4,NULL,'2020-11-15 18:26:03','2020-11-15 18:26:03'),(925,'LOUX LEMON PLUS\'N\'LIGHT TEA 6X330ML',4.73,2.37,NULL,NULL,0.00,NULL,0,1,4,NULL,'2020-11-15 18:26:03','2020-11-15 18:26:03'),(926,'LOUX PEACH PLUS\'N\'LIGHT TEA 6X330ML',4.73,2.37,NULL,NULL,0.00,NULL,0,1,4,NULL,'2020-11-15 18:26:03','2020-11-15 18:26:03'),(927,'LOUX RED FRUITS PLUS\'N\'LIGHT TEA 6X330ML',4.73,2.37,NULL,NULL,0.00,NULL,0,1,4,NULL,'2020-11-15 18:26:03','2020-11-15 18:26:03'),(928,'ZAGORI SPARKLING CARBONATED WATER 24 X 330ML',18.25,9.13,NULL,NULL,0.00,NULL,0,1,4,NULL,'2020-11-15 18:26:03','2020-11-15 18:26:03'),(929,'ZAGORI SPARKLING GREEN APPLE WATER 16X500ML',9.95,4.98,NULL,NULL,0.00,NULL,0,1,4,NULL,'2020-11-15 18:26:03','2020-11-15 18:26:03'),(930,'ZAGORI SPARKLING LEMON WATER 16X500ML',9.95,4.98,NULL,NULL,0.00,NULL,0,1,4,NULL,'2020-11-15 18:26:04','2020-11-15 18:26:04'),(931,'ZAGORI NATURAL MINERAL WATER TWIN PACK 2X5LIT',3.50,1.75,NULL,NULL,0.00,NULL,0,1,4,NULL,'2020-11-15 18:26:04','2020-11-15 18:26:04'),(932,'LOUX NATURAL ORANGE JUICE 12 X 1 L.',25.80,12.90,NULL,NULL,0.00,NULL,0,1,4,NULL,'2020-11-15 18:26:04','2020-11-15 18:26:04'),(933,'LOUX APPLE, ORANGE AND CARROT NECTAR 12 X 1 L.',25.80,12.90,NULL,NULL,0.00,NULL,0,1,4,NULL,'2020-11-15 18:26:04','2020-11-15 18:26:04'),(934,'LOUX NATURAL MULTIVITAMIN JUICE 12 X 1 L.',25.80,12.90,NULL,NULL,0.00,NULL,0,1,4,NULL,'2020-11-15 18:26:04','2020-11-15 18:26:04'),(935,'LOUX PEACH FRUIT JUICE 12 X 1 L',25.80,12.90,NULL,NULL,0.00,NULL,0,1,4,NULL,'2020-11-15 18:26:04','2020-11-15 18:26:04'),(936,'ZAGORI CARBONATED NATURAL MINERAL WATER 12X500ML',6.95,3.48,NULL,NULL,0.00,NULL,0,1,4,NULL,'2020-11-15 18:26:04','2020-11-15 18:26:04'),(937,'LOUX TONIC 12X500ML',8.95,4.48,NULL,NULL,0.00,NULL,0,1,4,NULL,'2020-11-15 18:26:05','2020-11-15 18:26:05'),(938,'SAMARIA SPARKLING MASTICHA WATER 12X330ML',20.00,10.00,NULL,NULL,0.00,NULL,0,1,4,NULL,'2020-11-15 18:26:05','2020-11-15 18:26:05'),(939,'SAMARIA BALSAMIC VINEGAR OF CRETE WITH GRAPE SYRUP 12X250ML',48.00,24.00,NULL,NULL,0.00,NULL,0,1,4,NULL,'2020-11-15 18:26:05','2020-11-15 18:26:05'),(940,'SAMARIA TRADITIONAL GRAPE SYRUP OF CRETE 12X250ML',57.00,28.50,NULL,NULL,0.00,NULL,0,1,4,NULL,'2020-11-15 18:26:05','2020-11-15 18:26:05'),(941,'DICTAMUS KARTERAKI CHAI TEABAGS 12 X (1 X 10G)',24.00,12.00,NULL,NULL,0.00,NULL,0,1,4,NULL,'2020-11-15 18:26:05','2020-11-15 18:26:05'),(942,'DICTAMUS CRETAN CHAMOMILE TEABAGS 12 X (10 X 1 G)',24.00,12.00,NULL,NULL,0.00,NULL,0,1,4,NULL,'2020-11-15 18:26:05','2020-11-15 18:26:05'),(943,'DICTAMUS CRETAN DICTAMNUS TEABAGS 12 X (10 X 1 G)',24.00,12.00,NULL,NULL,0.00,NULL,0,1,4,NULL,'2020-11-15 18:26:06','2020-11-15 18:26:06'),(944,'DICTAMUS KARTERAKI GREEN TEABAGS 12 X (10 X 1 G)',24.00,12.00,NULL,NULL,0.00,NULL,0,1,4,NULL,'2020-11-15 18:26:06','2020-11-15 18:26:06'),(945,'DICTAMUS CRETAN LEMON VERBENA TEABAGS 12 X (10 X 1 G)',24.00,12.00,NULL,NULL,0.00,NULL,0,1,4,NULL,'2020-11-15 18:26:06','2020-11-15 18:26:06'),(946,'DICTAMUS CRETAN PEPERMINT TEABAGS 12 X (10 X 1 G)',24.00,12.00,NULL,NULL,0.00,NULL,0,1,4,NULL,'2020-11-15 18:26:06','2020-11-15 18:26:06'),(947,'DICTAMUS CRETAN SAGE TEABAGS 12 X (10 X 1 G)',24.00,12.00,NULL,NULL,0.00,NULL,0,1,4,NULL,'2020-11-15 18:26:06','2020-11-15 18:26:06'),(948,'DICTAMUS KARTERAKI TRADITIONAL TEABAGS 12 X (10 X 1 G)',24.00,12.00,NULL,NULL,0.00,NULL,0,1,4,NULL,'2020-11-15 18:26:06','2020-11-15 18:26:06'),(949,'MINUTE MAID ORANGE JUICE HOME SQUEEZED STYLE 8 X 1.75 L',24.60,12.30,NULL,NULL,0.00,NULL,0,1,4,NULL,'2020-11-15 18:26:06','2020-11-15 18:26:06'),(950,'MINUTE MAID ORANGE JUICE ORIGINAL  8 X 1.75 L',24.60,12.30,NULL,NULL,0.00,NULL,0,1,4,NULL,'2020-11-15 18:26:06','2020-11-15 18:26:06'),(951,'MINUTE MAID ORANGE JUICE HEARTWISE 8 X 1.75 L',24.50,12.25,NULL,NULL,0.00,NULL,0,1,4,NULL,'2020-11-15 18:26:07','2020-11-15 18:26:07'),(952,'FIVE ALIVE CITRUS JUICE 8 X 1.75 L',22.10,11.05,NULL,NULL,0.00,NULL,0,1,4,NULL,'2020-11-15 18:26:07','2020-11-15 18:26:07'),(953,'FIVE ALIVE PASSIONATE PEACH CITRUS 8 X 1.75 L',22.10,11.05,NULL,NULL,0.00,NULL,0,1,4,NULL,'2020-11-15 18:26:07','2020-11-15 18:26:07'),(954,'FRUITOPIA FRUIT INTEGRATION 8 X 1.75 L',19.90,9.95,NULL,NULL,0.00,NULL,0,1,4,NULL,'2020-11-15 18:26:07','2020-11-15 18:26:07'),(955,'FRUITOPIA STRAWBERRY PASSION AWARENESS 8 X 1.75 L',19.90,9.95,NULL,NULL,0.00,NULL,0,1,4,NULL,'2020-11-15 18:26:07','2020-11-15 18:26:07'),(956,'FRUITOPIA KIWI KARMA 8 X 1.75 L',19.90,9.95,NULL,NULL,0.00,NULL,0,1,4,NULL,'2020-11-15 18:26:07','2020-11-15 18:26:07'),(957,'FEDON SOFT MOUSTOKOULOURA WITH SESAME RAISIN 10 X 400GR',33.08,16.54,NULL,NULL,0.00,NULL,0,1,4,NULL,'2020-11-15 18:26:07','2020-11-15 18:26:07'),(958,'FEDON SOFT MOUSTOKOULOURA 10 X 400GR',33.08,16.54,NULL,NULL,0.00,NULL,0,1,4,NULL,'2020-11-15 18:26:08','2020-11-15 18:26:08'),(959,'FEDON MINI MOUSTOKOULOURA (8 x 300GR)',20.95,10.48,NULL,NULL,0.00,NULL,0,1,4,NULL,'2020-11-15 18:26:08','2020-11-15 18:26:08'),(960,'FEDON MINI TWIST VANILLA COOKIES (200GR x 12)',25.20,12.60,NULL,NULL,0.00,NULL,0,1,4,NULL,'2020-11-15 18:26:08','2020-11-15 18:26:08'),(961,'FEDON MINI TWISTS CINAMON  COOKIES( 200GR x 12 )',25.20,12.60,NULL,NULL,0.00,NULL,0,1,4,NULL,'2020-11-15 18:26:08','2020-11-15 18:26:08'),(962,'FEDON MINI TWISTS ORANGE COOKIES( 200GR x 12)',25.20,12.60,NULL,NULL,0.00,NULL,0,1,4,NULL,'2020-11-15 18:26:08','2020-11-15 18:26:08'),(963,'FEDONHONEY WALNUT COOKIES (12X350GR)',41.95,20.98,NULL,NULL,0.00,NULL,0,1,4,NULL,'2020-11-15 18:26:08','2020-11-15 18:26:08'),(964,'FEDON APPLE CINNAMON COOKIES  (12 X 350GR)',37.80,18.90,NULL,NULL,0.00,NULL,0,1,4,NULL,'2020-11-15 18:26:09','2020-11-15 18:26:09'),(965,'FEDON GRISSINIES WITH WHOLEMEAL FLOUR (14x125GR)',19.90,9.95,NULL,NULL,0.00,NULL,0,1,4,NULL,'2020-11-15 18:26:09','2020-11-15 18:26:09'),(966,'FEDON GRISSINIES WITH SESAME (14 x 125GR)',19.90,9.95,NULL,NULL,0.00,NULL,0,1,4,NULL,'2020-11-15 18:26:09','2020-11-15 18:26:09'),(967,'FEDON GREEK BRIOCHE(TSOUREKI) FILLED WITH COCOA CREAM  (8x420GR)',28.00,14.00,NULL,NULL,0.00,NULL,0,1,4,NULL,'2020-11-15 18:26:09','2020-11-15 18:26:09'),(968,'FEDON GREEK BRIOCHE(TSOUREKI) FILLED WITH COCOA PRALINE (28x95GR)',28.00,14.00,NULL,NULL,0.00,NULL,0,1,4,NULL,'2020-11-15 18:26:09','2020-11-15 18:26:09'),(969,'FEDON TRADITIONAL SWEET CAKE(TSOUREKI) (8X400GR)',28.00,14.00,NULL,NULL,0.00,NULL,0,1,4,NULL,'2020-11-15 18:26:09','2020-11-15 18:26:09'),(970,'FEDON KOURABIEDES WITH ALMONDS (15x350Gr)',75.00,37.50,NULL,NULL,0.00,NULL,0,1,4,NULL,'2020-11-15 18:26:09','2020-11-15 18:26:09'),(971,'FEDON MELOMAKARONA (12x400gr)',54.00,27.00,NULL,NULL,0.00,NULL,0,1,4,NULL,'2020-11-15 18:26:10','2020-11-15 18:26:10'),(972,'FEDON CHRISTMAS TRANDITIONAL SWEET CAKE (CLASSIC) (12x450gr)',54.00,27.00,NULL,NULL,0.00,NULL,0,1,4,NULL,'2020-11-15 18:26:10','2020-11-15 18:26:10'),(973,'FEDON MINI KOURABIEDES WITH ALMONDS (12x350Gr)',60.00,30.00,NULL,NULL,0.00,NULL,0,1,4,NULL,'2020-11-15 18:26:10','2020-11-15 18:26:10'),(974,'FEDON RING BREADSTICKS (12x150Gr)',19.95,9.98,NULL,NULL,0.00,NULL,0,1,4,NULL,'2020-11-15 18:26:10','2020-11-15 18:26:10'),(975,'FEDON RING BREADSTICKS WHOLEWHEAT (12x150Gr)',19.95,9.98,NULL,NULL,0.00,NULL,0,1,4,NULL,'2020-11-15 18:26:10','2020-11-15 18:26:10'),(976,'FEDON RING BREADSTICKS MULTICEREAL (12x150Gr)',19.95,9.98,NULL,NULL,0.00,NULL,0,1,4,NULL,'2020-11-15 18:26:10','2020-11-15 18:26:10'),(977,'FEDON RING BREADSTICKS WITH CORN (12x150Gr)',19.95,9.98,NULL,NULL,0.00,NULL,0,1,4,NULL,'2020-11-15 18:26:10','2020-11-15 18:26:10'),(978,'FEDON TRADITIONAL COOKIES (ZAKINTHINO) 8X300GR',29.40,14.70,NULL,NULL,0.00,NULL,0,1,4,NULL,'2020-11-15 18:26:11','2020-11-15 18:26:11'),(979,'FEDON SWEET BREAD WITH CRANBERRIES 8 X 280 G',20.00,10.00,NULL,NULL,0.00,NULL,0,1,4,NULL,'2020-11-15 18:26:11','2020-11-15 18:26:11'),(980,'FEDON BAKLAVA VARIETY 6X600gr',39.95,19.98,NULL,NULL,0.00,NULL,0,1,4,NULL,'2020-11-15 18:26:11','2020-11-15 18:26:11'),(981,'FEDON BREADSTICK MULTIGRAIN-MULTICEREAL 12 X 250 GR',33.00,16.50,NULL,NULL,0.00,NULL,0,1,4,NULL,'2020-11-15 18:26:12','2020-11-15 18:26:12'),(982,'FEDON BREADSTICKS WITH CORN 12 X 250 GR',33.00,16.50,NULL,NULL,0.00,NULL,0,1,4,NULL,'2020-11-15 18:26:12','2020-11-15 18:26:12'),(983,'FEDON STRAWBERRY PIE 6X370GR',20.00,10.00,NULL,NULL,0.00,NULL,0,1,4,NULL,'2020-11-15 18:26:12','2020-11-15 18:26:12'),(984,'FEDON APRICOT PIE 6X370GR',20.00,10.00,NULL,NULL,0.00,NULL,0,1,4,NULL,'2020-11-15 18:26:13','2020-11-15 18:26:13'),(985,'TERKENLIS CHOCOLATE COATED GREEK BRIOCHE (TSOUREKI) WITH CHOCOLATE PASTE FILLING 6 X 700 G',107.00,53.50,NULL,NULL,0.00,NULL,0,1,4,NULL,'2020-11-15 18:26:13','2020-11-15 18:26:13'),(986,'TERKENLIS WHITE CHOCOLATE COATED GREEK BRIOCHE (TSOUREKI) WITH CHESTNUT CREAM FILLING 6 X 700 G',107.00,53.50,NULL,NULL,0.00,NULL,0,1,4,NULL,'2020-11-15 18:26:13','2020-11-15 18:26:13'),(987,'TERKENLIS KOURABIE WITH OREO COOKIE AND DARK COATING 12 X 350 GR',132.00,66.00,NULL,NULL,0.00,NULL,0,1,4,NULL,'2020-11-15 18:26:13','2020-11-15 18:26:13'),(988,'TERKENLIS MELOMAKARONA FILLED WITH HAZELNUT PRALINE CREAM AND DARK COATING 12 X 600GR',180.00,90.00,NULL,NULL,0.00,NULL,0,1,4,NULL,'2020-11-15 18:26:13','2020-11-15 18:26:13'),(989,'TERKENLIS MELOMAKARONA FILLED WITH CHESTNUT CREAM AND WHITE COATING 12 X 600GR',180.00,90.00,NULL,NULL,0.00,NULL,0,1,4,NULL,'2020-11-15 18:26:13','2020-11-15 18:26:13'),(990,'TERKENLIS TSOUREKI WITH CHOCOLATE CREAM FILLING BITE FB 15 X 185GR',50.00,25.00,NULL,NULL,0.00,NULL,0,1,4,NULL,'2020-11-15 18:26:13','2020-11-15 18:26:13'),(991,'TERKENLIS TSOUREKI WITH CHESTNUT CREAM FILLING BITE FB 15 X 185GR',50.00,25.00,NULL,NULL,0.00,NULL,0,1,4,NULL,'2020-11-15 18:26:13','2020-11-15 18:26:13'),(992,'TERKENLIS TSOUREKI GREEK AUTHENTIC BRIOCHE 6 X 500 GR',75.00,37.50,NULL,NULL,0.00,NULL,0,1,4,NULL,'2020-11-15 18:26:14','2020-11-15 18:26:14'),(993,'TERKENLIS CHOCOLATE CAKE DARK COATING 7 X 580 GR',68.25,34.13,NULL,NULL,0.00,NULL,0,1,4,NULL,'2020-11-15 18:26:14','2020-11-15 18:26:14'),(994,'TERKENLIS VANILLA CAKE WHITE COATING 7 X 580 GR',68.25,34.13,NULL,NULL,0.00,NULL,0,1,4,NULL,'2020-11-15 18:26:15','2020-11-15 18:26:15'),(995,'TERKENLIS KARIDOPITA 5 X 800 GR',48.75,24.38,NULL,NULL,0.00,NULL,0,1,4,NULL,'2020-11-15 18:26:15','2020-11-15 18:26:15'),(996,'TERKENLIS PORTOKALOPITA 5 X 800 GR',48.75,24.38,NULL,NULL,0.00,NULL,0,1,4,NULL,'2020-11-15 18:26:15','2020-11-15 18:26:15'),(997,'ARANCINI -MARGHERITA( 4 X 10 X 150GR)',74.00,37.00,NULL,NULL,0.00,NULL,0,1,4,NULL,'2020-11-15 18:26:15','2020-11-15 18:26:15'),(998,'ARANCINI - SICILIANA (4 X 10 X 150GR)',76.35,38.18,NULL,NULL,0.00,NULL,0,1,4,NULL,'2020-11-15 18:26:16','2020-11-15 18:26:16'),(999,'MINI ARANCINI - MARGHERITA (10 X 10 X 50GR)',66.00,33.00,NULL,NULL,0.00,NULL,0,1,4,NULL,'2020-11-15 18:26:16','2020-11-15 18:26:16'),(1000,'MINI ARANCINI-PORCINI (10 X 10 X 50GR)',66.00,33.00,NULL,NULL,0.00,NULL,0,1,4,NULL,'2020-11-15 18:26:16','2020-11-15 18:26:16'),(1001,'MINI ARANCINI - RICOTTA (10 X 10 X 50GR)',66.00,33.00,NULL,NULL,0.00,NULL,0,1,4,NULL,'2020-11-15 18:26:16','2020-11-15 18:26:16'),(1002,'CUCINA  MINI ARANCINI MOZZARELA 10X10X50GR',66.00,33.00,NULL,NULL,0.00,NULL,0,1,4,NULL,'2020-11-15 18:26:16','2020-11-15 18:26:16'),(1003,'CUCINA MINI ARANCINI MARGHERITA 7.5KG',90.00,45.00,NULL,NULL,0.00,NULL,0,1,4,NULL,'2020-11-15 18:26:16','2020-11-15 18:26:16'),(1004,'CUCINA  ARANCINI SICILIANA 7.5KG',90.00,45.00,NULL,NULL,0.00,NULL,0,1,4,NULL,'2020-11-15 18:26:17','2020-11-15 18:26:17'),(1005,'VRETTOS TOULOUBAKIA 10 X 600 G',50.00,25.00,NULL,NULL,0.00,NULL,0,1,4,NULL,'2020-11-15 18:26:17','2020-11-15 18:26:17'),(1006,'SAVOIDAKIS FROZEN COUNTRY BREAD LOOP 13 X 390 G',22.75,11.38,NULL,NULL,0.00,NULL,0,1,4,NULL,'2020-11-15 18:26:17','2020-11-15 18:26:17'),(1007,'SAVOIDAKIS FROZEN COUNTRY BREAD LOAF 14 X 380 G',21.70,10.85,NULL,NULL,0.00,NULL,0,1,4,NULL,'2020-11-15 18:26:17','2020-11-15 18:26:17'),(1008,'SAVOIDAKIS FROZEN COUNTRY BREAD LOAF \'METSOVO\' 12 X 430 G',21.00,10.50,NULL,NULL,0.00,NULL,0,1,4,NULL,'2020-11-15 18:26:17','2020-11-15 18:26:17'),(1009,'SAVOIDAKIS FROZEN CORN BREAD15 X 380 G',28.50,14.25,NULL,NULL,0.00,NULL,0,1,4,NULL,'2020-11-15 18:26:17','2020-11-15 18:26:17'),(1010,'SAVOIDAKIS FROZEN WHITE BAGUETTE 18 X 300 G',22.50,11.25,NULL,NULL,0.00,NULL,0,1,4,NULL,'2020-11-15 18:26:18','2020-11-15 18:26:18'),(1011,'SAVOIDAKIS FROZEN OLIVE BAGUETTE 18 X 300 G',29.70,14.85,NULL,NULL,0.00,NULL,0,1,4,NULL,'2020-11-15 18:26:18','2020-11-15 18:26:18'),(1012,'SAVOIDAKIS FROZEN MULTIGRAIN BAGUETTE 8 X 350 G',16.80,8.40,NULL,NULL,0.00,NULL,0,1,4,NULL,'2020-11-15 18:26:18','2020-11-15 18:26:18'),(1013,'SAVOIDAKIS ORANGE BISCUITS 10 X 290 G',52.50,26.25,NULL,NULL,0.00,NULL,0,1,4,NULL,'2020-11-15 18:26:18','2020-11-15 18:26:18'),(1014,'SAVOIDAKIS KALOUDI ALMOND BISCUITS 10 X 290 G',52.50,26.25,NULL,NULL,0.00,NULL,0,1,4,NULL,'2020-11-15 18:26:18','2020-11-15 18:26:18'),(1015,'SAVOIDAKIS OLIVE OIL COOKIES WITH SESAME SEEDS 4 X 1.25 KG',50.00,25.00,NULL,NULL,0.00,NULL,0,1,4,NULL,'2020-11-15 18:26:19','2020-11-15 18:26:19'),(1016,'SAVOIDAKIS CINNAMON, ORANGE, ALMOND BISCUITS 4 X 1.25 KG',84.00,42.00,NULL,NULL,0.00,NULL,0,1,4,NULL,'2020-11-15 18:26:19','2020-11-15 18:26:19'),(1017,'-ARTEMIS VINE LEAVES 6 X 2KG',50.00,25.00,NULL,NULL,0.00,NULL,0,1,4,NULL,'2020-11-15 18:26:19','2020-11-15 18:26:19'),(1018,'-PALIRRIA EGGPLANT PULP 3 X 4.2KG',44.00,22.00,NULL,NULL,0.00,NULL,0,1,4,NULL,'2020-11-15 18:26:20','2020-11-15 18:26:20'),(1019,'ONASSIS STUFFED VINE LEAVES WITH RICE(24 x 280GR)',52.92,26.46,NULL,NULL,0.00,NULL,0,1,4,NULL,'2020-11-15 18:26:20','2020-11-15 18:26:20'),(1020,'ONASSIS GIANT BEANS IN TOMATO SAUCE (24 x 280 GR)',52.92,26.46,NULL,NULL,0.00,NULL,0,1,4,NULL,'2020-11-15 18:26:20','2020-11-15 18:26:20'),(1021,'ONASSIS OKRA IN TOMATO SAUCE (24 x 280GR)',73.45,36.73,NULL,NULL,0.00,NULL,0,1,4,NULL,'2020-11-15 18:26:20','2020-11-15 18:26:20'),(1022,'ONASSIS GREEN BEANS BAKED IN TOMATO SAUCE (24 x 280GR)',57.70,28.85,NULL,NULL,0.00,NULL,0,1,4,NULL,'2020-11-15 18:26:20','2020-11-15 18:26:20'),(1023,'ONASSIS BAKED EGGPLANTS IMAM (24 x 280GR)',52.92,26.46,NULL,NULL,0.00,NULL,0,1,4,NULL,'2020-11-15 18:26:21','2020-11-15 18:26:21'),(1024,'ONASSIS GIANT BEANS IN TOMATO SAUCE (6 x 2 KG)',54.60,27.30,NULL,NULL,0.00,NULL,0,1,4,NULL,'2020-11-15 18:26:21','2020-11-15 18:26:21'),(1025,'ONASSIS GIGANTES IN WATER 6 X 2KG',50.40,25.20,NULL,NULL,0.00,NULL,0,1,4,NULL,'2020-11-15 18:26:21','2020-11-15 18:26:21'),(1026,'YIOTIS CLASSIC VANILLA PUDDING 24 X 160 G',25.15,12.58,NULL,NULL,0.00,NULL,0,1,4,NULL,'2020-11-15 18:26:21','2020-11-15 18:26:21'),(1027,'YIOTIS CLASSIC CHOCOLATE PUDDING 24 X 160 G',25.15,12.58,NULL,NULL,0.00,NULL,0,1,4,NULL,'2020-11-15 18:26:21','2020-11-15 18:26:21'),(1028,'YIOTIS INSTANT RICE PUDDING (14 X 105GR)',15.75,7.88,NULL,NULL,0.00,NULL,0,1,4,NULL,'2020-11-15 18:26:21','2020-11-15 18:26:21'),(1029,'YIOTIS CREME CARAMEL (24 X 70GR)(5201002066697)',31.45,15.73,NULL,NULL,0.00,NULL,0,1,4,NULL,'2020-11-15 18:26:21','2020-11-15 18:26:21'),(1030,'YIOTIS INSTANT YEAST (20 X 3 X 8GR)',22.58,11.29,NULL,NULL,0.00,NULL,0,1,4,NULL,'2020-11-15 18:26:22','2020-11-15 18:26:22'),(1031,'YIOTIS DUMPLINGS PLAIN (12 X 255GR)',26.20,13.10,NULL,NULL,0.00,NULL,0,1,4,NULL,'2020-11-15 18:26:22','2020-11-15 18:26:22'),(1032,'YIOTIS CREPES (12 X 300GR)',21.00,10.50,NULL,NULL,0.00,NULL,0,1,4,NULL,'2020-11-15 18:26:22','2020-11-15 18:26:22'),(1033,'YIOTIS BECHEMEL SAUCE MIX (12 X 162GR)(5201002067236)',27.72,13.86,NULL,NULL,0.00,NULL,0,1,4,NULL,'2020-11-15 18:26:22','2020-11-15 18:26:22'),(1034,'-YIOTIS MIX FOR MASHED POTATOES 10 X 125G',16.80,8.40,NULL,NULL,0.00,NULL,0,1,4,NULL,'2020-11-15 18:26:22','2020-11-15 18:26:22'),(1035,'YIOTIS GARNI VANILLA (24 X 80GR)',37.80,18.90,NULL,NULL,0.00,NULL,0,1,4,NULL,'2020-11-15 18:26:22','2020-11-15 18:26:22'),(1036,'YIOTIS GARNI CHOCOLATE FLAVOR 12 X 200G',31.45,15.73,NULL,NULL,0.00,NULL,0,1,4,NULL,'2020-11-15 18:26:22','2020-11-15 18:26:22'),(1037,'YIOTIS VARIETY 6 FLAVORS CLASSIC PUDDING 12 X 260G',30.00,15.00,NULL,NULL,0.00,NULL,0,1,4,NULL,'2020-11-15 18:26:23','2020-11-15 18:26:23'),(1038,'YIOTIS COCOA 20 X 125G',52.45,26.23,NULL,NULL,0.00,NULL,0,1,4,NULL,'2020-11-15 18:26:23','2020-11-15 18:26:23'),(1039,'YIOTIS CORN STARCH 24 X 200G',31.50,15.75,NULL,NULL,0.00,NULL,0,1,4,NULL,'2020-11-15 18:26:23','2020-11-15 18:26:23'),(1040,'YIOTIS MARBLE CAKE MIX 6 X 500 G',18.90,9.45,NULL,NULL,0.00,NULL,0,1,4,NULL,'2020-11-15 18:26:23','2020-11-15 18:26:23'),(1041,'YIOTIS TRADITIONAL DESSERT KIT BOUGATSA 5 X 648 G',36.75,18.38,NULL,NULL,0.00,NULL,0,1,4,NULL,'2020-11-15 18:26:23','2020-11-15 18:26:23'),(1042,'YIOTIS TRADITIONAL DESSERT KIT RAVANI 5 X 495 G',21.00,10.50,NULL,NULL,0.00,NULL,0,1,4,NULL,'2020-11-15 18:26:23','2020-11-15 18:26:23'),(1043,'YIOTIS VANILLA PASTRY CREAM 12 X 117 G',15.75,7.88,NULL,NULL,0.00,NULL,0,1,4,NULL,'2020-11-15 18:26:23','2020-11-15 18:26:23'),(1044,'YIOTIS CHOCOLATE PASTRY CREAM 12 X 200 G',25.20,12.60,NULL,NULL,0.00,NULL,0,1,4,NULL,'2020-11-15 18:26:24','2020-11-15 18:26:24'),(1045,'YIOTIS PRALINE PASTRY CREAM 12 X 130 G',18.90,9.45,NULL,NULL,0.00,NULL,0,1,4,NULL,'2020-11-15 18:26:24','2020-11-15 18:26:24'),(1046,'YIOTIS MILLEFEUILLE PASTRY CREAM 12 X 170 G',18.90,9.45,NULL,NULL,0.00,NULL,0,1,4,NULL,'2020-11-15 18:26:24','2020-11-15 18:26:24'),(1047,'YIOTIS CHEESECAKE PASTRY CREAM 12 X 200 G',25.20,12.60,NULL,NULL,0.00,NULL,0,1,4,NULL,'2020-11-15 18:26:24','2020-11-15 18:26:24'),(1048,'YIOTIS INSTANT DESSERT KIT CHERRY 6X383GR',30.00,15.00,NULL,NULL,0.00,NULL,0,1,4,NULL,'2020-11-15 18:26:24','2020-11-15 18:26:24'),(1049,'YIOTIS INSTANT DESSERT KIT STRAWBERRY 6X383GR',30.00,15.00,NULL,NULL,0.00,NULL,0,1,4,NULL,'2020-11-15 18:26:24','2020-11-15 18:26:24'),(1050,'YIOTIS INSTANT DESSERT KIT MILLEFEULLE 5X532GR',30.00,15.00,NULL,NULL,0.00,NULL,0,1,4,NULL,'2020-11-15 18:26:24','2020-11-15 18:26:24'),(1051,'RI KRI HEARTMADE VANILLA-CHERRY ICE CREAM 6X1.5LIT',29.40,14.70,NULL,NULL,0.00,NULL,0,1,4,NULL,'2020-11-15 18:26:25','2020-11-15 18:26:25'),(1052,'KRI KRI HEARTMADE VANILLA-COCOA ICE CREAM 6X1.5LIT',29.40,14.70,NULL,NULL,0.00,NULL,0,1,4,NULL,'2020-11-15 18:26:25','2020-11-15 18:26:25'),(1053,'KRI KRI HEARTMADE STRACIATELLA ICE CREAM 6X1.5LIT',29.40,14.70,NULL,NULL,0.00,NULL,0,1,4,NULL,'2020-11-15 18:26:26','2020-11-15 18:26:26'),(1054,'KRI KRI HEARTMADE COOKIES ICE CREAM 6X1.5LIT',29.40,14.70,NULL,NULL,0.00,NULL,0,1,4,NULL,'2020-11-15 18:26:26','2020-11-15 18:26:26'),(1055,'KRI KRI HEARTMADE KAIMAKI ICE CREAM 6X1.5LIT',29.40,14.70,NULL,NULL,0.00,NULL,0,1,4,NULL,'2020-11-15 18:26:26','2020-11-15 18:26:26'),(1056,'KRI KRI MULTI STICKS ION ALMOND 6X280GR',29.40,14.70,NULL,NULL,0.00,NULL,0,1,4,NULL,'2020-11-15 18:26:26','2020-11-15 18:26:26'),(1057,'KRI KRI MULTI STICKS ION MILK 6X280GR',29.40,14.70,NULL,NULL,0.00,NULL,0,1,4,NULL,'2020-11-15 18:26:26','2020-11-15 18:26:26'),(1058,'KRI KRI MULTI CONE ION ALMOND MILK 6X270GR',29.40,14.70,NULL,NULL,0.00,NULL,0,1,4,NULL,'2020-11-15 18:26:26','2020-11-15 18:26:26'),(1059,'SUNBEC TABLE SALT 24 X 1KG',13.85,6.93,NULL,NULL,0.00,NULL,0,1,4,NULL,'2020-11-15 18:26:27','2020-11-15 18:26:27'),(1060,'SUNBEC SEA SALT 24 X 1KG',18.95,9.48,NULL,NULL,0.00,NULL,0,1,4,NULL,'2020-11-15 18:26:27','2020-11-15 18:26:27'),(1061,'SUNBEC RAW SUGAR 24 X 500GR',31.85,15.93,NULL,NULL,0.00,NULL,0,1,4,NULL,'2020-11-15 18:26:27','2020-11-15 18:26:27'),(1062,'ARISTON FINE SEA SALT 30 X 200GR',16.99,8.50,NULL,NULL,0.00,NULL,0,1,4,NULL,'2020-11-15 18:26:27','2020-11-15 18:26:27'),(1063,'CHION FINE SEA SALT 15 X 750GR',16.95,8.48,NULL,NULL,0.00,NULL,0,1,4,NULL,'2020-11-15 18:26:27','2020-11-15 18:26:27'),(1064,'CHION SEA SALT  COARSE SALT 8 X 850GR',21.95,10.98,NULL,NULL,0.00,NULL,0,1,4,NULL,'2020-11-15 18:26:27','2020-11-15 18:26:27'),(1065,'SUNBEC 50% LESS SODIUM SEA SALT 24 X 160 G',22.00,11.00,NULL,NULL,0.00,NULL,0,1,4,NULL,'2020-11-15 18:26:27','2020-11-15 18:26:27'),(1066,'ARISTON TABLE SALT 5 X 3 X 750 GR - COSTCO',14.00,7.00,NULL,NULL,0.00,NULL,0,1,4,NULL,'2020-11-15 18:26:28','2020-11-15 18:26:28'),(1067,'ARISTON RED WINE VINEGAR (30x390ML)',23.95,11.98,NULL,NULL,0.00,NULL,0,1,4,NULL,'2020-11-15 18:26:28','2020-11-15 18:26:28'),(1068,'ARISTON BALSAMIC VINEGAR WITH HONEY(12x250ML)',35.95,17.98,NULL,NULL,0.00,NULL,0,1,4,NULL,'2020-11-15 18:26:28','2020-11-15 18:26:28'),(1069,'ARISTON WHITE WINE VINEGAR(12X500ML)(10690345001038)',22.95,11.48,NULL,NULL,0.00,NULL,0,1,4,NULL,'2020-11-15 18:26:28','2020-11-15 18:26:28'),(1070,'ARISTON BALSAMIC VINEGAR 12 X 500 ML(10690345001007)',23.95,11.98,NULL,NULL,0.00,NULL,0,1,4,NULL,'2020-11-15 18:26:28','2020-11-15 18:26:28'),(1071,'SUNBEC 50% LESS SODIUM SEA SALT 12 X 400 G',21.00,10.50,NULL,NULL,0.00,NULL,0,1,4,NULL,'2020-11-15 18:26:28','2020-11-15 18:26:28'),(1072,'ARISTON APPLE VINEGAR 12 X 500 ML',23.95,11.98,NULL,NULL,0.00,NULL,0,1,4,NULL,'2020-11-15 18:26:28','2020-11-15 18:26:28'),(1073,'ARISTON RED WINE VINEGAR 12 X 500 ML(10690345001014)',22.95,11.48,NULL,NULL,0.00,NULL,0,1,4,NULL,'2020-11-15 18:26:29','2020-11-15 18:26:29'),(1074,'ARISTON RED WINE VINEGAR 12 X 1 LT',25.20,12.60,NULL,NULL,0.00,NULL,0,1,4,NULL,'2020-11-15 18:26:30','2020-11-15 18:26:30'),(1075,'REDPATH DARK BROWN SUGAR 20 X 1 KG',40.95,20.48,NULL,NULL,0.00,NULL,0,1,4,NULL,'2020-11-15 18:26:30','2020-11-15 18:26:30'),(1076,'REDPATH GOLDEN SUGAR 20 X 1 KG',40.95,20.48,NULL,NULL,0.00,NULL,0,1,4,NULL,'2020-11-15 18:26:30','2020-11-15 18:26:30'),(1077,'REDPATH ICING SUGAR 10 X 1KG',24.50,12.25,NULL,NULL,0.00,NULL,0,1,4,NULL,'2020-11-15 18:26:30','2020-11-15 18:26:30'),(1078,'SUNBEC RAW SUGAR TUBES 12 X 40 STICKS (160G)',18.00,9.00,NULL,NULL,0.00,NULL,0,1,4,NULL,'2020-11-15 18:26:31','2020-11-15 18:26:31'),(1079,'REDPATH WHITE SUGAR 10 X 2 KGS',27.00,13.50,NULL,NULL,0.00,NULL,0,1,4,NULL,'2020-11-15 18:26:31','2020-11-15 18:26:31'),(1080,'SUNBEC WHITE SUGAR STICKS 12 X 40 STICKS (160G)',17.20,8.60,NULL,NULL,0.00,NULL,0,1,4,NULL,'2020-11-15 18:26:31','2020-11-15 18:26:31'),(1081,'PAN VINEGAR WITH ROSEMARY & THYME 12x250ML',19.80,9.90,NULL,NULL,0.00,NULL,0,1,4,NULL,'2020-11-15 18:26:31','2020-11-15 18:26:31'),(1082,'PAN BALSAMIC VINEGAR WITH POMEGRANATE 12x250ML',33.00,16.50,NULL,NULL,0.00,NULL,0,1,4,NULL,'2020-11-15 18:26:31','2020-11-15 18:26:31'),(1083,'PAN BALSAMIC CREAM 12 X 250 ML',33.00,16.50,NULL,NULL,0.00,NULL,0,1,4,NULL,'2020-11-15 18:26:31','2020-11-15 18:26:31'),(1084,'ARISTON-WHITE BALSAMIC VINEGAR 12 X 500ML',23.95,11.98,NULL,NULL,0.00,NULL,0,1,4,NULL,'2020-11-15 18:26:31','2020-11-15 18:26:31'),(1085,'PAN BALSAMIC VINEGAR WITH FIG 12X 250 G',35.95,17.98,NULL,NULL,0.00,NULL,0,1,4,NULL,'2020-11-15 18:26:32','2020-11-15 18:26:32'),(1086,'ARISTON LEMON SEASONING 30 X 390 ML',19.50,9.75,NULL,NULL,0.00,NULL,0,1,4,NULL,'2020-11-15 18:26:32','2020-11-15 18:26:32'),(1087,'SUNBEC SIFTON #8 SALT IN BAGS 20KG',12.00,6.00,NULL,NULL,0.00,NULL,0,1,4,NULL,'2020-11-15 18:26:32','2020-11-15 18:26:32'),(1088,'PAN SMOOTH MUSTARD 12 X 275 G',25.20,12.60,NULL,NULL,0.00,NULL,0,1,4,NULL,'2020-11-15 18:26:32','2020-11-15 18:26:32'),(1089,'PAN SPICY MUSTARD 12 X 275 G',25.20,12.60,NULL,NULL,0.00,NULL,0,1,4,NULL,'2020-11-15 18:26:32','2020-11-15 18:26:32'),(1090,'PAN MUSTARD WITH OLIVE PASTE 12 X 275 G',25.20,12.60,NULL,NULL,0.00,NULL,0,1,4,NULL,'2020-11-15 18:26:32','2020-11-15 18:26:32'),(1091,'BRAVA HONEY MUSTARD MILD 12X460GR',27.00,13.50,NULL,NULL,0.00,NULL,0,1,4,NULL,'2020-11-15 18:26:33','2020-11-15 18:26:33'),(1092,'BRAVA MAYONNAISE 12X500ML',25.20,12.60,NULL,NULL,0.00,NULL,0,1,4,NULL,'2020-11-15 18:26:33','2020-11-15 18:26:33'),(1093,'BRAVA KETCHUP TOP DOWN 12X500GR',21.00,10.50,NULL,NULL,0.00,NULL,0,1,4,NULL,'2020-11-15 18:26:33','2020-11-15 18:26:33'),(1094,'BRAVA DIJONNAISE SAUCE 12X450ML',30.00,15.00,NULL,NULL,0.00,NULL,0,1,4,NULL,'2020-11-15 18:26:33','2020-11-15 18:26:33'),(1095,'BRAVA BLUE CHEESE SAUCE 12X450ML',30.00,15.00,NULL,NULL,0.00,NULL,0,1,4,NULL,'2020-11-15 18:26:33','2020-11-15 18:26:33'),(1096,'BRAVA GARLIC SAUCE 12X450ML',30.00,15.00,NULL,NULL,0.00,NULL,0,1,4,NULL,'2020-11-15 18:26:33','2020-11-15 18:26:33'),(1097,'BRAVA CAESARS SAUCE 12X450ML',30.00,15.00,NULL,NULL,0.00,NULL,0,1,4,NULL,'2020-11-15 18:26:33','2020-11-15 18:26:33'),(1098,'BRAVA WASABI SAUCE 12X450ML',30.00,15.00,NULL,NULL,0.00,NULL,0,1,4,NULL,'2020-11-15 18:26:34','2020-11-15 18:26:34'),(1099,'SIMPLY ORANGE PULP FREE 6X1.54L',18.50,9.25,NULL,NULL,0.00,NULL,0,1,4,NULL,'2020-11-15 18:26:34','2020-11-15 18:26:34'),(1100,'SIMPLY ORANGE W/PULP 6X1.54L',18.50,9.25,NULL,NULL,0.00,NULL,0,1,4,NULL,'2020-11-15 18:26:34','2020-11-15 18:26:34'),(1101,'SIMPLY ORANGE LOTS OF PULP 6X1.54L',18.50,9.25,NULL,NULL,0.00,NULL,0,1,4,NULL,'2020-11-15 18:26:34','2020-11-15 18:26:34'),(1102,'SIMPLY APPLE 6X1.54L',18.50,9.25,NULL,NULL,0.00,NULL,0,1,4,NULL,'2020-11-15 18:26:35','2020-11-15 18:26:35'),(1103,'SIMPLY FG LEMONADE 6X1.54L',18.50,9.25,NULL,NULL,0.00,NULL,0,1,4,NULL,'2020-11-15 18:26:35','2020-11-15 18:26:35'),(1104,'SIMPLY WATERMELON 6X1.54L',18.50,9.25,NULL,NULL,0.00,NULL,0,1,4,NULL,'2020-11-15 18:26:35','2020-11-15 18:26:35'),(1105,'SIMPLY MILK ALMOND ORIGINAL 4X1.5LIT',14.75,7.38,NULL,NULL,0.00,NULL,0,1,4,NULL,'2020-11-15 18:26:36','2020-11-15 18:26:36'),(1106,'SIMPLY MILK ALMOND UNSWEETENED 4X1.5LIT',14.75,7.38,NULL,NULL,0.00,NULL,0,1,4,NULL,'2020-11-15 18:26:36','2020-11-15 18:26:36'),(1107,'SIMPLY MILK ALMOND VANILLA 4X1.5LIT',14.75,7.38,NULL,NULL,0.00,NULL,0,1,4,NULL,'2020-11-15 18:26:36','2020-11-15 18:26:36'),(1108,'OLYMPUS MYZITHRA CHEESE 10KG',60.00,30.00,NULL,NULL,0.00,NULL,0,1,4,NULL,'2020-11-15 18:26:36','2020-11-15 18:26:36'),(1109,'ITALPASTA SPAGHETTI 20 X 450 G',16.00,8.00,NULL,NULL,0.00,NULL,0,1,4,NULL,'2020-11-15 18:26:36','2020-11-15 18:26:36'),(1110,'ITALPASTA SPAGHETTINI 20 X 450 G',16.00,8.00,NULL,NULL,0.00,NULL,0,1,4,NULL,'2020-11-15 18:26:36','2020-11-15 18:26:36'),(1111,'ITALPASTA FETTUCCINE 20 X 450 G',16.00,8.00,NULL,NULL,0.00,NULL,0,1,4,NULL,'2020-11-15 18:26:36','2020-11-15 18:26:36'),(1112,'ITALPASTA ELBOWS 20 X 450 G',16.00,8.00,NULL,NULL,0.00,NULL,0,1,4,NULL,'2020-11-15 18:26:37','2020-11-15 18:26:37'),(1113,'ITALPASTA ROTINI 20 X 450 G',16.00,8.00,NULL,NULL,0.00,NULL,0,1,4,NULL,'2020-11-15 18:26:37','2020-11-15 18:26:37'),(1114,'ITALPASTA RIGATONI 20 X 450 G',16.00,8.00,NULL,NULL,0.00,NULL,0,1,4,NULL,'2020-11-15 18:26:37','2020-11-15 18:26:37'),(1115,'ITALPASTA PENNE RIGATE 20 X 450 G',16.00,8.00,NULL,NULL,0.00,NULL,0,1,4,NULL,'2020-11-15 18:26:37','2020-11-15 18:26:37'),(1116,'ITALPASTA ORZO 20 X 450 G',16.00,8.00,NULL,NULL,0.00,NULL,0,1,4,NULL,'2020-11-15 18:26:37','2020-11-15 18:26:37'),(1117,'ITALPASTA FUSILLI 20 X 450 G',16.00,8.00,NULL,NULL,0.00,NULL,0,1,4,NULL,'2020-11-15 18:26:37','2020-11-15 18:26:37'),(1118,'ITALPASTA SCOOBI DOO PASTA 20 X 450 G',16.00,8.00,NULL,NULL,0.00,NULL,0,1,4,NULL,'2020-11-15 18:26:38','2020-11-15 18:26:38'),(1119,'ITALPASTA FINE EGG NOODLES 12 X 340 G',18.65,9.33,NULL,NULL,0.00,NULL,0,1,4,NULL,'2020-11-15 18:26:38','2020-11-15 18:26:38'),(1120,'OLYMPIA GYRO LOAF 24LBS',156.00,78.00,NULL,NULL,0.00,NULL,0,1,4,NULL,'2020-11-15 18:26:38','2020-11-15 18:26:38'),(1121,'OLYMPIA GYRO 4 X 10LB',185.00,92.50,NULL,NULL,0.00,NULL,0,1,4,NULL,'2020-11-15 18:26:38','2020-11-15 18:26:38'),(1122,'OLYMPIA GYRO SLICED 4 X 5LB',114.00,57.00,NULL,NULL,0.00,NULL,0,1,4,NULL,'2020-11-15 18:26:38','2020-11-15 18:26:38'),(1123,'ITALPASTA MEDIUM EGG NOODLES 12 X 340 G',18.65,9.33,NULL,NULL,0.00,NULL,0,1,4,NULL,'2020-11-15 18:26:38','2020-11-15 18:26:38'),(1124,'ITALPASTA BROAD EGG NOODLES 12 X 340 G',18.65,9.33,NULL,NULL,0.00,NULL,0,1,4,NULL,'2020-11-15 18:26:38','2020-11-15 18:26:38'),(1125,'ITALPASTA EXTRA BROAD EGG NOODLES 12 X 340 G',18.65,9.33,NULL,NULL,0.00,NULL,0,1,4,NULL,'2020-11-15 18:26:38','2020-11-15 18:26:38'),(1126,'ITALPASTA CAPELLINI 12 X 900 G',19.25,9.63,NULL,NULL,0.00,NULL,0,1,4,NULL,'2020-11-15 18:26:39','2020-11-15 18:26:39'),(1127,'ITALPASTA SPAGHETTI 12 X 900 G',19.25,9.63,NULL,NULL,0.00,NULL,0,1,4,NULL,'2020-11-15 18:26:39','2020-11-15 18:26:39'),(1128,'ITALPASTA SPAGHETTINI 12 X 900 G',19.25,9.63,NULL,NULL,0.00,NULL,0,1,4,NULL,'2020-11-15 18:26:39','2020-11-15 18:26:39'),(1129,'ITALPASTA LINGUINE 12 X 900 G',19.25,9.63,NULL,NULL,0.00,NULL,0,1,4,NULL,'2020-11-15 18:26:39','2020-11-15 18:26:39'),(1130,'ITALPASTA VERMICELLI 12 X 900 G',19.25,9.63,NULL,NULL,0.00,NULL,0,1,4,NULL,'2020-11-15 18:26:39','2020-11-15 18:26:39'),(1131,'ITALPASTA FETTUCCINE 12 X 900 G',19.25,9.63,NULL,NULL,0.00,NULL,0,1,4,NULL,'2020-11-15 18:26:39','2020-11-15 18:26:39'),(1132,'ITALPASTA ELBOWS 12 X 900 G',19.25,9.63,NULL,NULL,0.00,NULL,0,1,4,NULL,'2020-11-15 18:26:39','2020-11-15 18:26:39'),(1133,'ITALPASTA BUCATINI 12 X 900 G',19.25,9.63,NULL,NULL,0.00,NULL,0,1,4,NULL,'2020-11-15 18:26:40','2020-11-15 18:26:40'),(1134,'ITALPASTA ROTINI 12 X 900 G',19.25,9.63,NULL,NULL,0.00,NULL,0,1,4,NULL,'2020-11-15 18:26:40','2020-11-15 18:26:40'),(1135,'ITALPASTA FUSILLI 12 X 900 G',19.25,9.63,NULL,NULL,0.00,NULL,0,1,4,NULL,'2020-11-15 18:26:40','2020-11-15 18:26:40'),(1136,'ITALPASTA PENNE LISCE 12 X 900 G',19.25,9.63,NULL,NULL,0.00,NULL,0,1,4,NULL,'2020-11-15 18:26:40','2020-11-15 18:26:40'),(1137,'ITALPASTA PENNE RIGATE 12 X 900 G',19.25,9.63,NULL,NULL,0.00,NULL,0,1,4,NULL,'2020-11-15 18:26:40','2020-11-15 18:26:40'),(1138,'ITALPASTA RIGATONI 12 X 900 G',19.25,9.63,NULL,NULL,0.00,NULL,0,1,4,NULL,'2020-11-15 18:26:40','2020-11-15 18:26:40'),(1139,'ITALPASTA DITALI 12 X 900 G',19.25,9.63,NULL,NULL,0.00,NULL,0,1,4,NULL,'2020-11-15 18:26:40','2020-11-15 18:26:40'),(1140,'ITALPASTA BABY SHELLS 12 X 900 G',19.25,9.63,NULL,NULL,0.00,NULL,0,1,4,NULL,'2020-11-15 18:26:41','2020-11-15 18:26:41'),(1141,'ITALPASTA SMALL SHELLS 12 X 900 G',19.25,9.63,NULL,NULL,0.00,NULL,0,1,4,NULL,'2020-11-15 18:26:41','2020-11-15 18:26:41'),(1142,'ITALPASTA LARGE SHELLS 12 X 900 G',19.25,9.63,NULL,NULL,0.00,NULL,0,1,4,NULL,'2020-11-15 18:26:41','2020-11-15 18:26:41'),(1143,'ITALPASTA ACINI DI PEPE 12 X 900 G',19.25,9.63,NULL,NULL,0.00,NULL,0,1,4,NULL,'2020-11-15 18:26:41','2020-11-15 18:26:41'),(1144,'ITALPASTA ALPHABETS 12 X 900G',19.25,9.63,NULL,NULL,0.00,NULL,0,1,4,NULL,'2020-11-15 18:26:41','2020-11-15 18:26:41'),(1145,'ITALPASTA ORZO 12 X 900 G',19.25,9.63,NULL,NULL,0.00,NULL,0,1,4,NULL,'2020-11-15 18:26:41','2020-11-15 18:26:41'),(1146,'ITALPASTA STARS 12 X 900 G',19.25,9.63,NULL,NULL,0.00,NULL,0,1,4,NULL,'2020-11-15 18:26:42','2020-11-15 18:26:42'),(1147,'ITALPASTA TUBETTI 12 X 900 G',19.25,9.63,NULL,NULL,0.00,NULL,0,1,4,NULL,'2020-11-15 18:26:42','2020-11-15 18:26:42'),(1148,'ITALPASTA PENNINE LISCE 12 X 900 G',19.25,9.63,NULL,NULL,0.00,NULL,0,1,4,NULL,'2020-11-15 18:26:42','2020-11-15 18:26:42'),(1149,'ITALPASTA PENNINE RIGATE 12 X 900 G',19.25,9.63,NULL,NULL,0.00,NULL,0,1,4,NULL,'2020-11-15 18:26:42','2020-11-15 18:26:42'),(1150,'ITALPASTA SCOOBI DOO PASTA 12 X 900 G',19.25,9.63,NULL,NULL,0.00,NULL,0,1,4,NULL,'2020-11-15 18:26:42','2020-11-15 18:26:42'),(1151,'ITALPASTA BOCCONCINI 12 X 900 G',19.25,9.63,NULL,NULL,0.00,NULL,0,1,4,NULL,'2020-11-15 18:26:42','2020-11-15 18:26:42'),(1152,'ITALPASTA LARGE BOW TIES 12 X 700 G',22.50,11.25,NULL,NULL,0.00,NULL,0,1,4,NULL,'2020-11-15 18:26:42','2020-11-15 18:26:42'),(1153,'ITALPASTA GLUTEN FREE SPAGHETTI 12 X 340 G',27.29,13.65,NULL,NULL,0.00,NULL,0,1,4,NULL,'2020-11-15 18:26:43','2020-11-15 18:26:43'),(1154,'ITALPASTA GLUTEN FREE PENNE RIGATE 12 X 340 G',27.29,13.65,NULL,NULL,0.00,NULL,0,1,4,NULL,'2020-11-15 18:26:43','2020-11-15 18:26:43'),(1155,'ITALPASTA GLUTEN FREE FUSILLI 12 X 340 G',27.29,13.65,NULL,NULL,0.00,NULL,0,1,4,NULL,'2020-11-15 18:26:43','2020-11-15 18:26:43'),(1156,'ITALPASTA GLUTEN FREE ELBOWS 12 X 340 G',27.29,13.65,NULL,NULL,0.00,NULL,0,1,4,NULL,'2020-11-15 18:26:43','2020-11-15 18:26:43'),(1157,'ITALPASTA GLUTEN FREE LASAGNA 12 X 250 G',41.00,20.50,NULL,NULL,0.00,NULL,0,1,4,NULL,'2020-11-15 18:26:43','2020-11-15 18:26:43'),(1158,'ITALPASTA LASAGNA 12 X 500 G',20.00,10.00,NULL,NULL,0.00,NULL,0,1,4,NULL,'2020-11-15 18:26:43','2020-11-15 18:26:43'),(1159,'ITALPASTA OVEN READY LASAGNA 12 X 375 G',20.00,10.00,NULL,NULL,0.00,NULL,0,1,4,NULL,'2020-11-15 18:26:43','2020-11-15 18:26:43'),(1160,'ITALPASTA WHOLESOME GRAIN WHOLE WHEAT LASAGNA 12 X 375 G',20.00,10.00,NULL,NULL,0.00,NULL,0,1,4,NULL,'2020-11-15 18:26:44','2020-11-15 18:26:44'),(1161,'ITALPASTA SPINACH LASAGNA 12 X 375 G',20.00,10.00,NULL,NULL,0.00,NULL,0,1,4,NULL,'2020-11-15 18:26:44','2020-11-15 18:26:44'),(1162,'ITALPASTA JUMBO SHELLS 12 X 340 G',25.00,12.50,NULL,NULL,0.00,NULL,0,1,4,NULL,'2020-11-15 18:26:44','2020-11-15 18:26:44'),(1163,'ITALPASTA OVEN READY CANNELLONI 12 X 250 G',25.00,12.50,NULL,NULL,0.00,NULL,0,1,4,NULL,'2020-11-15 18:26:44','2020-11-15 18:26:44'),(1164,'ITALPASTA MANICOTTI 12 X 225 G',25.00,12.50,NULL,NULL,0.00,NULL,0,1,4,NULL,'2020-11-15 18:26:44','2020-11-15 18:26:44'),(1165,'ITALPASTA ARBORIO RICE 12 X 750 G',26.25,13.13,NULL,NULL,0.00,NULL,0,1,4,NULL,'2020-11-15 18:26:44','2020-11-15 18:26:44'),(1166,'ITALPASTA MAC & CHEESE 24 X 200 G',13.00,6.50,NULL,NULL,0.00,NULL,0,1,4,NULL,'2020-11-15 18:26:45','2020-11-15 18:26:45'),(1167,'ITALPASTA CANNED CRUSHED TOMATOES 24 X 796 ML',28.75,14.38,NULL,NULL,0.00,NULL,0,1,4,NULL,'2020-11-15 18:26:45','2020-11-15 18:26:45'),(1168,'ITALPASTA CANNED WHOLE PEELED TOMATOES 24 X 796 ML',28.75,14.38,NULL,NULL,0.00,NULL,0,1,4,NULL,'2020-11-15 18:26:45','2020-11-15 18:26:45'),(1169,'ITALPASTA CANNED DICED TOMATOES 24 X 796 ML',28.75,14.38,NULL,NULL,0.00,NULL,0,1,4,NULL,'2020-11-15 18:26:45','2020-11-15 18:26:45'),(1170,'ITALPASTA CANNED DICED TOMATOES WITH ITALIAN SEASONING 24 X 796ML',28.50,14.25,NULL,NULL,0.00,NULL,0,1,4,NULL,'2020-11-15 18:26:45','2020-11-15 18:26:45'),(1171,'ITALPASTA CANNED CRUSHED TOMATOES NO SALT ADDED 6 X 2.84 L.',29.50,14.75,NULL,NULL,0.00,NULL,0,1,4,NULL,'2020-11-15 18:26:45','2020-11-15 18:26:45'),(1172,'ITALPASTA CANNED WHOLE PEELED TOMATOES NO SALT ADDED 6 X 2.84 L.',29.50,14.75,NULL,NULL,0.00,NULL,0,1,4,NULL,'2020-11-15 18:26:45','2020-11-15 18:26:45'),(1173,'ITALPASTA CANNED DICED TOMATOES NO SALT ADDED 6 X 2.84 L.',29.50,14.75,NULL,NULL,0.00,NULL,0,1,4,NULL,'2020-11-15 18:26:46','2020-11-15 18:26:46'),(1174,'ITALPASTA CANNED ITALIAN WHOLE PLUM TOMATOES 6 X 2.84 L.',29.50,14.75,NULL,NULL,0.00,NULL,0,1,4,NULL,'2020-11-15 18:26:46','2020-11-15 18:26:46'),(1175,'ITALPASTA PIZZA SAUCE 24 X 213 ML',21.50,10.75,NULL,NULL,0.00,NULL,0,1,4,NULL,'2020-11-15 18:26:46','2020-11-15 18:26:46'),(1176,'ITALPASTA PASTA SAUCE 12 X 680 ML',18.75,9.38,NULL,NULL,0.00,NULL,0,1,4,NULL,'2020-11-15 18:26:46','2020-11-15 18:26:46'),(1177,'ITALPASTA TOMATO BASIL PASTA SAUCE 12 X 680 ML',18.75,9.38,NULL,NULL,0.00,NULL,0,1,4,NULL,'2020-11-15 18:26:46','2020-11-15 18:26:46'),(1178,'ITALPASTA HOT & SPICY PASTA SAUCE 12 X 680 ML',18.75,9.38,NULL,NULL,0.00,NULL,0,1,4,NULL,'2020-11-15 18:26:46','2020-11-15 18:26:46'),(1179,'ITALPASTA SWEET GARLIC PASTA SAUCE 12 X 680 ML',18.75,9.38,NULL,NULL,0.00,NULL,0,1,4,NULL,'2020-11-15 18:26:47','2020-11-15 18:26:47'),(1180,'ITALPASTA PASSATA CLASSICA 12 X 680 ML',16.75,8.38,NULL,NULL,0.00,NULL,0,1,4,NULL,'2020-11-15 18:26:47','2020-11-15 18:26:47'),(1181,'ITALPASTA TOMATO PASTE 48 X 156 ML',33.00,16.50,NULL,NULL,0.00,NULL,0,1,4,NULL,'2020-11-15 18:26:47','2020-11-15 18:26:47'),(1182,'ITALPASTA RED BALSAMIC VINEGAR 6 X 350 ML',20.00,10.00,NULL,NULL,0.00,NULL,0,1,4,NULL,'2020-11-15 18:26:47','2020-11-15 18:26:47'),(1183,'ITALPASTA WHITE BALSAMIC VINEGAR 6 X 350 ML',20.00,10.00,NULL,NULL,0.00,NULL,0,1,4,NULL,'2020-11-15 18:26:47','2020-11-15 18:26:47'),(1184,'ITALPASTA EXTRA-VIRGIN OLIVE OIL 12 X 1 L.',90.00,45.00,NULL,NULL,0.00,NULL,0,1,4,NULL,'2020-11-15 18:26:47','2020-11-15 18:26:47'),(1185,'ITALPASTA ITALIAN STYLE BREADCRUMBS 12 X 227 G',19.75,9.88,NULL,NULL,0.00,NULL,0,1,4,NULL,'2020-11-15 18:26:47','2020-11-15 18:26:47'),(1186,'ITALPASTA ITALIAN STYLE BREADCRUMBS 12 X 680 G',33.50,16.75,NULL,NULL,0.00,NULL,0,1,4,NULL,'2020-11-15 18:26:48','2020-11-15 18:26:48'),(1187,'ITALPASTA FLAT ANCHOVIES 25 X 56 G',50.00,25.00,NULL,NULL,0.00,NULL,0,1,4,NULL,'2020-11-15 18:26:48','2020-11-15 18:26:48'),(1188,'ITALPASTA FLAT ANCHOVIES 24 X 369 G',200.00,100.00,NULL,NULL,0.00,NULL,0,1,4,NULL,'2020-11-15 18:26:48','2020-11-15 18:26:48'),(1189,'ALESSI MILANESE STYLE RISOTTO WITH SAFRAN 6 X 227 G',17.50,8.75,NULL,NULL,0.00,NULL,0,1,4,NULL,'2020-11-15 18:26:48','2020-11-15 18:26:48'),(1190,'ALESSI MUSHROOM RISOTTO 6 X 227 G',17.50,8.75,NULL,NULL,0.00,NULL,0,1,4,NULL,'2020-11-15 18:26:48','2020-11-15 18:26:48'),(1191,'ALESSI RISOTTO POMODORO 6 X 227 G',17.50,8.75,NULL,NULL,0.00,NULL,0,1,4,NULL,'2020-11-15 18:26:48','2020-11-15 18:26:48'),(1192,'MUTTI TOMATO PASTE 12 X 156 ML',28.00,14.00,NULL,NULL,0.00,NULL,0,1,4,NULL,'2020-11-15 18:26:49','2020-11-15 18:26:49'),(1193,'MUTTI FINELY CHOPPED TOMATOES 12 X 398 ML',18.95,9.48,NULL,NULL,0.00,NULL,0,1,4,NULL,'2020-11-15 18:26:49','2020-11-15 18:26:49'),(1194,'MUTTI WHOLE PEELED TOMATOES 6 X 2.97 KG',39.50,19.75,NULL,NULL,0.00,NULL,0,1,4,NULL,'2020-11-15 18:26:49','2020-11-15 18:26:49'),(1195,'MUTTI WHOLE PEELED TOMATOES 12 X 798 ML',29.50,14.75,NULL,NULL,0.00,NULL,0,1,4,NULL,'2020-11-15 18:26:49','2020-11-15 18:26:49'),(1196,'MUTTI CHERRY TOMATOES 12 X 398 ML',23.90,11.95,NULL,NULL,0.00,NULL,0,1,4,NULL,'2020-11-15 18:26:50','2020-11-15 18:26:50'),(1197,'MUTTI TOMATO PUREE GLASS BOTTLE 12 X 680 ML',28.70,14.35,NULL,NULL,0.00,NULL,0,1,4,NULL,'2020-11-15 18:26:50','2020-11-15 18:26:50'),(1198,'MUTTI TOMATO PUREE WITH FRESH BASIL 12 X 680 ML',23.70,11.85,NULL,NULL,0.00,NULL,0,1,4,NULL,'2020-11-15 18:26:50','2020-11-15 18:26:50'),(1199,'MUTTI PIZZA SAUCE WITH SPICES 12 X 398 ML',23.90,11.95,NULL,NULL,0.00,NULL,0,1,4,NULL,'2020-11-15 18:26:51','2020-11-15 18:26:51'),(1200,'VITALE OVEN READY LASAGNA 12 X 375 G',13.00,6.50,NULL,NULL,0.00,NULL,0,1,4,NULL,'2020-11-15 18:26:51','2020-11-15 18:26:51'),(1201,'GALVANINA SPARKLING MINERAL WATER 12 X 1 L.',10.00,5.00,NULL,NULL,0.00,NULL,0,1,4,NULL,'2020-11-15 18:26:51','2020-11-15 18:26:51'),(1202,'GALVANINA STILL MINERAL WATER 12 X 1 L.',10.00,5.00,NULL,NULL,0.00,NULL,0,1,4,NULL,'2020-11-15 18:26:51','2020-11-15 18:26:51'),(1203,'BAULI CROISSANT CHOCOLATE 12 X 300 G',33.00,16.50,NULL,NULL,0.00,NULL,0,1,4,NULL,'2020-11-15 18:26:51','2020-11-15 18:26:51'),(1204,'BAULI CROISSANT VANILLA 12 X 300 G',33.00,16.50,NULL,NULL,0.00,NULL,0,1,4,NULL,'2020-11-15 18:26:51','2020-11-15 18:26:51'),(1205,'COSTA D\'ORO EXTRA VIRGIN OLIVE OIL 8 X 1 L',80.19,40.10,NULL,NULL,0.00,NULL,0,1,4,NULL,'2020-11-15 18:26:51','2020-11-15 18:26:51'),(1206,'COSTA D\'ORO ORGANIC EXTRA VIRGIN OLIVE OIL 6 X 750 ML',61.89,30.95,NULL,NULL,0.00,NULL,0,1,4,NULL,'2020-11-15 18:26:52','2020-11-15 18:26:52'),(1207,'COSTA D\'ORO IL GREZZO 100% ITALIAN UNFILTERED EXTRA VIRGIN OLIVE OIL 6 X 750 ML',83.75,41.88,NULL,NULL,0.00,NULL,0,1,4,NULL,'2020-11-15 18:26:52','2020-11-15 18:26:52'),(1208,'ITALPASTA ASSORTED SOUP MIX (72 X 6OZ)',135.00,67.50,NULL,NULL,0.00,NULL,0,1,4,NULL,'2020-11-15 18:26:52','2020-11-15 18:26:52'),(1209,'MUTTI FINELY CHOPPED TOMATOES 12 X 796 ML',29.95,14.98,NULL,NULL,0.00,NULL,0,1,4,NULL,'2020-11-15 18:26:52','2020-11-15 18:26:52'),(1210,'MUTTI SIMPLY SUGO TOMATO SAUCE with BASILAND ONION 6 X 398 ML',19.80,9.90,NULL,NULL,0.00,NULL,0,1,4,NULL,'2020-11-15 18:26:52','2020-11-15 18:26:52'),(1211,'MUTTI SIMPLY SUGO TOMATO SAUCE with GRILLED VEGETABLES 6 X 398 ML',19.80,9.90,NULL,NULL,0.00,NULL,0,1,4,NULL,'2020-11-15 18:26:52','2020-11-15 18:26:52'),(1212,'ALESSI FARRO BEETS & SPINACH 6 X 7 OZ',17.50,8.75,NULL,NULL,0.00,NULL,0,1,4,NULL,'2020-11-15 18:26:53','2020-11-15 18:26:53'),(1213,'ALESSI FARRO BUTTERNUT SQUASH & KALE 6 X 7 OZ',17.50,8.75,NULL,NULL,0.00,NULL,0,1,4,NULL,'2020-11-15 18:26:53','2020-11-15 18:26:53'),(1214,'ALESSI FARRO 4 CHEESES 6 X 7 OZ',17.50,8.75,NULL,NULL,0.00,NULL,0,1,4,NULL,'2020-11-15 18:26:53','2020-11-15 18:26:53'),(1215,'MUTTI SIMPLY SUGO TOMATO SAUCE with PARMIGIANO 6 X 398 ML',19.80,9.90,NULL,NULL,0.00,NULL,0,1,4,NULL,'2020-11-15 18:26:53','2020-11-15 18:26:53'),(1216,'MUTTI TRIPLE CONCENTRATED TOMATO PASTE 12 X 156 ML',32.00,16.00,NULL,NULL,0.00,NULL,0,1,4,NULL,'2020-11-15 18:26:53','2020-11-15 18:26:53'),(1217,'ITALPASTA ORZO 12 X 450 G BOXES',16.00,8.00,NULL,NULL,0.00,NULL,0,1,4,NULL,'2020-11-15 18:26:53','2020-11-15 18:26:53'),(1218,'ITALPASTA ACINI DI PEPE 12 X 450 G BOXES',16.00,8.00,NULL,NULL,0.00,NULL,0,1,4,NULL,'2020-11-15 18:26:54','2020-11-15 18:26:54'),(1219,'ITALPASTA ALPHABETS 12 X 450 G BOXES',16.00,8.00,NULL,NULL,0.00,NULL,0,1,4,NULL,'2020-11-15 18:26:54','2020-11-15 18:26:54'),(1220,'ITALPASTA SHELLS 12 X 450 G BOXES',16.00,8.00,NULL,NULL,0.00,NULL,0,1,4,NULL,'2020-11-15 18:26:54','2020-11-15 18:26:54'),(1221,'ALESSI LENTIL SOUP (6 x 6 OZ)',17.50,8.75,NULL,NULL,0.00,NULL,0,1,4,NULL,'2020-11-15 18:26:54','2020-11-15 18:26:54'),(1222,'ALESSI WHITE BEAN SOUP (6 x 6 OZ)',17.50,8.75,NULL,NULL,0.00,NULL,0,1,4,NULL,'2020-11-15 18:26:54','2020-11-15 18:26:54'),(1223,'ALESSI SICILIAN CHICKEN NOODLE SOUP (6 x 6 OZ)',17.50,8.75,NULL,NULL,0.00,NULL,0,1,4,NULL,'2020-11-15 18:26:54','2020-11-15 18:26:54'),(1224,'ALESSI MINESTRONE SOUP (6 X 6 OZ)',17.50,8.75,NULL,NULL,0.00,NULL,0,1,4,NULL,'2020-11-15 18:26:54','2020-11-15 18:26:54'),(1225,'CHICKEN BURGERS (10 X 907GR)',72.24,36.12,NULL,NULL,0.00,NULL,0,1,4,NULL,'2020-11-15 18:26:55','2020-11-15 18:26:55'),(1226,'CHICKEN STUFFED WITH SWISS (12 X 284GR)',36.00,18.00,NULL,NULL,0.00,NULL,0,1,4,NULL,'2020-11-15 18:26:55','2020-11-15 18:26:55'),(1227,'CHICKEN STUFFED WITH BROCOLLI AND CHEESE (12 X 284GR)',36.00,18.00,NULL,NULL,0.00,NULL,0,1,4,NULL,'2020-11-15 18:26:55','2020-11-15 18:26:55'),(1228,'MOZZARELLA STICKS (12 X 500GR)',67.00,33.50,NULL,NULL,0.00,NULL,0,1,4,NULL,'2020-11-15 18:26:55','2020-11-15 18:26:55'),(1229,'SUNRISE POULTRY FULLY COOKED BREADED CHICKEN NUGGETS 12 X 800 G',74.00,37.00,NULL,NULL,0.00,NULL,0,1,4,NULL,'2020-11-15 18:26:56','2020-11-15 18:26:56'),(1230,'SUNRISE POULTRY FULLY COOKED CHICKEN STRIPS 12 X 800 G',74.00,37.00,NULL,NULL,0.00,NULL,0,1,4,NULL,'2020-11-15 18:26:56','2020-11-15 18:26:56'),(1231,'SUNRISE POULTRY FULLY COOKED CHICKEN BURGERS 12 X 800 G',74.00,37.00,NULL,NULL,0.00,NULL,0,1,4,NULL,'2020-11-15 18:26:56','2020-11-15 18:26:56'),(1232,'SUNRISE POULTRY SOUTHERN STYLE FULLY COOKED POPCORN CHICKEN 12 X 800 G',74.00,37.00,NULL,NULL,0.00,NULL,0,1,4,NULL,'2020-11-15 18:26:56','2020-11-15 18:26:56'),(1233,'ROMAN LASAGNA WITH MEAT SAUCE 6 X 2.27KG',83.25,41.63,NULL,NULL,0.00,NULL,0,1,4,NULL,'2020-11-15 18:26:56','2020-11-15 18:26:56'),(1234,'ROMAN LASAGNA WITH MEAT SAUCE AND 4 CHEESES 6 X 2.27KG',83.25,41.63,NULL,NULL,0.00,NULL,0,1,4,NULL,'2020-11-15 18:26:57','2020-11-15 18:26:57'),(1235,'ROMAN CHEESE CANNELONI WITH SAUCE 12 X 907GR',81.85,40.93,NULL,NULL,0.00,NULL,0,1,4,NULL,'2020-11-15 18:26:57','2020-11-15 18:26:57'),(1236,'ROMAN CHEESE RAVIOLI 8 X 1.13KG',61.85,30.93,NULL,NULL,0.00,NULL,0,1,4,NULL,'2020-11-15 18:26:57','2020-11-15 18:26:57'),(1237,'ROMAN SPINACH AND CHEESE RAVIOLI 8 X 1.13KG',81.19,40.60,NULL,NULL,0.00,NULL,0,1,4,NULL,'2020-11-15 18:26:58','2020-11-15 18:26:58'),(1238,'ROMAN ITALIAN SAUSAGE RAVIOLI 8 X 1.13KG',81.19,40.60,NULL,NULL,0.00,NULL,0,1,4,NULL,'2020-11-15 18:26:58','2020-11-15 18:26:58'),(1239,'ROMAN 3-CHEESE RAVIOLI 8 X 1.13KG',81.19,40.60,NULL,NULL,0.00,NULL,0,1,4,NULL,'2020-11-15 18:26:58','2020-11-15 18:26:58'),(1240,'CASA MORENA FROZEN GNOCCHI STUFFED WITH ASPARAGUS AND RICOTTA 12 X 400 G',50.40,25.20,NULL,NULL,0.00,NULL,0,1,4,NULL,'2020-11-15 18:26:58','2020-11-15 18:26:58'),(1241,'CASA MORENA FROZEN GNOCCHI STUFFED WITH PARIS MUSHROOM 12 X 400 G',50.40,25.20,NULL,NULL,0.00,NULL,0,1,4,NULL,'2020-11-15 18:26:58','2020-11-15 18:26:58'),(1242,'CASA MORENA FROZEN GNOCCI STUFFED WITH MOZZARELLA & TOMATO 12 X 400 G',50.40,25.20,NULL,NULL,0.00,NULL,0,1,4,NULL,'2020-11-15 18:26:58','2020-11-15 18:26:58'),(1243,'CASA MORENA FROZEN GNOCCI STUFFED PRIMAVERA 12 X 400 G',50.40,25.20,NULL,NULL,0.00,NULL,0,1,4,NULL,'2020-11-15 18:26:59','2020-11-15 18:26:59'),(1244,'CASA MORENA HAZEL BITES 12 X 400 G',61.20,30.60,NULL,NULL,0.00,NULL,0,1,4,NULL,'2020-11-15 18:26:59','2020-11-15 18:26:59'),(1245,'CASA MORENA GNOCCHI WITH ASPARAGUS 5 KG BOX',45.35,22.68,NULL,NULL,0.00,NULL,0,1,4,NULL,'2020-11-15 18:26:59','2020-11-15 18:26:59'),(1246,'CASA MORENA HAZEL BITES 5KG BOX',60.00,30.00,NULL,NULL,0.00,NULL,0,1,4,NULL,'2020-11-15 18:27:00','2020-11-15 18:27:00'),(1247,'PIZZADELIC AMERICANA PIZZA 12 X 320 G',39.00,19.50,NULL,NULL,0.00,NULL,0,1,4,NULL,'2020-11-15 18:27:00','2020-11-15 18:27:00'),(1248,'PIZZADELIC CHORIZO PIZZA 12 X 330 G',39.00,19.50,NULL,NULL,0.00,NULL,0,1,4,NULL,'2020-11-15 18:27:00','2020-11-15 18:27:00'),(1249,'PIZZADELIC L\'ENFER PIZZA 12 X 350 G',39.00,19.50,NULL,NULL,0.00,NULL,0,1,4,NULL,'2020-11-15 18:27:00','2020-11-15 18:27:00'),(1250,'PATE 2000 - PIZZA DOUGH BALL 18 X 454 G',33.60,16.80,NULL,NULL,0.00,NULL,0,1,4,NULL,'2020-11-15 18:27:00','2020-11-15 18:27:00'),(1251,'PATE 2000 - REGULAR PIE DOUGH 12 X 1 KG',50.70,25.35,NULL,NULL,0.00,NULL,0,1,4,NULL,'2020-11-15 18:27:00','2020-11-15 18:27:00'),(1252,'PATE 2000 - LOW SODIUM PIE DOUGH 12 X 1 KG',39.00,19.50,NULL,NULL,0.00,NULL,0,1,4,NULL,'2020-11-15 18:27:00','2020-11-15 18:27:00'),(1253,'PATE 2000 - GLUTEN FREE PIE DOUGH 6 X 500 G',81.90,40.95,NULL,NULL,0.00,NULL,0,1,4,NULL,'2020-11-15 18:27:01','2020-11-15 18:27:01'),(1254,'PATE 2000 - PIE CRUST 8 INCH 6 X 1.12 KG (4 PER UNIT)',52.65,26.33,NULL,NULL,0.00,NULL,0,1,4,NULL,'2020-11-15 18:27:01','2020-11-15 18:27:01'),(1255,'MINI APPETIZERS STUFFED WITH PEPPERS AND CHEESE 8 X 1KG',89.60,44.80,NULL,NULL,0.00,NULL,0,1,4,NULL,'2020-11-15 18:27:01','2020-11-15 18:27:01'),(1256,'BURRITOS SPICY RED HOT BEEF (24 X 145 GR)',25.95,12.98,NULL,NULL,0.00,NULL,0,1,4,NULL,'2020-11-15 18:27:01','2020-11-15 18:27:01'),(1257,'BURRITOS WITH BEANS AND BEEF (24 X 145GR)',25.95,12.98,NULL,NULL,0.00,NULL,0,1,4,NULL,'2020-11-15 18:27:01','2020-11-15 18:27:01'),(1258,'BURRITOS WITH CHEESE AND BEANS (24 X 145GR)',25.95,12.98,NULL,NULL,0.00,NULL,0,1,4,NULL,'2020-11-15 18:27:01','2020-11-15 18:27:01'),(1259,'JJ WILK PEROGIES CHEDDAR (10 X 907GR)',26.95,13.48,NULL,NULL,0.00,NULL,0,1,4,NULL,'2020-11-15 18:27:02','2020-11-15 18:27:02'),(1260,'JJ WILK PEROGIES 3 CHEESE (10 X 907GR)',26.95,13.48,NULL,NULL,0.00,NULL,0,1,4,NULL,'2020-11-15 18:27:02','2020-11-15 18:27:02'),(1261,'JJ WILK PEROGIES ONION (10 X 907GR)',26.95,13.48,NULL,NULL,0.00,NULL,0,1,4,NULL,'2020-11-15 18:27:02','2020-11-15 18:27:02'),(1262,'JJ WILK PEROGIES CHEDDAR WITH BACON (10 X 907GR)',26.95,13.48,NULL,NULL,0.00,NULL,0,1,4,NULL,'2020-11-15 18:27:02','2020-11-15 18:27:02'),(1263,'JJ WILK PEROGIES CHEDDAR WITH JALAPENO (10 X 907GR)',26.95,13.48,NULL,NULL,0.00,NULL,0,1,4,NULL,'2020-11-15 18:27:02','2020-11-15 18:27:02'),(1264,'JJ WILK PEROGIES  SAUERKRAUT (10 X 907GR)',40.50,20.25,NULL,NULL,0.00,NULL,0,1,4,NULL,'2020-11-15 18:27:02','2020-11-15 18:27:02'),(1265,'JJ WILK PEROGIES WITH COTTAGE CHEESE (10 X 907GR)',39.50,19.75,NULL,NULL,0.00,NULL,0,1,4,NULL,'2020-11-15 18:27:03','2020-11-15 18:27:03'),(1266,'THE MANNA - RYE RUSK 12 X 600 GR',56.70,28.35,NULL,NULL,0.00,NULL,0,1,4,NULL,'2020-11-15 18:27:03','2020-11-15 18:27:03'),(1267,'THE MANNA - WHEAT RUSK 12 X 600 GR',56.70,28.35,NULL,NULL,0.00,NULL,0,1,4,NULL,'2020-11-15 18:27:03','2020-11-15 18:27:03'),(1268,'THE MANNA OLIVE OIL BISCUITS WITH CAROB 12 X 130GR',28.80,14.40,NULL,NULL,0.00,NULL,0,1,4,NULL,'2020-11-15 18:27:03','2020-11-15 18:27:03'),(1269,'THE MANNA - OLIVE OIL RUSK 15 X 500 GR',70.88,35.44,NULL,NULL,0.00,NULL,0,1,4,NULL,'2020-11-15 18:27:03','2020-11-15 18:27:03'),(1270,'THE MANNA RUSKS WITH CAROB 16 X 350GR',75.50,37.75,NULL,NULL,0.00,NULL,0,1,4,NULL,'2020-11-15 18:27:03','2020-11-15 18:27:03'),(1271,'THE MANNA BARLEY ROLLS ROUND RUSKS 15 X 400 GR',52.50,26.25,NULL,NULL,0.00,NULL,0,1,4,NULL,'2020-11-15 18:27:03','2020-11-15 18:27:03'),(1272,'THE MANNA - OLIVE OIL BISCUIT 24 X 290 GR',88.15,44.08,NULL,NULL,0.00,NULL,0,1,4,NULL,'2020-11-15 18:27:04','2020-11-15 18:27:04'),(1273,'THE MANNA MINI BARLEY RUSK 22 X 400GR',75.08,37.54,NULL,NULL,0.00,NULL,0,1,4,NULL,'2020-11-15 18:27:04','2020-11-15 18:27:04'),(1274,'THE MANNA-BARLEY RUSK 12 X 600GR',56.70,28.35,NULL,NULL,0.00,NULL,0,1,4,NULL,'2020-11-15 18:27:05','2020-11-15 18:27:05'),(1275,'THE MANNA ALMOND BISCOTTI 12 X 160 GR',36.00,18.00,NULL,NULL,0.00,NULL,0,1,4,NULL,'2020-11-15 18:27:05','2020-11-15 18:27:05'),(1276,'THE MANNA ORANGE BISCOTTI 12 X 160 GR',36.00,18.00,NULL,NULL,0.00,NULL,0,1,4,NULL,'2020-11-15 18:27:05','2020-11-15 18:27:05'),(1277,'ANTICA NAPOLI PASSATA (12 X 700GR(24OZ)',12.95,6.48,NULL,NULL,0.00,NULL,0,1,4,NULL,'2020-11-15 18:27:05','2020-11-15 18:27:05'),(1278,'LORIS ALCOOL A FRICTION 70% 12X500ML',48.00,24.00,NULL,NULL,0.00,NULL,0,1,4,NULL,'2020-11-15 18:27:05','2020-11-15 18:27:05'),(1279,'LORIS HAND SANITIZING GEL 48 X 115 ML',168.00,84.00,NULL,NULL,0.00,NULL,0,1,4,NULL,'2020-11-15 18:27:05','2020-11-15 18:27:05'),(1280,'LORIS ANTISEPTIC WIPES (80 WIPES) 11 X 500 ML',110.00,55.00,NULL,NULL,0.00,NULL,0,1,4,NULL,'2020-11-15 18:27:06','2020-11-15 18:27:06'),(1281,'ROSE INCENSE (12 X 50GR)',12.60,6.30,NULL,NULL,0.00,NULL,0,1,4,NULL,'2020-11-15 18:27:06','2020-11-15 18:27:06'),(1282,'JASMINE INCENSE (12 X 50GR)',12.60,6.30,NULL,NULL,0.00,NULL,0,1,4,NULL,'2020-11-15 18:27:06','2020-11-15 18:27:06'),(1283,'GARDENIA INCENSE (12 X 50GR)',12.60,6.30,NULL,NULL,0.00,NULL,0,1,4,NULL,'2020-11-15 18:27:06','2020-11-15 18:27:06'),(1284,'NATURAL INCENSE (12 X 50 GR)',12.60,6.30,NULL,NULL,0.00,NULL,0,1,4,NULL,'2020-11-15 18:27:06','2020-11-15 18:27:06'),(1285,'RED SHORT CROSS WITH BATTERIE (x 36 UNITS)',120.75,60.38,NULL,NULL,0.00,NULL,0,1,4,NULL,'2020-11-15 18:27:06','2020-11-15 18:27:06'),(1286,'RED PARAFFIN WICKS (12 X 50GR)',12.60,6.30,NULL,NULL,0.00,NULL,0,1,4,NULL,'2020-11-15 18:27:06','2020-11-15 18:27:06'),(1287,'LORIS ANTISEPTIC ALCOHOL WIPES 24X51',102.00,51.00,NULL,NULL,0.00,NULL,0,1,4,NULL,'2020-11-15 18:27:07','2020-11-15 18:27:07'),(1288,'LORIS ANTISEPTIC SOLUTION 70% ISOPROPYL ALCOHOL USP WITH GLYCERINE 4LIT',35.00,17.50,NULL,NULL,0.00,NULL,0,1,4,NULL,'2020-11-15 18:27:07','2020-11-15 18:27:07'),(1289,'SMALL CHARCOAL (24 X 6)',4.67,2.34,NULL,NULL,0.00,NULL,0,1,4,NULL,'2020-11-15 18:27:07','2020-11-15 18:27:07'),(1290,'MEDIUM CHARCOAL (19 X 6)',5.20,2.60,NULL,NULL,0.00,NULL,0,1,4,NULL,'2020-11-15 18:27:07','2020-11-15 18:27:07'),(1291,'LARGE CHARCOAL (20 X 6)',10.45,5.23,NULL,NULL,0.00,NULL,0,1,4,NULL,'2020-11-15 18:27:07','2020-11-15 18:27:07'),(1292,'CANDLE 40T RED  3 X 10 X 262 GR',53.55,26.78,NULL,NULL,0.00,NULL,0,1,4,NULL,'2020-11-15 18:27:07','2020-11-15 18:27:07'),(1293,'GOLD PLASTIC CANDLE 20 X 66 GR',96.00,48.00,NULL,NULL,0.00,NULL,0,1,4,NULL,'2020-11-15 18:27:08','2020-11-15 18:27:08'),(1294,'SILVER PLASTIC CANDLE 20 X 66 GR',96.00,48.00,NULL,NULL,0.00,NULL,0,1,4,NULL,'2020-11-15 18:27:08','2020-11-15 18:27:08'),(1295,'WHITE PLASTIC CANDLE 20 X 66 GR',96.00,48.00,NULL,NULL,0.00,NULL,0,1,4,NULL,'2020-11-15 18:27:08','2020-11-15 18:27:08'),(1296,'PARAFFIN OIL LAMP 6 X 476 GR',37.80,18.90,NULL,NULL,0.00,NULL,0,1,4,NULL,'2020-11-15 18:27:08','2020-11-15 18:27:08'),(1297,'ANGEL LAMP OIL 20 X 798 GR',78.75,39.38,NULL,NULL,0.00,NULL,0,1,4,NULL,'2020-11-15 18:27:08','2020-11-15 18:27:08'),(1298,'BIG CENSER',6.83,3.42,NULL,NULL,0.00,NULL,0,1,4,NULL,'2020-11-15 18:27:08','2020-11-15 18:27:08'),(1299,'PRAYER ROPE 6 GR',17.33,8.67,NULL,NULL,0.00,NULL,0,1,4,NULL,'2020-11-15 18:27:08','2020-11-15 18:27:08'),(1300,'ELASTIC PRAYER ROPE 6 GR',17.33,8.67,NULL,NULL,0.00,NULL,0,1,4,NULL,'2020-11-15 18:27:09','2020-11-15 18:27:09'),(1301,'BIG RED CROSS WITH BATTERY 30 X 102 GR',110.25,55.13,NULL,NULL,0.00,NULL,0,1,4,NULL,'2020-11-15 18:27:09','2020-11-15 18:27:09'),(1302,'CHURCH PARAFFIN LAMP OIL-CANDLE 12UNITS',59.40,29.70,NULL,NULL,0.00,NULL,0,1,4,NULL,'2020-11-15 18:27:09','2020-11-15 18:27:09'),(1303,'CHURCH YELLOW PARAFFIN WICKS 12X50GR',12.60,6.30,NULL,NULL,0.00,NULL,0,1,4,NULL,'2020-11-15 18:27:09','2020-11-15 18:27:09'),(1304,'CHURCH NATURAN BEES WAX PARAFFIN WICKS 12X40GR',19.95,9.98,NULL,NULL,0.00,NULL,0,1,4,NULL,'2020-11-15 18:27:09','2020-11-15 18:27:09'),(1305,'ELAA NATURAL OLIVE OIL SOAP BARS 24 X 100G',15.60,7.80,NULL,NULL,0.00,NULL,0,1,4,NULL,'2020-11-15 18:27:09','2020-11-15 18:27:09'),(1306,'ELAA JASMINE OLIVE OIL SOAP BARS 24 X 100G',19.20,9.60,NULL,NULL,0.00,NULL,0,1,4,NULL,'2020-11-15 18:27:09','2020-11-15 18:27:09'),(1307,'ELAA ROSE OLIVE OIL SOAP BARS 24 X 100G',19.20,9.60,NULL,NULL,0.00,NULL,0,1,4,NULL,'2020-11-15 18:27:10','2020-11-15 18:27:10'),(1308,'ELAA CHAMOMILE OLIVE OIL SOAP BARS 24 X 100G',19.20,9.60,NULL,NULL,0.00,NULL,0,1,4,NULL,'2020-11-15 18:27:10','2020-11-15 18:27:10'),(1309,'ELAA LAVENDER OLIVE OIL SOAP BARS 24 X 100G',19.20,9.60,NULL,NULL,0.00,NULL,0,1,4,NULL,'2020-11-15 18:27:10','2020-11-15 18:27:10'),(1310,'ELAA ALOE VERA OLIVE OIL SOAP BARS 24 X 100G',19.20,9.60,NULL,NULL,0.00,NULL,0,1,4,NULL,'2020-11-15 18:27:10','2020-11-15 18:27:10'),(1311,'ELAA HONEY OLIVE OIL SOAP BARS 24 X 100G',19.20,9.60,NULL,NULL,0.00,NULL,0,1,4,NULL,'2020-11-15 18:27:10','2020-11-15 18:27:10'),(1312,'CAPTAINS-BLUE EGG DYE 12X2GR',18.00,9.00,NULL,NULL,0.00,NULL,0,1,4,NULL,'2020-11-15 18:27:10','2020-11-15 18:27:10'),(1313,'CAPTAINS-GREEN EGG DYE 12X2GR',18.00,9.00,NULL,NULL,0.00,NULL,0,1,4,NULL,'2020-11-15 18:27:10','2020-11-15 18:27:10'),(1314,'CAPTAINS- RED EGG DYE 25X2GR',37.50,18.75,NULL,NULL,0.00,NULL,0,1,4,NULL,'2020-11-15 18:27:11','2020-11-15 18:27:11'),(1315,'CAPTAINS-YELLOW EGG DYE 12X2GR',18.00,9.00,NULL,NULL,0.00,NULL,0,1,4,NULL,'2020-11-15 18:27:11','2020-11-15 18:27:11'),(1316,'KRISTAlLI KEFALOGRAVIERA PER KG',18.95,9.48,NULL,NULL,0.00,NULL,0,1,4,NULL,'2020-11-15 18:27:11','2020-11-15 18:27:11'),(1317,'KRISTALLI BARREL FETA',11.95,5.98,NULL,NULL,0.00,NULL,0,1,4,NULL,'2020-11-15 18:27:11','2020-11-15 18:27:11'),(1318,'CANDIA NATURAL ALMONDS IN TRAY 8X250GR',39.20,19.60,NULL,NULL,0.00,NULL,0,1,4,NULL,'2020-11-15 18:27:11','2020-11-15 18:27:11'),(1319,'CANDIA NATURAL WALNUTS IN TRAY 8X200GR',34.00,17.00,NULL,NULL,0.00,NULL,0,1,4,NULL,'2020-11-15 18:27:11','2020-11-15 18:27:11'),(1320,'CANDIA ROASTED & SALTED PISTACHIOS IN TRAY 8X200GR',50.00,25.00,NULL,NULL,0.00,NULL,0,1,4,NULL,'2020-11-15 18:27:11','2020-11-15 18:27:11'),(1321,'CANDIA ROASTED & SALTED CASHEWS IN TRAY 8X220GR',40.00,20.00,NULL,NULL,0.00,NULL,0,1,4,NULL,'2020-11-15 18:27:12','2020-11-15 18:27:12'),(1322,'CANDIA STUDENT MIX (COCTAIL GEA) NO ADDED SALT IN TRAY 8X220GR',30.00,15.00,NULL,NULL,0.00,NULL,0,1,4,NULL,'2020-11-15 18:27:12','2020-11-15 18:27:12'),(1323,'CANDIA BAR MIX SNACK IN TRAY 8X180GR',12.00,6.00,NULL,NULL,0.00,NULL,0,1,4,NULL,'2020-11-15 18:27:12','2020-11-15 18:27:12'),(1324,'CANDIA BBQ MIX SNACK IN TRAY 8X150GR',14.00,7.00,NULL,NULL,0.00,NULL,0,1,4,NULL,'2020-11-15 18:27:12','2020-11-15 18:27:12'),(1325,'CANDIA CORN NUTS SNACK IN TRAY 8X180GR',11.20,5.60,NULL,NULL,0.00,NULL,0,1,4,NULL,'2020-11-15 18:27:12','2020-11-15 18:27:12'),(1326,'CANDIA BAKED & SALTED PEANUTS IN TRAY 8X250GR',16.00,8.00,NULL,NULL,0.00,NULL,0,1,4,NULL,'2020-11-15 18:27:12','2020-11-15 18:27:12'),(1327,'CANDIA ROASTED CHICKPEAS IN TRAY 8X220GR',15.20,7.60,NULL,NULL,0.00,NULL,0,1,4,NULL,'2020-11-15 18:27:13','2020-11-15 18:27:13'),(1328,'CANDIA UNSALTED SUNFLOWER SEEDS IN TRAY 8X140GR',8.00,4.00,NULL,NULL,0.00,NULL,0,1,4,NULL,'2020-11-15 18:27:13','2020-11-15 18:27:13'),(1329,'CANDIA SALTED SUNFLOWER SEEDS IN TRAY 8X140GR',8.00,4.00,NULL,NULL,0.00,NULL,0,1,4,NULL,'2020-11-15 18:27:13','2020-11-15 18:27:13'),(1330,'CANDIA CARAMELIZED PEANUTS WITH SESAME IN TRAY 8X220GR',20.00,10.00,NULL,NULL,0.00,NULL,0,1,4,NULL,'2020-11-15 18:27:13','2020-11-15 18:27:13'),(1331,'CANDIA  ALMONDS BLANCHED IN TRAY 8X250GR',44.00,22.00,NULL,NULL,0.00,NULL,0,1,4,NULL,'2020-11-15 18:27:13','2020-11-15 18:27:13'),(1332,'CANDIA  ALMONDS BLANCHED SILVERED IN TRAY 8X160GR',32.00,16.00,NULL,NULL,0.00,NULL,0,1,4,NULL,'2020-11-15 18:27:13','2020-11-15 18:27:13'),(1333,'CANDIA  ALMONDS BLANCHED POWDER (RAW) IN TRAY 8X180GR',34.00,17.00,NULL,NULL,0.00,NULL,0,1,4,NULL,'2020-11-15 18:27:13','2020-11-15 18:27:13'),(1334,'CANDIA  ALMONDS WITH BBQ FLAVOR (ROASTED) IN TRAY 8X220GR',38.00,19.00,NULL,NULL,0.00,NULL,0,1,4,NULL,'2020-11-15 18:27:14','2020-11-15 18:27:14'),(1335,'CANDIA PECAN HALVES (RAW) IN TRAY 8X200GR',52.00,26.00,NULL,NULL,0.00,NULL,0,1,4,NULL,'2020-11-15 18:27:14','2020-11-15 18:27:14'),(1336,'CANDIA PISTACHIOS ROASTED UNSALTED IN TRAY 8X200GR',50.00,25.00,NULL,NULL,0.00,NULL,0,1,4,NULL,'2020-11-15 18:27:14','2020-11-15 18:27:14'),(1337,'CANDIA CASHEWS ROASTED UNSALTED IN TRAY 8X220GR',50.00,25.00,NULL,NULL,0.00,NULL,0,1,4,NULL,'2020-11-15 18:27:14','2020-11-15 18:27:14'),(1338,'CANDIA COCONUT CRANBERRY  ALMOND MIX (RAW) IN TRAY 8X200GR',32.00,16.00,NULL,NULL,0.00,NULL,0,1,4,NULL,'2020-11-15 18:27:14','2020-11-15 18:27:14'),(1339,'CANDIA CORN NUTS WITH BBQ FLAVOR IN TRAY 8X180GR',11.20,5.60,NULL,NULL,0.00,NULL,0,1,4,NULL,'2020-11-15 18:27:14','2020-11-15 18:27:14'),(1340,'CANDIA PEANUTS (WITH SKIN) UNSALTED (RAW) IN TRAY 8X250GR',16.00,8.00,NULL,NULL,0.00,NULL,0,1,4,NULL,'2020-11-15 18:27:14','2020-11-15 18:27:14'),(1341,'CANDIA SULTANA RAISINS (RAW) IN TRAY 8X250GR',21.20,10.60,NULL,NULL,0.00,NULL,0,1,4,NULL,'2020-11-15 18:27:15','2020-11-15 18:27:15'),(1342,'CANDIA BLACK CURRANTS (RAW) IN TRAY 8X220GR',16.80,8.40,NULL,NULL,0.00,NULL,0,1,4,NULL,'2020-11-15 18:27:15','2020-11-15 18:27:15'),(1343,'CANDIA WHITE CHICKPEAS ROASTED AND SALTED IN TRAY 8X220GR',16.00,8.00,NULL,NULL,0.00,NULL,0,1,4,NULL,'2020-11-15 18:27:15','2020-11-15 18:27:15'),(1344,'CANDIA CARAMELISED SWEET CHILLY PEPPER PEANUTS IN TRAY 8X220GR',16.00,8.00,NULL,NULL,0.00,NULL,0,1,4,NULL,'2020-11-15 18:27:15','2020-11-15 18:27:15'),(1345,'CANDIA HAZELNUTS ROASTED UNSALTED IN TRAY 8X200GR',36.00,18.00,NULL,NULL,0.00,NULL,0,1,4,NULL,'2020-11-15 18:27:15','2020-11-15 18:27:15'),(1346,'CANDIA SESAME SEEDS NATURAL (RAW) IN TRAY 8X250GR',16.00,8.00,NULL,NULL,0.00,NULL,0,1,4,NULL,'2020-11-15 18:27:15','2020-11-15 18:27:15'),(1347,'CANDIA PUMPKIN SEEDS ROASTED UNSALTED IN TRAY 8X160GR',18.00,9.00,NULL,NULL,0.00,NULL,0,1,4,NULL,'2020-11-15 18:27:15','2020-11-15 18:27:15'),(1348,'CANDIA PUMPKIN SEEDS ROASTED  SALTED IN TRAY 8X160GR',18.00,9.00,NULL,NULL,0.00,NULL,0,1,4,NULL,'2020-11-15 18:27:16','2020-11-15 18:27:16'),(1349,'CANDIA CARAMELISED PEANUTS WITH CINNAMON IN TRAY 8X220GR',20.00,10.00,NULL,NULL,0.00,NULL,0,1,4,NULL,'2020-11-15 18:27:16','2020-11-15 18:27:16'),(1350,'CANDIA CARAMELISED PEANUTS WITH COCOA IN TRAY 8X220GR',20.00,10.00,NULL,NULL,0.00,NULL,0,1,4,NULL,'2020-11-15 18:27:16','2020-11-15 18:27:16'),(1351,'CANDIA CARAMELISED PEANUTS WITH COCONUT IN TRAY 8X220GR',20.00,10.00,NULL,NULL,0.00,NULL,0,1,4,NULL,'2020-11-15 18:27:16','2020-11-15 18:27:16'),(1352,'CANDIA DRIED PLUMS WITH KERNEL IN TRAY 32 X 120GR',36.80,18.40,NULL,NULL,0.00,NULL,0,1,4,NULL,'2020-11-15 18:27:16','2020-11-15 18:27:16'),(1353,'CANDIA DRIED APRICOTS IN TRAY 32 X 120GR',49.60,24.80,NULL,NULL,0.00,NULL,0,1,4,NULL,'2020-11-15 18:27:16','2020-11-15 18:27:16'),(1354,'CANDIA DRIED DATES WITH KERNEL IN TRAY 32 X120 GR',44.80,22.40,NULL,NULL,0.00,NULL,0,1,4,NULL,'2020-11-15 18:27:16','2020-11-15 18:27:16'),(1355,'CANDIA DRIED CRANBERRIES IN TRAY 32 X 100GR',57.60,28.80,NULL,NULL,0.00,NULL,0,1,4,NULL,'2020-11-15 18:27:17','2020-11-15 18:27:17'),(1356,'CANDIA DRIED GODJI BERRY IN TRAY 32 X 80GR',67.20,33.60,NULL,NULL,0.00,NULL,0,1,4,NULL,'2020-11-15 18:27:17','2020-11-15 18:27:17'),(1357,'CANDIA DRIED PINEAPPLE IN TRAY 32 X 100GR',67.20,33.60,NULL,NULL,0.00,NULL,0,1,4,NULL,'2020-11-15 18:27:17','2020-11-15 18:27:17'),(1358,'CANDIA DRIED PAPAYA IN TRAY 32 X 100GR',67.20,33.60,NULL,NULL,0.00,NULL,0,1,4,NULL,'2020-11-15 18:27:17','2020-11-15 18:27:17'),(1359,'CANDIA MIXED NUTS WITH OREGANO IN TRAY 8 X 220 GR',30.00,15.00,NULL,NULL,0.00,NULL,0,1,4,NULL,'2020-11-15 18:27:17','2020-11-15 18:27:17'),(1360,'SARANTIS SPOON ORANGE SWEET (12X453GR)',62.95,31.48,NULL,NULL,0.00,NULL,0,1,4,NULL,'2020-11-15 18:27:17','2020-11-15 18:27:17'),(1361,'SARANTIS SPOON ROSE SWEET (12X453GR)',62.95,31.48,NULL,NULL,0.00,NULL,0,1,4,NULL,'2020-11-15 18:27:17','2020-11-15 18:27:17'),(1362,'SARANTIS SPOON SWEET SOUR CHERRY (12X453GR)',62.95,31.48,NULL,NULL,0.00,NULL,0,1,4,NULL,'2020-11-15 18:27:18','2020-11-15 18:27:18'),(1363,'SARANTIS MASTIC (12X500GR)',40.90,20.45,NULL,NULL,0.00,NULL,0,1,4,NULL,'2020-11-15 18:27:18','2020-11-15 18:27:18'),(1364,'SARANTIS VANILLA  (12X500GR)',40.90,20.45,NULL,NULL,0.00,NULL,0,1,4,NULL,'2020-11-15 18:27:18','2020-11-15 18:27:18'),(1365,'BATTERED ONION RINGS \'BPT\' 2LB OP',52.20,26.10,NULL,NULL,0.00,NULL,0,1,4,NULL,'2020-11-15 18:27:18','2020-11-15 18:27:18'),(1366,'CALIFORNIA VEGETABLES IQF 1.75KG',27.50,13.75,NULL,NULL,0.00,NULL,0,1,4,NULL,'2020-11-15 18:27:18','2020-11-15 18:27:18'),(1367,'FINETTI HAZEL SPREAD 10KG',63.00,31.50,NULL,NULL,0.00,NULL,0,1,4,NULL,'2020-11-15 18:27:18','2020-11-15 18:27:18'),(1368,'GREEK GIANT BEANS (12X500GR)',59.95,29.98,NULL,NULL,0.00,NULL,0,1,4,NULL,'2020-11-15 18:27:18','2020-11-15 18:27:18'),(1369,'PIZZA 4 CHEESES 12 X 500 G',75.00,37.50,NULL,NULL,0.00,NULL,0,1,4,NULL,'2020-11-15 18:27:19','2020-11-15 18:27:19'),(1370,'PIZZA ALL DRESSED 12 X 560 G',75.00,37.50,NULL,NULL,0.00,NULL,0,1,4,NULL,'2020-11-15 18:27:19','2020-11-15 18:27:19'),(1371,'PIZZA BACON 12 X 550 G',75.00,37.50,NULL,NULL,0.00,NULL,0,1,4,NULL,'2020-11-15 18:27:19','2020-11-15 18:27:19'),(1372,'PIZZA PEPPERONI 12 X 530 G',75.00,37.50,NULL,NULL,0.00,NULL,0,1,4,NULL,'2020-11-15 18:27:19','2020-11-15 18:27:19'),(1373,'PIZZA SCHWARTZ\'S SMOKED MEAT 12 X 650 G',75.00,37.50,NULL,NULL,0.00,NULL,0,1,4,NULL,'2020-11-15 18:27:19','2020-11-15 18:27:19'),(1374,'PIZZA VEGETARIAN 12 X 580 G',75.00,37.50,NULL,NULL,0.00,NULL,0,1,4,NULL,'2020-11-15 18:27:20','2020-11-15 18:27:20'),(1375,'PIZZA WILD MUSHROOM  12 X 650 G',75.00,37.50,NULL,NULL,0.00,NULL,0,1,4,NULL,'2020-11-15 18:27:20','2020-11-15 18:27:20'),(1376,'PIZZA FABULOUS DELUXE 12 X 650 G',75.00,37.50,NULL,NULL,0.00,NULL,0,1,4,NULL,'2020-11-15 18:27:20','2020-11-15 18:27:20'),(1377,'BIO 4 WINDOW CLEANER 12/950ML',12.00,6.00,NULL,NULL,0.00,NULL,0,1,4,NULL,'2020-11-15 18:27:20','2020-11-15 18:27:20'),(1378,'BRANDY DENATURED (40%) 6 X 2L',110.00,55.00,NULL,NULL,0.00,NULL,0,1,4,NULL,'2020-11-15 18:27:20','2020-11-15 18:27:20'),(1379,'SKOTIDAKIS FETA PETROS 10KG',81.20,40.60,NULL,NULL,0.00,NULL,0,1,4,NULL,'2020-11-15 18:27:20','2020-11-15 18:27:20'),(1380,'SKOTIDAKIS YOGURT 10KG',48.80,24.40,NULL,NULL,0.00,NULL,0,1,4,NULL,'2020-11-15 18:27:20','2020-11-15 18:27:20'),(1381,'SKOTIDAKIS SOUR CREAM 16 L',55.98,27.99,NULL,NULL,0.00,NULL,0,1,4,NULL,'2020-11-15 18:27:21','2020-11-15 18:27:21'),(1382,'AGED FETA BARREL 12 X 800G',150.00,75.00,NULL,NULL,0.00,NULL,0,1,4,NULL,'2020-11-15 18:27:21','2020-11-15 18:27:21'),(1383,'DIJON MUSTARD 4 X 4.75L',79.95,39.98,NULL,NULL,0.00,NULL,0,1,4,NULL,'2020-11-15 18:27:21','2020-11-15 18:27:21'),(1384,'DODONI CRUMBLED FETA 12 X 150 G',36.00,18.00,NULL,NULL,0.00,NULL,0,1,4,NULL,'2020-11-15 18:27:21','2020-11-15 18:27:21'),(1385,'ELBISCO DOUBLE CREAM ROLLERS CHOCO 12 X 250G',25.15,12.58,NULL,NULL,0.00,NULL,0,1,4,NULL,'2020-11-15 18:27:21','2020-11-15 18:27:21'),(1386,'ELBISCO DOUBLE CREAM ROLLERS VANILLA 12 X 250GR',25.15,12.58,NULL,NULL,0.00,NULL,0,1,4,NULL,'2020-11-15 18:27:21','2020-11-15 18:27:21'),(1387,'EUROPEAN ROMANO BLOCK BY KG',11.00,5.50,NULL,NULL,0.00,NULL,0,1,4,NULL,'2020-11-15 18:27:21','2020-11-15 18:27:21'),(1388,'EUROPEAN PRESTIGE SPARKLING MINERAL WATER 12 X 1000ML',19.72,9.86,NULL,NULL,0.00,NULL,0,1,4,NULL,'2020-11-15 18:27:22','2020-11-15 18:27:22'),(1389,'EUROPEAN PRESTIGE SPARKLING MINERAL WATER 12 X 750ML',22.18,11.09,NULL,NULL,0.00,NULL,0,1,4,NULL,'2020-11-15 18:27:22','2020-11-15 18:27:22'),(1390,'EUROPEAN PRESTIGE STILL MINERAL WATER 12 X 1000ML',19.72,9.86,NULL,NULL,0.00,NULL,0,1,4,NULL,'2020-11-15 18:27:22','2020-11-15 18:27:22'),(1391,'GOURMET GRILLE CHICKEN MEATBALLS 8 X 350 G',32.00,16.00,NULL,NULL,0.00,NULL,0,1,4,NULL,'2020-11-15 18:27:22','2020-11-15 18:27:22'),(1392,'GOURMET GRILLE ITALIAN STYLE MEATBALLS 8 X 396 G',32.00,16.00,NULL,NULL,0.00,NULL,0,1,4,NULL,'2020-11-15 18:27:22','2020-11-15 18:27:22'),(1393,'ION CHOCOLATE COATING BITTER 10 X (2X1KG)',225.75,112.88,NULL,NULL,0.00,NULL,0,1,4,NULL,'2020-11-15 18:27:22','2020-11-15 18:27:22'),(1394,'ION JOIN BROWNIES CHOCOLATE 10 X 84G',15.75,7.88,NULL,NULL,0.00,NULL,0,1,4,NULL,'2020-11-15 18:27:22','2020-11-15 18:27:22'),(1395,'ION JOIN CHEESECAKE CHOCOLATE 10 X 84G',15.75,7.88,NULL,NULL,0.00,NULL,0,1,4,NULL,'2020-11-15 18:27:23','2020-11-15 18:27:23'),(1396,'ION JOIN GIANDUJIA MILK W/ HAZELNUTS 10 X 84G',15.75,7.88,NULL,NULL,0.00,NULL,0,1,4,NULL,'2020-11-15 18:27:23','2020-11-15 18:27:23'),(1397,'ION MILK CHOCOLATE PRALINA WITH ALMONDS 10 X 100 GR',19.90,9.95,NULL,NULL,0.00,NULL,0,1,4,NULL,'2020-11-15 18:27:23','2020-11-15 18:27:23'),(1398,'ION MILK WHITE CHOCOLATE W/ COOKIES 10 X 84G',15.75,7.88,NULL,NULL,0.00,NULL,0,1,4,NULL,'2020-11-15 18:27:23','2020-11-15 18:27:23'),(1399,'IONIKI ROUND THESSALOKIKI KOULOURI (50 x 90GR)',28.00,14.00,NULL,NULL,0.00,NULL,0,1,4,NULL,'2020-11-15 18:27:23','2020-11-15 18:27:23'),(1400,'KANAKI COUNTRY STYLE FILO PASTRY WITH OLIVE OIL 5x2Kg',58.80,29.40,NULL,NULL,0.00,NULL,0,1,4,NULL,'2020-11-15 18:27:23','2020-11-15 18:27:23'),(1401,'KANAKI COUNTRY STYLE THICK FILO PASTRY WITH OLIVE OIL 20X650GR',61.95,30.98,NULL,NULL,0.00,NULL,0,1,4,NULL,'2020-11-15 18:27:24','2020-11-15 18:27:24'),(1402,'KANAKI FILO PASTRY VIRITOU EXTRA FINE WITH BUTTER & EGGS 20X450GR',61.95,30.98,NULL,NULL,0.00,NULL,0,1,4,NULL,'2020-11-15 18:27:24','2020-11-15 18:27:24'),(1403,'KANAKI FROZEN KATAIFI 12X450GR',50.40,25.20,NULL,NULL,0.00,NULL,0,1,4,NULL,'2020-11-15 18:27:24','2020-11-15 18:27:24'),(1404,'KANAKI FROZEN PIZZA DOUGH 12X650GR',44.10,22.05,NULL,NULL,0.00,NULL,0,1,4,NULL,'2020-11-15 18:27:24','2020-11-15 18:27:24'),(1405,'KANAKI FROZEN PUFF PASTRY ROUND 15X450GR',38.59,19.30,NULL,NULL,0.00,NULL,0,1,4,NULL,'2020-11-15 18:27:24','2020-11-15 18:27:24'),(1406,'KANAKI FROZEN SHORTCRUST PASTRY ROUND PIECES 15X450GR',38.59,19.30,NULL,NULL,0.00,NULL,0,1,4,NULL,'2020-11-15 18:27:24','2020-11-15 18:27:24'),(1407,'KRITON ARTOS - MINI BARLEY ROUND RUSKS WITH FLAXSEEDS 18 X 400GR',56.70,28.35,NULL,NULL,0.00,NULL,0,1,4,NULL,'2020-11-15 18:27:25','2020-11-15 18:27:25'),(1408,'KRITON ARTOS - MINI WHEAT TOASTS WITH GRAVIERA AND FETA CHEESE 18 X 250GR',56.70,28.35,NULL,NULL,0.00,NULL,0,1,4,NULL,'2020-11-15 18:27:25','2020-11-15 18:27:25'),(1409,'KRITON ARTOS MINI WHEAT RUSKS WITH SUNDRIED TOMATOES 18 X 400GR',56.70,28.35,NULL,NULL,0.00,NULL,0,1,4,NULL,'2020-11-15 18:27:25','2020-11-15 18:27:25'),(1410,'MAKEDONIKI BEETROOTS IN JAR 12 X 700 G',25.20,12.60,NULL,NULL,0.00,NULL,0,1,4,NULL,'2020-11-15 18:27:25','2020-11-15 18:27:25'),(1411,'MAKEDONIKI PICKLED GHERKINS 10 X 500 G',21.00,10.50,NULL,NULL,0.00,NULL,0,1,4,NULL,'2020-11-15 18:27:25','2020-11-15 18:27:25'),(1412,'MAKEDONIKI PICKLED MACEDONIAN GOLDEN PEPPERS 10 X 400 G',21.00,10.50,NULL,NULL,0.00,NULL,0,1,4,NULL,'2020-11-15 18:27:25','2020-11-15 18:27:25'),(1413,'MAKEDONIKI PICKLED MIXED VEGETABLES 10 X 500 G',21.00,10.50,NULL,NULL,0.00,NULL,0,1,4,NULL,'2020-11-15 18:27:25','2020-11-15 18:27:25'),(1414,'MAKEDONIKI STEAMED BEETROOT 10 X 500 G',18.00,9.00,NULL,NULL,0.00,NULL,0,1,4,NULL,'2020-11-15 18:27:26','2020-11-15 18:27:26'),(1415,'MAKEDONIKI SUNDRIED TOMATOES IN OIL 12 X 320 G',33.00,16.50,NULL,NULL,0.00,NULL,0,1,4,NULL,'2020-11-15 18:27:26','2020-11-15 18:27:26'),(1416,'MAKEDONIKI SWEET CORN ON THE COB 10 X 400 G',24.00,12.00,NULL,NULL,0.00,NULL,0,1,4,NULL,'2020-11-15 18:27:26','2020-11-15 18:27:26'),(1417,'MARCHOC CARAMEL & SEA SALT MILK CHOCOLATE BEVERAGE MIX 12 X 230 G',33.60,16.80,NULL,NULL,0.00,NULL,0,1,4,NULL,'2020-11-15 18:27:26','2020-11-15 18:27:26'),(1418,'MARCHOC CHILI & SPICES DARK CHOCOLATE BEVERAGE MIX 12 X 230 G',33.60,16.80,NULL,NULL,0.00,NULL,0,1,4,NULL,'2020-11-15 18:27:26','2020-11-15 18:27:26'),(1419,'MARCHOC ORANGE & CINNAMON MILK CHOCOLATE BEVERAGE MIX 12 X 230 G',33.60,16.80,NULL,NULL,0.00,NULL,0,1,4,NULL,'2020-11-15 18:27:26','2020-11-15 18:27:26'),(1420,'MARCHOC RASPBERRY & POMAGRANATE WHITE CHOCOLATE DRINK MIX 12 X 230 G',33.60,16.80,NULL,NULL,0.00,NULL,0,1,4,NULL,'2020-11-15 18:27:26','2020-11-15 18:27:26'),(1421,'MARCHOC STRAWBERRY FLAVOURED MILK CHOCOLATE BEVERAGE MIX 12 X 230 G',33.60,16.80,NULL,NULL,0.00,NULL,0,1,4,NULL,'2020-11-15 18:27:27','2020-11-15 18:27:27'),(1422,'MARCHOC SUGAR FREE MILK CHOCOLATE BEVERAGE MIX 12 X 230 G',33.60,16.80,NULL,NULL,0.00,NULL,0,1,4,NULL,'2020-11-15 18:27:27','2020-11-15 18:27:27'),(1423,'MELI MELINO WILD FLOWERS & CONIFER TREES HONEY (MIEL) 12 X  1KG',146.95,73.48,NULL,NULL,0.00,NULL,0,1,4,NULL,'2020-11-15 18:27:27','2020-11-15 18:27:27'),(1424,'MELI MELINO WILD FLOWERS & CONIFER TREES HONEY (MIEL)12 X  500GR',83.95,41.98,NULL,NULL,0.00,NULL,0,1,4,NULL,'2020-11-15 18:27:27','2020-11-15 18:27:27'),(1425,'MILANO LOUKANIKO (SAUSAGES) 1 X 10 LBS',70.00,35.00,NULL,NULL,0.00,NULL,0,1,4,NULL,'2020-11-15 18:27:27','2020-11-15 18:27:27'),(1426,'MILANO MINI PEPPERONI 50 LBS',245.00,122.50,NULL,NULL,0.00,NULL,0,1,4,NULL,'2020-11-15 18:27:27','2020-11-15 18:27:27'),(1427,'MR PUFFS-BIG BOX ( 1 x 100 UNITS)',82.00,41.00,NULL,NULL,0.00,NULL,0,1,4,NULL,'2020-11-15 18:27:27','2020-11-15 18:27:27'),(1428,'MR PUFFS-CUPS(1 X 2400UNITS)',135.00,67.50,NULL,NULL,0.00,NULL,0,1,4,NULL,'2020-11-15 18:27:28','2020-11-15 18:27:28'),(1429,'MR PUFFS-LARGE BOX ( 1 x 125 UNITS)',63.75,31.88,NULL,NULL,0.00,NULL,0,1,4,NULL,'2020-11-15 18:27:28','2020-11-15 18:27:28'),(1430,'MR PUFFS-LIDS (1 X 2000UNITS)',70.00,35.00,NULL,NULL,0.00,NULL,0,1,4,NULL,'2020-11-15 18:27:28','2020-11-15 18:27:28'),(1431,'MR PUFFS-MEDIUM BOX (1 x 100 UNITS)',55.00,27.50,NULL,NULL,0.00,NULL,0,1,4,NULL,'2020-11-15 18:27:28','2020-11-15 18:27:28'),(1432,'MR PUFFS-SMALL BOX  (1 X 100 UNITS)',27.50,13.75,NULL,NULL,0.00,NULL,0,1,4,NULL,'2020-11-15 18:27:29','2020-11-15 18:27:29'),(1433,'MR PUFFS-SMALL BOX  (1 X 200 UNITS)',55.00,27.50,NULL,NULL,0.00,NULL,0,1,4,NULL,'2020-11-15 18:27:29','2020-11-15 18:27:29'),(1434,'MR PUFFS-SMALL NESTED BOX\'S 56CS X 140',77.00,38.50,NULL,NULL,0.00,NULL,0,1,4,NULL,'2020-11-15 18:27:29','2020-11-15 18:27:29'),(1435,'NESCAFE 2.75 KG',140.00,70.00,NULL,NULL,0.00,NULL,0,1,4,NULL,'2020-11-15 18:27:29','2020-11-15 18:27:29'),(1436,'NESCAFE \'FRAPPE\' SHAKERS 40 UNITS',150.00,75.00,NULL,NULL,0.00,NULL,0,1,4,NULL,'2020-11-15 18:27:29','2020-11-15 18:27:29'),(1437,'NESTOS ROASTED RED PEPPERS IN JARS 12 X 500ML',36.70,18.35,NULL,NULL,0.00,NULL,0,1,4,NULL,'2020-11-15 18:27:29','2020-11-15 18:27:29'),(1438,'OLD BAY SPICE 12*74G',45.00,22.50,NULL,NULL,0.00,NULL,0,1,4,NULL,'2020-11-15 18:27:29','2020-11-15 18:27:29'),(1439,'OLYMPIA PITA BREAD THIN 5\'',27.50,13.75,NULL,NULL,0.00,NULL,0,1,4,NULL,'2020-11-15 18:27:30','2020-11-15 18:27:30'),(1440,'ONASSIS GREEN PEAS IN TOMATO SAUCE (24 x 280GR)',57.70,28.85,NULL,NULL,0.00,NULL,0,1,4,NULL,'2020-11-15 18:27:30','2020-11-15 18:27:30'),(1441,'PAN BALSAMIC CREAM WITH ORANGE & LEMON 12x250ML',33.00,16.50,NULL,NULL,0.00,NULL,0,1,4,NULL,'2020-11-15 18:27:30','2020-11-15 18:27:30'),(1442,'PATE 2000 - PIZZA SAUCE 12 X 250 ML',39.00,19.50,NULL,NULL,0.00,NULL,0,1,4,NULL,'2020-11-15 18:27:30','2020-11-15 18:27:30'),(1443,'PRINTING',795.00,397.50,NULL,NULL,0.00,NULL,0,1,4,NULL,'2020-11-15 18:27:30','2020-11-15 18:27:30'),(1444,'RED FOOD COLOUR (500ML)',7.75,3.88,NULL,NULL,0.00,NULL,0,1,4,NULL,'2020-11-15 18:27:30','2020-11-15 18:27:30'),(1445,'ROMAN 3-CHEESE CANNELLONI 12 X 397 GR',37.00,18.50,NULL,NULL,0.00,NULL,0,1,4,NULL,'2020-11-15 18:27:30','2020-11-15 18:27:30'),(1446,'ROMAN CHEESE RAVIOLI 12 X 454 GR',33.00,16.50,NULL,NULL,0.00,NULL,0,1,4,NULL,'2020-11-15 18:27:31','2020-11-15 18:27:31'),(1447,'ROMAN CHEESE TORTELLINI 12 X 454 GR',33.00,16.50,NULL,NULL,0.00,NULL,0,1,4,NULL,'2020-11-15 18:27:31','2020-11-15 18:27:31'),(1448,'ROMAN GNOCCHI 12 X 454 GR',33.00,16.50,NULL,NULL,0.00,NULL,0,1,4,NULL,'2020-11-15 18:27:31','2020-11-15 18:27:31'),(1449,'ROMAN LASAGNA WITH MEAT SAUCE 12 X 908 GR',77.00,38.50,NULL,NULL,0.00,NULL,0,1,4,NULL,'2020-11-15 18:27:31','2020-11-15 18:27:31'),(1450,'ROMAN LASAGNA WITH MEAT SAUCE AND 5 CHEESES 12 X 908 GR',77.00,38.50,NULL,NULL,0.00,NULL,0,1,4,NULL,'2020-11-15 18:27:31','2020-11-15 18:27:31'),(1451,'ROMAN MEAT TORTELLINI 12 X 454 GR',33.00,16.50,NULL,NULL,0.00,NULL,0,1,4,NULL,'2020-11-15 18:27:31','2020-11-15 18:27:31'),(1452,'ROMAN MINI MEAT RAVIOLI 12 X 454 GR',33.00,16.50,NULL,NULL,0.00,NULL,0,1,4,NULL,'2020-11-15 18:27:31','2020-11-15 18:27:31'),(1453,'SALT  20KG',7.50,3.75,NULL,NULL,0.00,NULL,0,1,4,NULL,'2020-11-15 18:27:32','2020-11-15 18:27:32'),(1454,'SCALE PAPER',18.50,9.25,NULL,NULL,0.00,NULL,0,1,4,NULL,'2020-11-15 18:27:32','2020-11-15 18:27:32'),(1455,'SKOTIDAKIS BULGARIAN STYLE FETA 12 KG',112.00,56.00,NULL,NULL,0.00,NULL,0,1,4,NULL,'2020-11-15 18:27:32','2020-11-15 18:27:32'),(1456,'SKOTIDAKIS FETA  12 X 200GR LIGHT',26.40,13.20,NULL,NULL,0.00,NULL,0,1,4,NULL,'2020-11-15 18:27:32','2020-11-15 18:27:32'),(1457,'SKOTIDAKIS FETA 12 X 200GR',26.40,13.20,NULL,NULL,0.00,NULL,0,1,4,NULL,'2020-11-15 18:27:32','2020-11-15 18:27:32'),(1458,'SKOTIDAKIS PARMESAN 4 X 2.27KG',158.00,79.00,NULL,NULL,0.00,NULL,0,1,4,NULL,'2020-11-15 18:27:32','2020-11-15 18:27:32'),(1459,'SKOTIDAKIS RICOTTA 10KG PAIL',66.00,33.00,NULL,NULL,0.00,NULL,0,1,4,NULL,'2020-11-15 18:27:32','2020-11-15 18:27:32'),(1460,'SKOTIDAKIS YOGURT 9% BLUEBERRY 12 X 150GR',13.95,6.98,NULL,NULL,0.00,NULL,0,1,4,NULL,'2020-11-15 18:27:33','2020-11-15 18:27:33'),(1461,'SMOKED OYSTERS 25 X 85 G',43.50,21.75,NULL,NULL,0.00,NULL,0,1,4,NULL,'2020-11-15 18:27:33','2020-11-15 18:27:33'),(1462,'SOFIA PASSATA 12X680GR',12.00,6.00,NULL,NULL,0.00,NULL,0,1,4,NULL,'2020-11-15 18:27:33','2020-11-15 18:27:33'),(1463,'SUNBEC SALT 10KG BAG',2.90,1.45,NULL,NULL,0.00,NULL,0,1,4,NULL,'2020-11-15 18:27:33','2020-11-15 18:27:33'),(1464,'SWEET SOURCE CANE SUGAR 18 X 400G',18.00,9.00,NULL,NULL,0.00,NULL,0,1,4,NULL,'2020-11-15 18:27:33','2020-11-15 18:27:33'),(1465,'SWEET SOURCE ICING SUGAR 18 X 400G',18.00,9.00,NULL,NULL,0.00,NULL,0,1,4,NULL,'2020-11-15 18:27:33','2020-11-15 18:27:33'),(1466,'SWEET SOURCE-DARK BROWN SUGAR 18 X 400G',18.00,9.00,NULL,NULL,0.00,NULL,0,1,4,NULL,'2020-11-15 18:27:33','2020-11-15 18:27:33'),(1467,'SWEET SOURCE-GOLDEN YELLOW SUGAR 18 X 400G',18.00,9.00,NULL,NULL,0.00,NULL,0,1,4,NULL,'2020-11-15 18:27:34','2020-11-15 18:27:34'),(1468,'TOUSAIN CLAM JUICE 12 X 240ML',39.00,19.50,NULL,NULL,0.00,NULL,0,1,4,NULL,'2020-11-15 18:27:34','2020-11-15 18:27:34'),(1469,'TRATA TUNA SALAD WITH SMOKED TUNA  AND LENTILS 24 X 160 G',57.60,28.80,NULL,NULL,0.00,NULL,0,1,4,NULL,'2020-11-15 18:27:34','2020-11-15 18:27:34'),(1470,'TRATA TUNA SALAD WITH SMOKED TUNA  AND QUINOA 24 X 160 G',57.60,28.80,NULL,NULL,0.00,NULL,0,1,4,NULL,'2020-11-15 18:27:34','2020-11-15 18:27:34'),(1471,'VINEGAR WHITE ALLENS 5L',13.00,6.50,NULL,NULL,0.00,NULL,0,1,4,NULL,'2020-11-15 18:27:34','2020-11-15 18:27:34'),(1472,'VRETTOS FROZEN BAKLAVA TRAY 8 X 650 G',68.00,34.00,NULL,NULL,0.00,NULL,0,1,4,NULL,'2020-11-15 18:27:34','2020-11-15 18:27:34'),(1473,'VRETTOS FROZEN VARIETY PAN 8 X 650 G',68.00,34.00,NULL,NULL,0.00,NULL,0,1,4,NULL,'2020-11-15 18:27:34','2020-11-15 18:27:34'),(1474,'TRATA SMOKED TUNA WITH LEMON AND OREGANO 24 X 160 G',57.60,28.80,NULL,NULL,0.00,NULL,0,1,4,NULL,'2020-11-15 18:27:35','2020-11-15 18:27:35'),(1475,'CHICKEN POPCORN SOUTHERN STYLE (12 X 600GR)',45.00,22.50,NULL,NULL,0.00,NULL,0,1,4,NULL,'2020-11-15 18:27:35','2020-11-15 18:27:35'),(1476,'CHICKEN FILLET (10 X 700GR)',71.00,35.50,NULL,NULL,0.00,NULL,0,1,4,NULL,'2020-11-15 18:27:35','2020-11-15 18:27:35'),(1477,'CHICKEN NUGGETS (10 X 907 GR)',53.00,26.50,NULL,NULL,0.00,NULL,0,1,4,NULL,'2020-11-15 18:27:35','2020-11-15 18:27:35'),(1478,'CHICKEN STRIPS (10 X 907GR)',53.00,26.50,NULL,NULL,0.00,NULL,0,1,4,NULL,'2020-11-15 18:27:35','2020-11-15 18:27:35'),(1479,'YIOTIS MIX FOR BROWNIES AND CHOCOLATE CAKE 10 X 500 G',21.00,10.50,NULL,NULL,0.00,NULL,0,1,4,NULL,'2020-11-15 18:27:35','2020-11-15 18:27:35'),(1480,'YIOTIS MIX FOR CHOCOLATE MUFFINS 10 X 500 G',32.50,16.25,NULL,NULL,0.00,NULL,0,1,4,NULL,'2020-11-15 18:27:35','2020-11-15 18:27:35'),(1482,'YIOTIS MIX FOR SOFT COOKIES 10 X 550 G',32.50,16.25,NULL,NULL,0.00,NULL,0,1,4,NULL,'2020-11-15 18:27:36','2020-11-15 18:27:36'),(1483,'MIX FOR VANILLA MUFFINS 10 X 500 G',25.00,12.50,NULL,NULL,0.00,NULL,0,1,4,NULL,'2020-11-15 18:27:36','2020-11-15 18:27:36'),(1484,'ZAGORI WATER 12 X 500 ML IN GLASS BOTTLES',13.60,6.80,NULL,NULL,0.00,NULL,0,1,4,NULL,'2020-11-15 18:27:36','2020-11-15 18:27:36'),(2771,'BULGARIAN 12 KG',130.00,65.00,'BULGARIAN 12 KG',NULL,0.00,NULL,0,1,4,4,'2020-11-18 15:49:57','2020-11-18 15:49:57'),(2772,'PECORINO ROMANO BLOCK BY KG (ITALY)',16.00,8.00,'PECORINO ROMANO BLOCK BY KG (ITALY)',NULL,0.00,NULL,0,1,4,4,'2020-11-18 15:49:57','2020-11-18 15:49:57'),(2773,'SKOTIDAKIS  SOUR CREAM 16L (18%b.f)',75.95,37.98,'SKOTIDAKIS  SOUR CREAM 16L (18%b.f)',NULL,0.00,NULL,0,1,4,4,'2020-11-18 15:49:57','2020-11-18 15:49:57'),(2774,'SKOTIDAKIS FETA 100% GOAT 8 X 1 KG',108.00,54.00,'SKOTIDAKIS FETA 100% GOAT 8 X 1 KG',NULL,0.00,NULL,0,1,4,4,'2020-11-18 15:49:57','2020-11-18 15:49:57'),(2775,'KOKKINOS GRAVIERA KRITI LARGE HEADS',22.00,11.00,'KOKKINOS GRAVIERA KRITI LARGE HEADS',NULL,0.00,NULL,0,1,4,4,'2020-11-18 15:49:57','2020-11-18 15:49:57'),(2776,'KOKKINOS GRAVIERA KRITI SMALL HEADS',18.00,9.00,'KOKKINOS GRAVIERA KRITI SMALL HEADS',NULL,0.00,NULL,0,1,4,4,'2020-11-18 15:49:58','2020-11-18 15:49:58'),(2777,'SKOTIDAKIS FETA PETROS 10KG',86.95,43.48,'SKOTIDAKIS FETA PETROS 10KG',NULL,0.00,NULL,0,1,4,4,'2020-11-18 15:49:58','2020-11-18 15:49:58'),(2778,'SKOTIDAKIS FETA (KADIS) 8 X 1KG',104.00,52.00,'SKOTIDAKIS FETA (KADIS) 8 X 1KG',NULL,0.00,NULL,0,1,4,4,'2020-11-18 15:49:58','2020-11-18 15:49:58'),(2779,'SKOTIDAKIS FETA REGULAR DICED 6 X 200GR',19.00,9.50,'SKOTIDAKIS FETA REGULAR DICED 6 X 200GR',NULL,0.00,NULL,0,1,4,4,'2020-11-18 15:49:58','2020-11-18 15:49:58'),(2780,'DIVANI FETA TIN BY KG',13.95,6.98,'DIVANI FETA TIN BY KG',NULL,0.00,NULL,0,1,4,4,'2020-11-18 15:49:58','2020-11-18 15:49:58'),(2781,'SKOTIDAKIS FETA KADIS 3KG',32.00,16.00,'SKOTIDAKIS FETA KADIS 3KG',NULL,0.00,NULL,0,1,4,4,'2020-11-18 15:49:59','2020-11-18 15:49:59'),(2782,'SKOTIDAKIS FETA 100% GOAT 3KG',39.50,19.75,'SKOTIDAKIS FETA 100% GOAT 3KG',NULL,0.00,NULL,0,1,4,4,'2020-11-18 15:49:59','2020-11-18 15:49:59'),(2783,'SKOTIDAKIS FETA KADIS 11 KG',110.00,55.00,'SKOTIDAKIS FETA KADIS 11 KG',NULL,0.00,NULL,0,1,4,4,'2020-11-18 15:49:59','2020-11-18 15:49:59'),(2784,'SKOTIDAKIS DICED FETA LITE 6 X 200GR',19.00,9.50,'SKOTIDAKIS DICED FETA LITE 6 X 200GR',NULL,0.00,NULL,0,1,4,4,'2020-11-18 15:49:59','2020-11-18 15:49:59'),(2785,'SKOTIDAKIS FETA 100% GOAT 12KG',150.00,75.00,'SKOTIDAKIS FETA 100% GOAT 12KG',NULL,0.00,NULL,0,1,4,4,'2020-11-18 15:49:59','2020-11-18 15:49:59'),(2786,'SOFIA BULGARIAN FETA 13 KG TIN',148.00,74.00,'SOFIA BULGARIAN FETA 13 KG TIN',NULL,0.00,NULL,0,1,4,4,'2020-11-18 15:50:00','2020-11-18 15:50:00'),(2787,'SOFIA BULGARIAN FETA 12 X 900 GR',144.00,72.00,'SOFIA BULGARIAN FETA 12 X 900 GR',NULL,0.00,NULL,0,1,4,4,'2020-11-18 15:50:00','2020-11-18 15:50:00'),(2788,'SKOTIDAKIS BULGARIAN FETA 6 X 200 GR',19.00,9.50,'SKOTIDAKIS BULGARIAN FETA 6 X 200 GR',NULL,0.00,NULL,0,1,4,4,'2020-11-18 15:50:00','2020-11-18 15:50:00'),(2789,'GAYLEA SOUR CREAM 16LT',73.00,36.50,'GAYLEA SOUR CREAM 16LT',NULL,0.00,NULL,0,1,4,4,'2020-11-18 15:50:00','2020-11-18 15:50:00'),(2790,'SKOTIDAKIS RICOTTA SOFT',10.95,5.48,'SKOTIDAKIS RICOTTA SOFT',NULL,0.00,NULL,0,1,4,4,'2020-11-18 15:50:00','2020-11-18 15:50:00'),(2791,'SKOTIDAKIS SALUTI RICOTTA CUP 6 X 454GR',20.95,10.48,'SKOTIDAKIS SALUTI RICOTTA CUP 6 X 454GR',NULL,0.00,NULL,0,1,4,4,'2020-11-18 15:50:00','2020-11-18 15:50:00'),(2792,'HALLOUMI BULK BY KG',15.00,7.50,'HALLOUMI BULK BY KG',NULL,0.00,NULL,0,1,4,4,'2020-11-18 15:50:01','2020-11-18 15:50:01'),(2793,'SKOTIDAKIS TZATZIKI 5KG',39.95,19.98,'SKOTIDAKIS TZATZIKI 5KG',NULL,0.00,NULL,0,1,4,4,'2020-11-18 15:50:01','2020-11-18 15:50:01'),(2794,'SKOTIDAKIS TZAZIKI 10KG',74.00,37.00,'SKOTIDAKIS TZAZIKI 10KG',NULL,0.00,NULL,0,1,4,4,'2020-11-18 15:50:01','2020-11-18 15:50:01'),(2795,'SKOTIDAKIS TZATZIKI 12 X 250GR',30.00,15.00,'SKOTIDAKIS TZATZIKI 12 X 250GR',NULL,0.00,NULL,0,1,4,4,'2020-11-18 15:50:01','2020-11-18 15:50:01'),(2796,'SKOTIDAKIS TZATZIKI 12 x 454GR',54.00,27.00,'SKOTIDAKIS TZATZIKI 12 x 454GR',NULL,0.00,NULL,0,1,4,4,'2020-11-18 15:50:02','2020-11-18 15:50:02'),(2797,'SKOTIDAKIS YOGURT 10KG',69.00,34.50,'SKOTIDAKIS YOGURT 10KG',NULL,0.00,NULL,0,1,4,4,'2020-11-18 15:50:02','2020-11-18 15:50:02'),(2798,'SKOTIDAKIS YOGURT 5KG',37.00,18.50,'SKOTIDAKIS YOGURT 5KG',NULL,0.00,NULL,0,1,4,4,'2020-11-18 15:50:02','2020-11-18 15:50:02'),(2799,'CRUMBLED FETA 5 X 2.5 KG',140.00,70.00,'CRUMBLED FETA 5 X 2.5 KG',NULL,0.00,NULL,0,1,4,4,'2020-11-18 15:50:02','2020-11-18 15:50:02'),(2800,'SKOTIDAKIS WHITE CHEESE IN BRINE 11 KG',75.95,37.98,'SKOTIDAKIS WHITE CHEESE IN BRINE 11 KG',NULL,0.00,NULL,0,1,4,4,'2020-11-18 15:50:03','2020-11-18 15:50:03'),(2801,'SKOTIDAKIS YOGURT BALKAN 10KG',30.00,15.00,'SKOTIDAKIS YOGURT BALKAN 10KG',NULL,0.00,NULL,0,1,4,4,'2020-11-18 15:50:03','2020-11-18 15:50:03'),(2802,'DIVANI KASSERI SMALL HEAD BY KG',19.00,9.50,'DIVANI KASSERI SMALL HEAD BY KG',NULL,0.00,NULL,0,1,4,4,'2020-11-18 15:50:03','2020-11-18 15:50:03'),(2803,'DIVANI KASSERI SEMIHARD CHEESE VACUUM 16 X 200 G',80.00,40.00,'DIVANI KASSERI SEMIHARD CHEESE VACUUM 16 X 200 G',NULL,0.00,NULL,0,1,4,4,'2020-11-18 15:50:03','2020-11-18 15:50:03'),(2804,'SKOTIDAKIS GOAT FETA BARREL PER KG',12.17,6.09,'SKOTIDAKIS GOAT FETA BARREL PER KG',NULL,0.00,NULL,0,1,4,4,'2020-11-18 15:50:04','2020-11-18 15:50:04'),(2805,'DIVANI KASSERI CHESSE BY KG',18.00,9.00,'DIVANI KASSERI CHESSE BY KG',NULL,0.00,NULL,0,1,4,4,'2020-11-18 15:50:04','2020-11-18 15:50:04'),(2806,'SKOTIDAKIS BULGARIAN FETA 8 X 900 GR ( FB8X900)',80.00,40.00,'SKOTIDAKIS BULGARIAN FETA 8 X 900 GR ( FB8X900)',NULL,0.00,NULL,0,1,4,4,'2020-11-18 15:50:04','2020-11-18 15:50:04'),(2807,'PATSOUROS GRAVIERA KRITI',23.00,11.50,'PATSOUROS GRAVIERA KRITI',NULL,0.00,NULL,0,1,4,4,'2020-11-18 15:50:04','2020-11-18 15:50:04'),(2808,'SKOTIDAKIS SWISS EMMENTAL CHEESE',13.95,6.98,'SKOTIDAKIS SWISS EMMENTAL CHEESE',NULL,0.00,NULL,0,1,4,4,'2020-11-18 15:50:05','2020-11-18 15:50:05'),(2809,'SKOTIDAKIS-CRUMBLED FETA 6 X 681G',62.00,31.00,'SKOTIDAKIS-CRUMBLED FETA 6 X 681G',NULL,0.00,NULL,0,1,4,4,'2020-11-18 15:50:05','2020-11-18 15:50:05'),(2810,'SKOT-FETA COW (6x 200GR)',19.00,9.50,'SKOT-FETA COW (6x 200GR)',NULL,0.00,NULL,0,1,4,4,'2020-11-18 15:50:06','2020-11-18 15:50:06'),(2811,'SKOTIDAKIS CREAM CHEESE GREEK YOGURT TUB 12 X 250 GR',46.00,23.00,'SKOTIDAKIS CREAM CHEESE GREEK YOGURT TUB 12 X 250 GR',NULL,0.00,NULL,0,1,4,4,'2020-11-18 15:50:06','2020-11-18 15:50:06'),(2812,'SKOTIDAKIS FETA PETROS 1 X 3KG',27.95,13.98,'SKOTIDAKIS FETA PETROS 1 X 3KG',NULL,0.00,NULL,0,1,4,4,'2020-11-18 15:50:06','2020-11-18 15:50:06'),(2813,'DAMAFRO - SOURCREAM 10L',45.50,22.75,'DAMAFRO - SOURCREAM 10L',NULL,0.00,NULL,0,1,4,4,'2020-11-18 15:50:07','2020-11-18 15:50:07'),(2814,'SKOTIDAKIS ONION DIP 12 X 250GR',30.00,15.00,'SKOTIDAKIS ONION DIP 12 X 250GR',NULL,0.00,NULL,0,1,4,4,'2020-11-18 15:50:07','2020-11-18 15:50:07'),(2815,'SKOTIDAKIS RANCH DIP 12 X 250GR',30.00,15.00,'SKOTIDAKIS RANCH DIP 12 X 250GR',NULL,0.00,NULL,0,1,4,4,'2020-11-18 15:50:07','2020-11-18 15:50:07'),(2816,'SKOTIDAKIS JALAPENO DIP 12 X 250GR',30.00,15.00,'SKOTIDAKIS JALAPENO DIP 12 X 250GR',NULL,0.00,NULL,0,1,4,4,'2020-11-18 15:50:07','2020-11-18 15:50:07'),(2817,'SKOTIDAKIS YOGURT PLAIN 0% 6 X 500GR',21.50,10.75,'SKOTIDAKIS YOGURT PLAIN 0% 6 X 500GR',NULL,0.00,NULL,0,1,4,4,'2020-11-18 15:50:07','2020-11-18 15:50:07'),(2818,'SKOTIDAKIS YOGURT PLAIN 9% 6 X 500GR',21.50,10.75,'SKOTIDAKIS YOGURT PLAIN 9% 6 X 500GR',NULL,0.00,NULL,0,1,4,4,'2020-11-18 15:50:08','2020-11-18 15:50:08'),(2819,'SKOTIDAKIS YOGURT BLUEBERRY/POMAGRANATE 0% 6 X 500GR',21.50,10.75,'SKOTIDAKIS YOGURT BLUEBERRY/POMAGRANATE 0% 6 X 500GR',NULL,0.00,NULL,0,1,4,4,'2020-11-18 15:50:08','2020-11-18 15:50:08'),(2820,'SKOTIDAKIS YOGURT STRAWBERRY 0% 6 X 500GR',21.50,10.75,'SKOTIDAKIS YOGURT STRAWBERRY 0% 6 X 500GR',NULL,0.00,NULL,0,1,4,4,'2020-11-18 15:50:08','2020-11-18 15:50:08'),(2821,'SKOTIDAKIS YOGURT CRANBERRY /RASBERRY 0% 6 X 500GR',21.50,10.75,'SKOTIDAKIS YOGURT CRANBERRY /RASBERRY 0% 6 X 500GR',NULL,0.00,NULL,0,1,4,4,'2020-11-18 15:50:08','2020-11-18 15:50:08'),(2822,'SKOTIDAKIS YOGURT VANILLA 0% 6 X 500GR',21.50,10.75,'SKOTIDAKIS YOGURT VANILLA 0% 6 X 500GR',NULL,0.00,NULL,0,1,4,4,'2020-11-18 15:50:08','2020-11-18 15:50:08'),(2823,'SKOTIDAKIS YOGURT 0% HONEY 12 X 150GR',13.95,6.98,'SKOTIDAKIS YOGURT 0% HONEY 12 X 150GR',NULL,0.00,NULL,0,1,4,4,'2020-11-18 15:50:08','2020-11-18 15:50:08'),(2824,'SKOTIDAKIS YOGURT 0% RASPBERRY/CRANBERRY 12 X 150GR',13.95,6.98,'SKOTIDAKIS YOGURT 0% RASPBERRY/CRANBERRY 12 X 150GR',NULL,0.00,NULL,0,1,4,4,'2020-11-18 15:50:09','2020-11-18 15:50:09'),(2825,'SKOTIDAKIS YOGURT 0% BLUEBERRY/POMAGRANATE 12 X 150GR',13.95,6.98,'SKOTIDAKIS YOGURT 0% BLUEBERRY/POMAGRANATE 12 X 150GR',NULL,0.00,NULL,0,1,4,4,'2020-11-18 15:50:09','2020-11-18 15:50:09'),(2826,'SKOTIDAKIS YOGURT PEACH 0% 12 X 150 GR',13.95,6.98,'SKOTIDAKIS YOGURT PEACH 0% 12 X 150 GR',NULL,0.00,NULL,0,1,4,4,'2020-11-18 15:50:09','2020-11-18 15:50:09'),(2827,'SKOTIDAKIS GREEK YOGURT 0% BLACK CHERRY (Y0100BC) 6 X 4 X100GR',17.00,8.50,'SKOTIDAKIS GREEK YOGURT 0% BLACK CHERRY (Y0100BC) 6 X 4 X100GR',NULL,0.00,NULL,0,1,4,4,'2020-11-18 15:50:09','2020-11-18 15:50:09'),(2828,'SKOTIDAKIS YOGURT 0% PLAIN 12 X 150GR',13.95,6.98,'SKOTIDAKIS YOGURT 0% PLAIN 12 X 150GR',NULL,0.00,NULL,0,1,4,4,'2020-11-18 15:50:10','2020-11-18 15:50:10'),(2829,'SKOTIDAKIS YOGURT 2% PLAIN 12 X 150GR',13.95,6.98,'SKOTIDAKIS YOGURT 2% PLAIN 12 X 150GR',NULL,0.00,NULL,0,1,4,4,'2020-11-18 15:50:10','2020-11-18 15:50:10'),(2830,'SKOTIDAKIS YOGURT PLAIN 2% 6 X 500GR',21.50,10.75,'SKOTIDAKIS YOGURT PLAIN 2% 6 X 500GR',NULL,0.00,NULL,0,1,4,4,'2020-11-18 15:50:10','2020-11-18 15:50:10'),(2831,'SKOTIDAKIS YOGURT 0% STRAWBERRY 12 X 150GR',13.95,6.98,'SKOTIDAKIS YOGURT 0% STRAWBERRY 12 X 150GR',NULL,0.00,NULL,0,1,4,4,'2020-11-18 15:50:10','2020-11-18 15:50:10'),(2832,'SKOTIDAKIS YOGURT HONEY 0% 6 X 500GR',21.50,10.75,'SKOTIDAKIS YOGURT HONEY 0% 6 X 500GR',NULL,0.00,NULL,0,1,4,4,'2020-11-18 15:50:10','2020-11-18 15:50:10'),(2833,'SKOTIDAKIS CREAM CHEESE(CC20) 20KG',184.00,92.00,'SKOTIDAKIS CREAM CHEESE(CC20) 20KG',NULL,0.00,NULL,0,1,4,4,'2020-11-18 15:50:10','2020-11-18 15:50:10'),(2834,'SKOTIDAKIS GREEK YOGURT 0% VANILLA (Y0100V) 6 X 4 X100GR',17.00,8.50,'SKOTIDAKIS GREEK YOGURT 0% VANILLA (Y0100V) 6 X 4 X100GR',NULL,0.00,NULL,0,1,4,4,'2020-11-18 15:50:11','2020-11-18 15:50:11'),(2835,'SKOTIDAKIS GREEK YOGURT 0% STRAWBERRY (Y0100S) 6 X 4 X100GR',17.00,8.50,'SKOTIDAKIS GREEK YOGURT 0% STRAWBERRY (Y0100S) 6 X 4 X100GR',NULL,0.00,NULL,0,1,4,4,'2020-11-18 15:50:11','2020-11-18 15:50:11'),(2836,'SKOTIDAKIS COLOR CHEDDAR BLOCK 2 X 2.27KG',64.50,32.25,'SKOTIDAKIS COLOR CHEDDAR BLOCK 2 X 2.27KG',NULL,0.00,NULL,0,1,4,4,'2020-11-18 15:50:11','2020-11-18 15:50:11'),(2837,'SKOTIDAKIS GREEK YOGURT 0% BLUEBERRY (Y0100B) 6 X 4 X100GR',17.00,8.50,'SKOTIDAKIS GREEK YOGURT 0% BLUEBERRY (Y0100B) 6 X 4 X100GR',NULL,0.00,NULL,0,1,4,4,'2020-11-18 15:50:11','2020-11-18 15:50:11'),(2838,'SKOTIDAKIS GRATED ROMANO 5 X 2.27KG',169.00,84.50,'SKOTIDAKIS GRATED ROMANO 5 X 2.27KG',NULL,0.00,NULL,0,1,4,4,'2020-11-18 15:50:12','2020-11-18 15:50:12'),(2839,'SKOTIDAKIS PETROS (COW) FETA  8 X 1KG',96.00,48.00,'SKOTIDAKIS PETROS (COW) FETA  8 X 1KG',NULL,0.00,NULL,0,1,4,4,'2020-11-18 15:50:12','2020-11-18 15:50:12'),(2840,'SKOTIDAKIS MOZZARELLA SHREDDED 20% 5 X 2.5KG',134.00,67.00,'SKOTIDAKIS MOZZARELLA SHREDDED 20% 5 X 2.5KG',NULL,0.00,NULL,0,1,4,4,'2020-11-18 15:50:12','2020-11-18 15:50:12'),(2841,'DIVANI KEFALOGRAVIERA PER KG',22.95,11.48,'DIVANI KEFALOGRAVIERA PER KG',NULL,0.00,NULL,0,1,4,4,'2020-11-18 15:50:12','2020-11-18 15:50:12'),(2842,'DIVANI FETA TUPPER 12 X 400GR',83.40,41.70,'DIVANI FETA TUPPER 12 X 400GR',NULL,0.00,NULL,0,1,4,4,'2020-11-18 15:50:12','2020-11-18 15:50:12'),(2843,'DIVANI FETA TUPPER 6 X 1KG',93.00,46.50,'DIVANI FETA TUPPER 6 X 1KG',NULL,0.00,NULL,0,1,4,4,'2020-11-18 15:50:13','2020-11-18 15:50:13'),(2844,'SHREDDED CHEDDAR 4 X 2.5 KG',133.00,66.50,'SHREDDED CHEDDAR 4 X 2.5 KG',NULL,0.00,NULL,0,1,4,4,'2020-11-18 15:50:13','2020-11-18 15:50:13'),(2845,'SKOTIDAKIS YOGURT BLACK CHERRY 0% 12 X 150 GR',13.95,6.98,'SKOTIDAKIS YOGURT BLACK CHERRY 0% 12 X 150 GR',NULL,0.00,NULL,0,1,4,4,'2020-11-18 15:50:13','2020-11-18 15:50:13'),(2846,'SKOT -FETA GOAT(6 X 200GR)',19.00,9.50,'SKOT -FETA GOAT(6 X 200GR)',NULL,0.00,NULL,0,1,4,4,'2020-11-18 15:50:13','2020-11-18 15:50:13'),(2847,'WHITE CHEDDAR BLOCK 2 X 2.27',64.50,32.25,'WHITE CHEDDAR BLOCK 2 X 2.27',NULL,0.00,NULL,0,1,4,4,'2020-11-18 15:50:13','2020-11-18 15:50:13'),(2848,'SKOTIDAKIS GREEK YOGURT 6 X 500G - 2% ORGANIC',22.50,11.25,'SKOTIDAKIS GREEK YOGURT 6 X 500G - 2% ORGANIC',NULL,0.00,NULL,0,1,4,4,'2020-11-18 15:50:14','2020-11-18 15:50:14'),(2849,'SKOTIDAKIS YOGURT 0% BLACK CHERRY 6 X 500GR',21.50,10.75,'SKOTIDAKIS YOGURT 0% BLACK CHERRY 6 X 500GR',NULL,0.00,NULL,0,1,4,4,'2020-11-18 15:50:14','2020-11-18 15:50:14'),(2850,'SKOTIDAKIS YOGURT 0% LEMON 6 X 500GR',21.50,10.75,'SKOTIDAKIS YOGURT 0% LEMON 6 X 500GR',NULL,0.00,NULL,0,1,4,4,'2020-11-18 15:50:14','2020-11-18 15:50:14'),(2851,'DODONI FETA IN TUPPER 12 X 400 GR',95.40,47.70,'DODONI FETA IN TUPPER 12 X 400 GR',NULL,0.00,NULL,0,1,4,4,'2020-11-18 15:50:14','2020-11-18 15:50:14'),(2852,'DODONI DRY MYZITHRA PER KG',16.95,8.48,'DODONI DRY MYZITHRA PER KG',NULL,0.00,NULL,0,1,4,4,'2020-11-18 15:50:14','2020-11-18 15:50:14'),(2853,'DODONI FETA IN PLASTIC TUPPER 6 X 1 KG',120.00,60.00,'DODONI FETA IN PLASTIC TUPPER 6 X 1 KG',NULL,0.00,NULL,0,1,4,4,'2020-11-18 15:50:14','2020-11-18 15:50:14'),(2854,'DODONI KEFALOGRAVIERA PER KG',21.00,10.50,'DODONI KEFALOGRAVIERA PER KG',NULL,0.00,NULL,0,1,4,4,'2020-11-18 15:50:15','2020-11-18 15:50:15'),(2855,'DODONI FETA IN PLASTIC TUPPER 8 X 1KG',160.00,80.00,'DODONI FETA IN PLASTIC TUPPER 8 X 1KG',NULL,0.00,NULL,0,1,4,4,'2020-11-18 15:50:15','2020-11-18 15:50:15'),(2856,'DODONI KEFALOTYRI PER KG',21.00,10.50,'DODONI KEFALOTYRI PER KG',NULL,0.00,NULL,0,1,4,4,'2020-11-18 15:50:15','2020-11-18 15:50:15'),(2857,'DODONI FETA IN PLASTIC CONTAINER  4 X 2 KG',140.00,70.00,'DODONI FETA IN PLASTIC CONTAINER  4 X 2 KG',NULL,0.00,NULL,0,1,4,4,'2020-11-18 15:50:15','2020-11-18 15:50:15'),(2858,'SKOTIDAKIS YOGURT ORGANIC 2% VANILLA (6 x 500GR)',22.50,11.25,'SKOTIDAKIS YOGURT ORGANIC 2% VANILLA (6 x 500GR)',NULL,0.00,NULL,0,1,4,4,'2020-11-18 15:50:15','2020-11-18 15:50:15'),(2859,'DODONI CUBE FETA IN OIL & OREGANO 8 X 360 GR',48.00,24.00,'DODONI CUBE FETA IN OIL & OREGANO 8 X 360 GR',NULL,0.00,NULL,0,1,4,4,'2020-11-18 15:50:16','2020-11-18 15:50:16'),(2860,'DODONI GRAVIERA FROM SHEEPS MILK BY KG',21.00,10.50,'DODONI GRAVIERA FROM SHEEPS MILK BY KG',NULL,0.00,NULL,0,1,4,4,'2020-11-18 15:50:16','2020-11-18 15:50:16'),(2861,'DODONI FETA IN TIN PER  KG',17.95,8.98,'DODONI FETA IN TIN PER  KG',NULL,0.00,NULL,0,1,4,4,'2020-11-18 15:50:16','2020-11-18 15:50:16'),(2862,'DODONI KEFALOGRAVIERA IN PORTIONS 8 X 250 KG',44.00,22.00,'DODONI KEFALOGRAVIERA IN PORTIONS 8 X 250 KG',NULL,0.00,NULL,0,1,4,4,'2020-11-18 15:50:16','2020-11-18 15:50:16'),(2863,'DODONI GRAVIERA FROM COWS MILK IN LOAVES PER KG',22.95,11.48,'DODONI GRAVIERA FROM COWS MILK IN LOAVES PER KG',NULL,0.00,NULL,0,1,4,4,'2020-11-18 15:50:17','2020-11-18 15:50:17'),(2864,'DODONI MELTED COW, SHEEP & GOAT BUTTER 9 X 600 G',67.50,33.75,'DODONI MELTED COW, SHEEP & GOAT BUTTER 9 X 600 G',NULL,0.00,NULL,0,1,4,4,'2020-11-18 15:50:17','2020-11-18 15:50:17'),(2865,'SKOTIDAKIS YOGURT PARFAIT VANILLA(6x4x130GR)',27.00,13.50,'SKOTIDAKIS YOGURT PARFAIT VANILLA(6x4x130GR)',NULL,0.00,NULL,0,1,4,4,'2020-11-18 15:50:17','2020-11-18 15:50:17'),(2866,'YOGURT PLAIN (P.A.) 6 X 650GR',11.10,5.55,'YOGURT PLAIN (P.A.) 6 X 650GR',NULL,0.00,NULL,0,1,4,4,'2020-11-18 15:50:17','2020-11-18 15:50:17'),(2867,'PROVOLONE CHEESE PER KG',15.95,7.98,'PROVOLONE CHEESE PER KG',NULL,0.00,NULL,0,1,4,4,'2020-11-18 15:50:18','2020-11-18 15:50:18'),(2868,'DODONI HALLOUMI CHEESE IN VACUUM 10 X 225GR',45.00,22.50,'DODONI HALLOUMI CHEESE IN VACUUM 10 X 225GR',NULL,0.00,NULL,0,1,4,4,'2020-11-18 15:50:18','2020-11-18 15:50:18'),(2869,'DODONI SAGANAKI 8 X 200GR (2 SLICES)',48.00,24.00,'DODONI SAGANAKI 8 X 200GR (2 SLICES)',NULL,0.00,NULL,0,1,4,4,'2020-11-18 15:50:18','2020-11-18 15:50:18'),(2870,'DODONI BARREL FETA PDO 8 X 200GR',39.60,19.80,'DODONI BARREL FETA PDO 8 X 200GR',NULL,0.00,NULL,0,1,4,4,'2020-11-18 15:50:18','2020-11-18 15:50:18'),(2871,'DODONI MANOURI CHEESE 12 X 200GR',48.00,24.00,'DODONI MANOURI CHEESE 12 X 200GR',NULL,0.00,NULL,0,1,4,4,'2020-11-18 15:50:18','2020-11-18 15:50:18'),(2872,'DODONI TOTOAST SEMI HARD CHEESE 8 X 200 G',36.00,18.00,'DODONI TOTOAST SEMI HARD CHEESE 8 X 200 G',NULL,0.00,NULL,0,1,4,4,'2020-11-18 15:50:19','2020-11-18 15:50:19'),(2873,'DODONI TOTOAST SEMI HARD CHEESE LOAF BY KG',19.00,9.50,'DODONI TOTOAST SEMI HARD CHEESE LOAF BY KG',NULL,0.00,NULL,0,1,4,4,'2020-11-18 15:50:19','2020-11-18 15:50:19'),(2874,'DODONI LACTOSE FREE FETA 12 X 200 G',48.00,24.00,'DODONI LACTOSE FREE FETA 12 X 200 G',NULL,0.00,NULL,0,1,4,4,'2020-11-18 15:50:19','2020-11-18 15:50:19'),(2875,'GREEK FETA BARREL PER KG',11.95,5.98,'GREEK FETA BARREL PER KG',NULL,0.00,NULL,0,1,4,4,'2020-11-18 15:50:19','2020-11-18 15:50:19'),(2876,'DODONI GOAT CHEESE VC (16x200GR)',80.00,40.00,'DODONI GOAT CHEESE VC (16x200GR)',NULL,0.00,NULL,0,1,4,4,'2020-11-18 15:50:19','2020-11-18 15:50:19'),(2877,'DODONI ORGANIC FETA IN VACUUM (12x200GR)',80.00,40.00,'DODONI ORGANIC FETA IN VACUUM (12x200GR)',NULL,0.00,NULL,0,1,4,4,'2020-11-18 15:50:20','2020-11-18 15:50:20'),(2878,'DODONI BAREL FETA IN BRINE (12x400GR)',120.00,60.00,'DODONI BAREL FETA IN BRINE (12x400GR)',NULL,0.00,NULL,0,1,4,4,'2020-11-18 15:50:20','2020-11-18 15:50:20'),(2879,'DODONI BARREL FETA IN BRINE 2 X 2 KG',80.00,40.00,'DODONI BARREL FETA IN BRINE 2 X 2 KG',NULL,0.00,NULL,0,1,4,4,'2020-11-18 15:50:20','2020-11-18 15:50:20'),(2880,'EDAM PER KG',11.95,5.98,'EDAM PER KG',NULL,0.00,NULL,0,1,4,4,'2020-11-18 15:50:20','2020-11-18 15:50:20'),(2881,'SWISS MAASDAM PER KG',12.50,6.25,'SWISS MAASDAM PER KG',NULL,0.00,NULL,0,1,4,4,'2020-11-18 15:50:20','2020-11-18 15:50:20'),(2882,'GOUDA PER KG',11.95,5.98,'GOUDA PER KG',NULL,0.00,NULL,0,1,4,4,'2020-11-18 15:50:21','2020-11-18 15:50:21'),(2883,'EMMENTAL PER KG',12.95,6.48,'EMMENTAL PER KG',NULL,0.00,NULL,0,1,4,4,'2020-11-18 15:50:21','2020-11-18 15:50:21'),(2884,'DODONI-BARREL FETA PDO IN PLASTIC BARREL *35 KG',15.00,7.50,'DODONI-BARREL FETA PDO IN PLASTIC BARREL *35 KG',NULL,0.00,NULL,0,1,4,4,'2020-11-18 15:50:21','2020-11-18 15:50:21'),(2885,'DODONI GRAVIERA FROM COWS MILK BY KG',15.95,7.98,'DODONI GRAVIERA FROM COWS MILK BY KG',NULL,0.00,NULL,0,1,4,4,'2020-11-18 15:50:21','2020-11-18 15:50:21'),(2886,'SKOTIDAKIS SKYR ICELANDIC 0% VANILLA YOGURT 6 X 4 X 100GR',18.00,9.00,'SKOTIDAKIS SKYR ICELANDIC 0% VANILLA YOGURT 6 X 4 X 100GR',NULL,0.00,NULL,0,1,4,4,'2020-11-18 15:50:21','2020-11-18 15:50:21'),(2887,'SKOTIDAKIS SKYR ICELANDIC 0% BLUEBERRY YOGURT 6 X 4 X 100GR',18.00,9.00,'SKOTIDAKIS SKYR ICELANDIC 0% BLUEBERRY YOGURT 6 X 4 X 100GR',NULL,0.00,NULL,0,1,4,4,'2020-11-18 15:50:22','2020-11-18 15:50:22'),(2888,'SKOTIDAKIS SKYR ICELANDIC 0% KEY LIME YOGURT  6 X 4 X 100GR',18.00,9.00,'SKOTIDAKIS SKYR ICELANDIC 0% KEY LIME YOGURT  6 X 4 X 100GR',NULL,0.00,NULL,0,1,4,4,'2020-11-18 15:50:22','2020-11-18 15:50:22'),(2889,'SKOTIDAKIS SKYR ICELANDIC 0% PEACH YOGURT 6 X 4 X 100GR',18.00,9.00,'SKOTIDAKIS SKYR ICELANDIC 0% PEACH YOGURT 6 X 4 X 100GR',NULL,0.00,NULL,0,1,4,4,'2020-11-18 15:50:22','2020-11-18 15:50:22'),(2890,'SKOTIDAKIS SKYR ICELANDIC 0% SUPER BERRY YOGURT 6 X 4 X 100GR',18.00,9.00,'SKOTIDAKIS SKYR ICELANDIC 0% SUPER BERRY YOGURT 6 X 4 X 100GR',NULL,0.00,NULL,0,1,4,4,'2020-11-18 15:50:22','2020-11-18 15:50:22'),(2891,'SKOTIDAKIS SKYR ICELANDIC 0% PLAIN YOGURT 6 X 750 G',27.00,13.50,'SKOTIDAKIS SKYR ICELANDIC 0% PLAIN YOGURT 6 X 750 G',NULL,0.00,NULL,0,1,4,4,'2020-11-18 15:50:22','2020-11-18 15:50:22'),(2892,'SKOTIDAKIS SKYR ICELANDIC 0% VANILLA YOGURT 6 X 750 G',27.00,13.50,'SKOTIDAKIS SKYR ICELANDIC 0% VANILLA YOGURT 6 X 750 G',NULL,0.00,NULL,0,1,4,4,'2020-11-18 15:50:23','2020-11-18 15:50:23'),(2893,'CHELMOS-WHITE CHEESE VLAHOPOULA 12 X 400G',72.00,36.00,'CHELMOS-WHITE CHEESE VLAHOPOULA 12 X 400G',NULL,0.00,NULL,0,1,4,4,'2020-11-18 15:50:23','2020-11-18 15:50:23'),(2894,'CHELMOS-KEFALOGRAVIERA *9KG',18.95,9.48,'CHELMOS-KEFALOGRAVIERA *9KG',NULL,0.00,NULL,0,1,4,4,'2020-11-18 15:50:23','2020-11-18 15:50:23'),(2895,'CHELMOS-DRY MIZITHRA VACCUM PER KG',16.50,8.25,'CHELMOS-DRY MIZITHRA VACCUM PER KG',NULL,0.00,NULL,0,1,4,4,'2020-11-18 15:50:23','2020-11-18 15:50:23'),(2896,'CHELMOS PECORINO HARD CHEESE FROM SHEEPS MILK',16.95,8.48,'CHELMOS PECORINO HARD CHEESE FROM SHEEPS MILK',NULL,0.00,NULL,0,1,4,4,'2020-11-18 15:50:23','2020-11-18 15:50:23'),(2897,'CHELMOS GREEK KEFALOTIRI',18.95,9.48,'CHELMOS GREEK KEFALOTIRI',NULL,0.00,NULL,0,1,4,4,'2020-11-18 15:50:24','2020-11-18 15:50:24'),(2898,'CHELMOS VLAHOTIRI (GRAVIERA) BY KG',19.50,9.75,'CHELMOS VLAHOTIRI (GRAVIERA) BY KG',NULL,0.00,NULL,0,1,4,4,'2020-11-18 15:50:24','2020-11-18 15:50:24'),(2899,'CHELMOS FETA BARREL BY KG',11.95,5.98,'CHELMOS FETA BARREL BY KG',NULL,0.00,NULL,0,1,4,4,'2020-11-18 15:50:24','2020-11-18 15:50:24'),(2900,'CHELMOS FETA CHEESE READY TO GRILL MEDITERRANEAN HERDS 15X150GR',52.50,26.25,'CHELMOS FETA CHEESE READY TO GRILL MEDITERRANEAN HERDS 15X150GR',NULL,0.00,NULL,0,1,4,4,'2020-11-18 15:50:24','2020-11-18 15:50:24'),(2901,'TATSIS KEFALOGRAVIERA  BY KG',19.00,9.50,'TATSIS KEFALOGRAVIERA  BY KG',NULL,0.00,NULL,0,1,4,4,'2020-11-18 15:50:24','2020-11-18 15:50:24'),(2902,'CHELMOS FETA CHEESE READY TO GRILL RED BELL PEPPER,ONION,DILL 15X150GR',52.50,26.25,'CHELMOS FETA CHEESE READY TO GRILL RED BELL PEPPER,ONION,DILL 15X150GR',NULL,0.00,NULL,0,1,4,4,'2020-11-18 15:50:24','2020-11-18 15:50:24'),(2903,'CHELMOS FETA CHEESE READY TO GRILL CHILLY & PAPRIKA 15X150GR',52.50,26.25,'CHELMOS FETA CHEESE READY TO GRILL CHILLY & PAPRIKA 15X150GR',NULL,0.00,NULL,0,1,4,4,'2020-11-18 15:50:25','2020-11-18 15:50:25'),(2904,'CHELMOS MANOURI 10X200GR',35.00,17.50,'CHELMOS MANOURI 10X200GR',NULL,0.00,NULL,0,1,4,4,'2020-11-18 15:50:25','2020-11-18 15:50:25'),(2905,'CHELMOS METSOVONE SMOKED CHESSE LOAF',18.00,9.00,'CHELMOS METSOVONE SMOKED CHESSE LOAF',NULL,0.00,NULL,0,1,4,4,'2020-11-18 15:50:25','2020-11-18 15:50:25'),(2906,'NAXOU - GRAVIERA',21.00,10.50,'NAXOU - GRAVIERA',NULL,0.00,NULL,0,1,4,4,'2020-11-18 15:50:25','2020-11-18 15:50:25'),(2907,'KALAMATA EX-JUMBO  OLIVES 12 KG',66.00,33.00,'KALAMATA EX-JUMBO  OLIVES 12 KG',NULL,0.00,NULL,0,1,4,4,'2020-11-18 15:50:25','2020-11-18 15:50:25'),(2908,'ATLAS GREEN PITTED OLIVES 10KGS',47.95,23.98,'ATLAS GREEN PITTED OLIVES 10KGS',NULL,0.00,NULL,0,1,4,4,'2020-11-18 15:50:26','2020-11-18 15:50:26'),(2909,'KALAMATA OLIVES COLOSSAL 12KG',61.00,30.50,'KALAMATA OLIVES COLOSSAL 12KG',NULL,0.00,NULL,0,1,4,4,'2020-11-18 15:50:26','2020-11-18 15:50:26'),(2910,'KALAMATA OLIVES JUMBO 12KG',53.00,26.50,'KALAMATA OLIVES JUMBO 12KG',NULL,0.00,NULL,0,1,4,4,'2020-11-18 15:50:26','2020-11-18 15:50:26'),(2911,'KALAMATA OLIVES LARGE 12KG',48.00,24.00,'KALAMATA OLIVES LARGE 12KG',NULL,0.00,NULL,0,1,4,4,'2020-11-18 15:50:26','2020-11-18 15:50:26'),(2912,'KALAMATA OLIVES SUPERIOR 12KG',46.00,23.00,'KALAMATA OLIVES SUPERIOR 12KG',NULL,0.00,NULL,0,1,4,4,'2020-11-18 15:50:26','2020-11-18 15:50:26'),(2913,'KALAMATA SUPER COLOSSAL OLIVES 12KG',65.00,32.50,'KALAMATA SUPER COLOSSAL OLIVES 12KG',NULL,0.00,NULL,0,1,4,4,'2020-11-18 15:50:27','2020-11-18 15:50:27'),(2914,'VORIOS MYLOPOTAMOS EXTRA VIRGIN OLIVE OIL  12 X 750ML',60.00,30.00,'VORIOS MYLOPOTAMOS EXTRA VIRGIN OLIVE OIL  12 X 750ML',NULL,0.00,NULL,0,1,4,4,'2020-11-18 15:50:27','2020-11-18 15:50:27'),(2915,'MANI EXTRA VIRGIN OLIVE OIL 6 X 3LTR',100.00,50.00,'MANI EXTRA VIRGIN OLIVE OIL 6 X 3LTR',NULL,0.00,NULL,0,1,4,4,'2020-11-18 15:50:27','2020-11-18 15:50:27'),(2916,'THROUMBES THASSOS 2 X 5KG',65.90,32.95,'THROUMBES THASSOS 2 X 5KG',NULL,0.00,NULL,0,1,4,4,'2020-11-18 15:50:27','2020-11-18 15:50:27'),(2917,'BLACK OLIVES SUPER MAMMOTH 12 KG',70.00,35.00,'BLACK OLIVES SUPER MAMMOTH 12 KG',NULL,0.00,NULL,0,1,4,4,'2020-11-18 15:50:27','2020-11-18 15:50:27'),(2918,'KALAMON BLACK SLICED OLIVES 1 X 10 KG',59.50,29.75,'KALAMON BLACK SLICED OLIVES 1 X 10 KG',NULL,0.00,NULL,0,1,4,4,'2020-11-18 15:50:27','2020-11-18 15:50:27'),(2919,'KALAMON BLACK PITTED OLIVES 1 X 10 KG',62.50,31.25,'KALAMON BLACK PITTED OLIVES 1 X 10 KG',NULL,0.00,NULL,0,1,4,4,'2020-11-18 15:50:27','2020-11-18 15:50:27'),(2920,'AMFISSAS BLACK OLIVES 12 KG',62.00,31.00,'AMFISSAS BLACK OLIVES 12 KG',NULL,0.00,NULL,0,1,4,4,'2020-11-18 15:50:28','2020-11-18 15:50:28'),(2921,'GRILLED MARINATED PITTED MAMMOUTH OLIVES 10KG',69.00,34.50,'GRILLED MARINATED PITTED MAMMOUTH OLIVES 10KG',NULL,0.00,NULL,0,1,4,4,'2020-11-18 15:50:28','2020-11-18 15:50:28'),(2922,'KALAMATA EXTRA LARGE OLIVES 12KG',50.00,25.00,'KALAMATA EXTRA LARGE OLIVES 12KG',NULL,0.00,NULL,0,1,4,4,'2020-11-18 15:50:28','2020-11-18 15:50:28'),(2923,'DONKEY S S MAMMOUTH OLIVES 12KG',69.00,34.50,'DONKEY S S MAMMOUTH OLIVES 12KG',NULL,0.00,NULL,0,1,4,4,'2020-11-18 15:50:28','2020-11-18 15:50:28'),(2924,'ARISTON KALAMATA WHOLE 12 X 500ML',36.00,18.00,'ARISTON KALAMATA WHOLE 12 X 500ML',NULL,0.00,NULL,0,1,4,4,'2020-11-18 15:50:29','2020-11-18 15:50:29'),(2925,'ARISTON BLACK KALAMATA OLIVES WHOLE 6X1.5L',42.00,21.00,'ARISTON BLACK KALAMATA OLIVES WHOLE 6X1.5L',NULL,0.00,NULL,0,1,4,4,'2020-11-18 15:50:29','2020-11-18 15:50:29'),(2926,'ARISTON GREEN W/ ALMOND 12 X 500ML',39.95,19.98,'ARISTON GREEN W/ ALMOND 12 X 500ML',NULL,0.00,NULL,0,1,4,4,'2020-11-18 15:50:29','2020-11-18 15:50:29'),(2927,'ARISTON GREEN OLIVES WITH GARLIC 12 X 500ML',39.95,19.98,'ARISTON GREEN OLIVES WITH GARLIC 12 X 500ML',NULL,0.00,NULL,0,1,4,4,'2020-11-18 15:50:29','2020-11-18 15:50:29'),(2928,'GREEN OLIVES W/ GARLIC S.COLOSSAL 10KG',64.95,32.48,'GREEN OLIVES W/ GARLIC S.COLOSSAL 10KG',NULL,0.00,NULL,0,1,4,4,'2020-11-18 15:50:29','2020-11-18 15:50:29'),(2929,'SITIA EXTRA VIRGIN OLIVE OIL 6X3LIT',108.00,54.00,'SITIA EXTRA VIRGIN OLIVE OIL 6X3LIT',NULL,0.00,NULL,0,1,4,4,'2020-11-18 15:50:29','2020-11-18 15:50:29'),(2930,'ARISTON GREEN W/ NAT.PEPPER 12  X 1L',67.95,33.98,'ARISTON GREEN W/ NAT.PEPPER 12  X 1L',NULL,0.00,NULL,0,1,4,4,'2020-11-18 15:50:30','2020-11-18 15:50:30'),(2931,'GREEN WHOLE ATLAS OLIVES 12KGS',67.00,33.50,'GREEN WHOLE ATLAS OLIVES 12KGS',NULL,0.00,NULL,0,1,4,4,'2020-11-18 15:50:30','2020-11-18 15:50:30'),(2932,'ARISTON GREEN WHOLE OLIVES 6 X 1.5L',36.00,18.00,'ARISTON GREEN WHOLE OLIVES 6 X 1.5L',NULL,0.00,NULL,0,1,4,4,'2020-11-18 15:50:30','2020-11-18 15:50:30'),(2933,'GREEN OLIVES IN BRINE STUFFED PIM. PASTE 10KG',55.00,27.50,'GREEN OLIVES IN BRINE STUFFED PIM. PASTE 10KG',NULL,0.00,NULL,0,1,4,4,'2020-11-18 15:50:30','2020-11-18 15:50:30'),(2934,'ARISTON GREEN OLIVES W/PEPPER PASTE (12 x 500ML)',39.95,19.98,'ARISTON GREEN OLIVES W/PEPPER PASTE (12 x 500ML)',NULL,0.00,NULL,0,1,4,4,'2020-11-18 15:50:30','2020-11-18 15:50:30'),(2935,'GREEN OLIVES W/REAL PEPPER 10KG',64.00,32.00,'GREEN OLIVES W/REAL PEPPER 10KG',NULL,0.00,NULL,0,1,4,4,'2020-11-18 15:50:31','2020-11-18 15:50:31'),(2936,'ARISTON GREEN OLIVES WITH ALMONDS 6 X 1L',34.95,17.48,'ARISTON GREEN OLIVES WITH ALMONDS 6 X 1L',NULL,0.00,NULL,0,1,4,4,'2020-11-18 15:50:31','2020-11-18 15:50:31'),(2937,'ARISTON GREEN OLIVES WITH GARLIC 6x1L',34.95,17.48,'ARISTON GREEN OLIVES WITH GARLIC 6x1L',NULL,0.00,NULL,0,1,4,4,'2020-11-18 15:50:31','2020-11-18 15:50:31'),(2938,'ARISTON GREEN OLIVES WITH PEPPER PASTE 6X1L',34.95,17.48,'ARISTON GREEN OLIVES WITH PEPPER PASTE 6X1L',NULL,0.00,NULL,0,1,4,4,'2020-11-18 15:50:31','2020-11-18 15:50:31'),(2939,'GREEK COCKTAIL MIX OLIVES 12 KG',58.00,29.00,'GREEK COCKTAIL MIX OLIVES 12 KG',NULL,0.00,NULL,0,1,4,4,'2020-11-18 15:50:31','2020-11-18 15:50:31'),(2940,'NAFPLION GREEN CRACKED OLIVES 12KG',39.95,19.98,'NAFPLION GREEN CRACKED OLIVES 12KG',NULL,0.00,NULL,0,1,4,4,'2020-11-18 15:50:31','2020-11-18 15:50:31'),(2941,'LATZIMAS OLIVE OIL 4 X 3 LTRS',65.00,32.50,'LATZIMAS OLIVE OIL 4 X 3 LTRS',NULL,0.00,NULL,0,1,4,4,'2020-11-18 15:50:32','2020-11-18 15:50:32'),(2942,'LATZIMAS OLIVE OIL 12 X 750ML',55.00,27.50,'LATZIMAS OLIVE OIL 12 X 750ML',NULL,0.00,NULL,0,1,4,4,'2020-11-18 15:50:32','2020-11-18 15:50:32'),(2943,'SPECTRA VEGETABLE OIL 4 X 3L',21.00,10.50,'SPECTRA VEGETABLE OIL 4 X 3L',NULL,0.00,NULL,0,1,4,4,'2020-11-18 15:50:32','2020-11-18 15:50:32'),(2944,'SPECTRA CANOLA OIL 6 X 3L',34.50,17.25,'SPECTRA CANOLA OIL 6 X 3L',NULL,0.00,NULL,0,1,4,4,'2020-11-18 15:50:32','2020-11-18 15:50:32'),(2945,'KRITIKO EXTRA-VIRGIN OLIVE OIL 4 X 3L',68.00,34.00,'KRITIKO EXTRA-VIRGIN OLIVE OIL 4 X 3L',NULL,0.00,NULL,0,1,4,4,'2020-11-18 15:50:32','2020-11-18 15:50:32'),(2946,'KRITI GOLD EXTRA VIRGIN OLIVE OIL IN TIN 6X3L',108.00,54.00,'KRITI GOLD EXTRA VIRGIN OLIVE OIL IN TIN 6X3L',NULL,0.00,NULL,0,1,4,4,'2020-11-18 15:50:32','2020-11-18 15:50:32'),(2947,'KRITI GOLD EXTRA VIRGIN OLIVE OIL 12 X 750 ML',63.00,31.50,'KRITI GOLD EXTRA VIRGIN OLIVE OIL 12 X 750 ML',NULL,0.00,NULL,0,1,4,4,'2020-11-18 15:50:33','2020-11-18 15:50:33'),(2948,'KRITI GOLD BIO EXTRA VIRGIN OLIVE OIL 12 X 750 ML',79.00,39.50,'KRITI GOLD BIO EXTRA VIRGIN OLIVE OIL 12 X 750 ML',NULL,0.00,NULL,0,1,4,4,'2020-11-18 15:50:33','2020-11-18 15:50:33'),(2949,'MINOAN EXTRA VIRGIN OLIVE OIL 6 X 3 L',105.00,52.50,'MINOAN EXTRA VIRGIN OLIVE OIL 6 X 3 L',NULL,0.00,NULL,0,1,4,4,'2020-11-18 15:50:33','2020-11-18 15:50:33'),(2950,'SPECTRA-CARTON 16L GOLDEN CANOLA OIL',24.95,12.48,'SPECTRA-CARTON 16L GOLDEN CANOLA OIL',NULL,0.00,NULL,0,1,4,4,'2020-11-18 15:50:33','2020-11-18 15:50:33'),(2951,'ARISTON-EX.VIRGIN OLIVE OIL (12 x 1 LTR) PLASTIC',90.00,45.00,'ARISTON-EX.VIRGIN OLIVE OIL (12 x 1 LTR) PLASTIC',NULL,0.00,NULL,0,1,4,4,'2020-11-18 15:50:33','2020-11-18 15:50:33'),(2952,'ARISTON-EX.VIRGIN OLIVE OIL (6 x 3 LTRS) PLASTIC',99.00,49.50,'ARISTON-EX.VIRGIN OLIVE OIL (6 x 3 LTRS) PLASTIC',NULL,0.00,NULL,0,1,4,4,'2020-11-18 15:50:34','2020-11-18 15:50:34'),(2953,'GREEK DIAMOND EXTRA VIRGIN OLIVE OIL IN TIN 4 X 3 L',70.00,35.00,'GREEK DIAMOND EXTRA VIRGIN OLIVE OIL IN TIN 4 X 3 L',NULL,0.00,NULL,0,1,4,4,'2020-11-18 15:50:34','2020-11-18 15:50:34'),(2954,'TAU ORGANIC OLIVE OIL 12 x 750ml',76.00,38.00,'TAU ORGANIC OLIVE OIL 12 x 750ml',NULL,0.00,NULL,0,1,4,4,'2020-11-18 15:50:34','2020-11-18 15:50:34'),(2955,'TAU ORGANIC OLIVE OIL 6 x 3Ltrs',130.00,65.00,'TAU ORGANIC OLIVE OIL 6 x 3Ltrs',NULL,0.00,NULL,0,1,4,4,'2020-11-18 15:50:34','2020-11-18 15:50:34'),(2956,'GREEN PITTED MAMMOTH OLIVES 10 KG',67.75,33.88,'GREEN PITTED MAMMOTH OLIVES 10 KG',NULL,0.00,NULL,0,1,4,4,'2020-11-18 15:50:34','2020-11-18 15:50:34'),(2957,'KRITI GOLD EXTRA VIRGIN BIO OLIVE OIL 6 X 3LTR',125.00,62.50,'KRITI GOLD EXTRA VIRGIN BIO OLIVE OIL 6 X 3LTR',NULL,0.00,NULL,0,1,4,4,'2020-11-18 15:50:35','2020-11-18 15:50:35'),(2958,'KRITIKO EXTRA VIRGIN OLIVE OIL 12 X 750ML',60.00,30.00,'KRITIKO EXTRA VIRGIN OLIVE OIL 12 X 750ML',NULL,0.00,NULL,0,1,4,4,'2020-11-18 15:50:35','2020-11-18 15:50:35'),(2959,'MINOAN EXTRA VIRGIN OLIVE OIL 12 X 750ML',60.00,30.00,'MINOAN EXTRA VIRGIN OLIVE OIL 12 X 750ML',NULL,0.00,NULL,0,1,4,4,'2020-11-18 15:50:35','2020-11-18 15:50:35'),(2960,'LATZIMAS EXTRA VIRGIN BIO OLIVE OIL 12 X 1LTR',80.00,40.00,'LATZIMAS EXTRA VIRGIN BIO OLIVE OIL 12 X 1LTR',NULL,0.00,NULL,0,1,4,4,'2020-11-18 15:50:35','2020-11-18 15:50:35'),(2961,'MOREHOUSE MUSTARD SQUEEZE 12 X 400ML',12.00,6.00,'MOREHOUSE MUSTARD SQUEEZE 12 X 400ML',NULL,0.00,NULL,0,1,4,4,'2020-11-18 15:50:35','2020-11-18 15:50:35'),(2962,'ARISTON WHOLE PEPPERCCINI 4 X 3.75LTRS',22.95,11.48,'ARISTON WHOLE PEPPERCCINI 4 X 3.75LTRS',NULL,0.00,NULL,0,1,4,4,'2020-11-18 15:50:36','2020-11-18 15:50:36'),(2963,'GREEK PICKLED PEPPERS 7KG - PELOPONISO',24.68,12.34,'GREEK PICKLED PEPPERS 7KG - PELOPONISO',NULL,0.00,NULL,0,1,4,4,'2020-11-18 15:50:36','2020-11-18 15:50:36'),(2964,'GREEK PEPPERCINI 7KG - DIMITRA',24.15,12.08,'GREEK PEPPERCINI 7KG - DIMITRA',NULL,0.00,NULL,0,1,4,4,'2020-11-18 15:50:36','2020-11-18 15:50:36'),(2965,'SOFIA VINEGAR 12 X 1L',11.25,5.63,'SOFIA VINEGAR 12 X 1L',NULL,0.00,NULL,0,1,4,4,'2020-11-18 15:50:36','2020-11-18 15:50:36'),(2966,'SOFIA VINEGAR 4 X4L',8.50,4.25,'SOFIA VINEGAR 4 X4L',NULL,0.00,NULL,0,1,4,4,'2020-11-18 15:50:37','2020-11-18 15:50:37'),(2967,'ARISTON LEMON SEASONING 4 X 4L',16.75,8.38,'ARISTON LEMON SEASONING 4 X 4L',NULL,0.00,NULL,0,1,4,4,'2020-11-18 15:50:37','2020-11-18 15:50:37'),(2968,'PUTTERS-BREAD & BUTTER PICKLES 12 X 1L',32.95,16.48,'PUTTERS-BREAD & BUTTER PICKLES 12 X 1L',NULL,0.00,NULL,0,1,4,4,'2020-11-18 15:50:37','2020-11-18 15:50:37'),(2969,'PUTTERS-CRUNCHY DILLS 12 X 1L',33.95,16.98,'PUTTERS-CRUNCHY DILLS 12 X 1L',NULL,0.00,NULL,0,1,4,4,'2020-11-18 15:50:37','2020-11-18 15:50:37'),(2970,'PUTTERS-DILL PICKLES KOSHER 12 X 1L',33.95,16.98,'PUTTERS-DILL PICKLES KOSHER 12 X 1L',NULL,0.00,NULL,0,1,4,4,'2020-11-18 15:50:38','2020-11-18 15:50:38'),(2971,'PUTTERS-DILL PICKLES KOSHER 2 X 4L',21.60,10.80,'PUTTERS-DILL PICKLES KOSHER 2 X 4L',NULL,0.00,NULL,0,1,4,4,'2020-11-18 15:50:38','2020-11-18 15:50:38'),(2972,'PUTTERS DILL PICKLES KOSHER BLUE 20L',30.00,15.00,'PUTTERS DILL PICKLES KOSHER BLUE 20L',NULL,0.00,NULL,0,1,4,4,'2020-11-18 15:50:38','2020-11-18 15:50:38'),(2973,'PUTTERS-DILL PICKLES ORIGINAL  12 X 1L',33.95,16.98,'PUTTERS-DILL PICKLES ORIGINAL  12 X 1L',NULL,0.00,NULL,0,1,4,4,'2020-11-18 15:50:38','2020-11-18 15:50:38'),(2974,'PUTTERS-DILL PICKLES ORIGINAL 6 X 2L',32.70,16.35,'PUTTERS-DILL PICKLES ORIGINAL 6 X 2L',NULL,0.00,NULL,0,1,4,4,'2020-11-18 15:50:38','2020-11-18 15:50:38'),(2975,'PUTTERS-DILL TOMATOES 12 X 1L',33.50,16.75,'PUTTERS-DILL TOMATOES 12 X 1L',NULL,0.00,NULL,0,1,4,4,'2020-11-18 15:50:39','2020-11-18 15:50:39'),(2976,'PUTTERS-HAMBURGER SLICED 20L',34.45,17.23,'PUTTERS-HAMBURGER SLICED 20L',NULL,0.00,NULL,0,1,4,4,'2020-11-18 15:50:39','2020-11-18 15:50:39'),(2977,'PUTTERS-HOT BANANA WHOLE 2 X 4L',23.75,11.88,'PUTTERS-HOT BANANA WHOLE 2 X 4L',NULL,0.00,NULL,0,1,4,4,'2020-11-18 15:50:39','2020-11-18 15:50:39'),(2978,'PUTTERS-HOT BANANA SLICED 2 X 4L',19.50,9.75,'PUTTERS-HOT BANANA SLICED 2 X 4L',NULL,0.00,NULL,0,1,4,4,'2020-11-18 15:50:39','2020-11-18 15:50:39'),(2979,'PUTTERS HOT BANANA SLICED 12X750ML',33.95,16.98,'PUTTERS HOT BANANA SLICED 12X750ML',NULL,0.00,NULL,0,1,4,4,'2020-11-18 15:50:39','2020-11-18 15:50:39'),(2980,'PUTTERS-HOT BANANA WHOLE 12 X 750ML',33.95,16.98,'PUTTERS-HOT BANANA WHOLE 12 X 750ML',NULL,0.00,NULL,0,1,4,4,'2020-11-18 15:50:40','2020-11-18 15:50:40'),(2981,'PUTTERS HOT CHERRY 12 X 750ML',33.75,16.88,'PUTTERS HOT CHERRY 12 X 750ML',NULL,0.00,NULL,0,1,4,4,'2020-11-18 15:50:40','2020-11-18 15:50:40'),(2982,'PUTTERS-HOT CHERRY 2 X 4L',23.70,11.85,'PUTTERS-HOT CHERRY 2 X 4L',NULL,0.00,NULL,0,1,4,4,'2020-11-18 15:50:40','2020-11-18 15:50:40'),(2983,'PUTTERS-SAUERKRAUT 12 X 1L',33.95,16.98,'PUTTERS-SAUERKRAUT 12 X 1L',NULL,0.00,NULL,0,1,4,4,'2020-11-18 15:50:40','2020-11-18 15:50:40'),(2984,'PUTTERS SAUERKRAUT 20L',34.25,17.13,'PUTTERS SAUERKRAUT 20L',NULL,0.00,NULL,0,1,4,4,'2020-11-18 15:50:41','2020-11-18 15:50:41'),(2985,'PUTTERS-SPICY DILL PICKLES 12 X 1L',33.95,16.98,'PUTTERS-SPICY DILL PICKLES 12 X 1L',NULL,0.00,NULL,0,1,4,4,'2020-11-18 15:50:41','2020-11-18 15:50:41'),(2986,'PUTTERS-SWEET PIMENTOES 2 X 4L',21.85,10.93,'PUTTERS-SWEET PIMENTOES 2 X 4L',NULL,0.00,NULL,0,1,4,4,'2020-11-18 15:50:41','2020-11-18 15:50:41'),(2987,'PUTTERS-SWEET RELISH 2 X 4L',22.50,11.25,'PUTTERS-SWEET RELISH 2 X 4L',NULL,0.00,NULL,0,1,4,4,'2020-11-18 15:50:41','2020-11-18 15:50:41'),(2988,'PUTTERS SWEET SLICED PIMENTOES 12 X 750ML',33.95,16.98,'PUTTERS SWEET SLICED PIMENTOES 12 X 750ML',NULL,0.00,NULL,0,1,4,4,'2020-11-18 15:50:41','2020-11-18 15:50:41'),(2989,'PUTTERS-YELLOW MUSTARD 4 X 4L',22.70,11.35,'PUTTERS-YELLOW MUSTARD 4 X 4L',NULL,0.00,NULL,0,1,4,4,'2020-11-18 15:50:42','2020-11-18 15:50:42'),(2990,'PUTTERS DILL PICKLES KOSHER GREEN  20L',34.25,17.13,'PUTTERS DILL PICKLES KOSHER GREEN  20L',NULL,0.00,NULL,0,1,4,4,'2020-11-18 15:50:42','2020-11-18 15:50:42'),(2991,'CIBONA CHOUCROUTE SAUERKRAUT 12X1 LIT',27.50,13.75,'CIBONA CHOUCROUTE SAUERKRAUT 12X1 LIT',NULL,0.00,NULL,0,1,4,4,'2020-11-18 15:50:42','2020-11-18 15:50:42'),(2992,'CIBONA BEETRAVES BEETS 12X750M',25.00,12.50,'CIBONA BEETRAVES BEETS 12X750M',NULL,0.00,NULL,0,1,4,4,'2020-11-18 15:50:42','2020-11-18 15:50:42'),(2993,'CIBONA BABY DILL PICKLES 12X1LIT',28.95,14.48,'CIBONA BABY DILL PICKLES 12X1LIT',NULL,0.00,NULL,0,1,4,4,'2020-11-18 15:50:42','2020-11-18 15:50:42'),(2994,'CIBONA SLICED PEPPER RINGS 12 X 750 ML',26.95,13.48,'CIBONA SLICED PEPPER RINGS 12 X 750 ML',NULL,0.00,NULL,0,1,4,4,'2020-11-18 15:50:43','2020-11-18 15:50:43'),(2995,'OMEGA LEMON JUICE 18 X 675 ML',12.95,6.48,'OMEGA LEMON JUICE 18 X 675 ML',NULL,0.00,NULL,0,1,4,4,'2020-11-18 15:50:43','2020-11-18 15:50:43'),(2996,'SOFIA APRICOT HALVES 12 X 796 ML',23.95,11.98,'SOFIA APRICOT HALVES 12 X 796 ML',NULL,0.00,NULL,0,1,4,4,'2020-11-18 15:50:43','2020-11-18 15:50:43'),(2997,'SOFIA FRUIT COCKTAIL 12 X 796 ML',25.95,12.98,'SOFIA FRUIT COCKTAIL 12 X 796 ML',NULL,0.00,NULL,0,1,4,4,'2020-11-18 15:50:43','2020-11-18 15:50:43'),(2998,'SOFIA PEACH HALVES 12 X 796ML',20.00,10.00,'SOFIA PEACH HALVES 12 X 796ML',NULL,0.00,NULL,0,1,4,4,'2020-11-18 15:50:44','2020-11-18 15:50:44'),(2999,'SOFIA PEACH HALVES 12 X 720 ML',27.00,13.50,'SOFIA PEACH HALVES 12 X 720 ML',NULL,0.00,NULL,0,1,4,4,'2020-11-18 15:50:44','2020-11-18 15:50:44'),(3000,'BELOW ZERO FROZEN SLICED PEACHES IQF 5 X 1 KG',21.10,10.55,'BELOW ZERO FROZEN SLICED PEACHES IQF 5 X 1 KG',NULL,0.00,NULL,0,1,4,4,'2020-11-18 15:50:44','2020-11-18 15:50:44'),(3001,'BELOW ZERO FROZEN SLICED PINEAPPLE IQF 5 X 1KG',19.80,9.90,'BELOW ZERO FROZEN SLICED PINEAPPLE IQF 5 X 1KG',NULL,0.00,NULL,0,1,4,4,'2020-11-18 15:50:44','2020-11-18 15:50:44'),(3002,'BELOW ZERO FROZEN MANGO CHUNKS IQF 5 X 1 KG',23.95,11.98,'BELOW ZERO FROZEN MANGO CHUNKS IQF 5 X 1 KG',NULL,0.00,NULL,0,1,4,4,'2020-11-18 15:50:44','2020-11-18 15:50:44'),(3003,'BELOW ZERO FROZEN WILD BLUEBERRIES IQF 5 X 1 KG',38.95,19.48,'BELOW ZERO FROZEN WILD BLUEBERRIES IQF 5 X 1 KG',NULL,0.00,NULL,0,1,4,4,'2020-11-18 15:50:44','2020-11-18 15:50:44'),(3004,'BELOW ZERO FROZEN WHOLE RASPBERRIES IQF 5 X 1 KG',35.90,17.95,'BELOW ZERO FROZEN WHOLE RASPBERRIES IQF 5 X 1 KG',NULL,0.00,NULL,0,1,4,4,'2020-11-18 15:50:45','2020-11-18 15:50:45'),(3005,'BELOW ZERO FROZEN WHOLE STRAWBERRIES IQF 5 X 1 KG',21.90,10.95,'BELOW ZERO FROZEN WHOLE STRAWBERRIES IQF 5 X 1 KG',NULL,0.00,NULL,0,1,4,4,'2020-11-18 15:50:45','2020-11-18 15:50:45'),(3006,'BELOW ZERO FROZEN 3 BERRY MIX IQF 5 X 1 KG',36.95,18.48,'BELOW ZERO FROZEN 3 BERRY MIX IQF 5 X 1 KG',NULL,0.00,NULL,0,1,4,4,'2020-11-18 15:50:45','2020-11-18 15:50:45'),(3007,'BELOW ZERO FROZEN 4 BERRY MIX IQF 5 X 1 KG',36.95,18.48,'BELOW ZERO FROZEN 4 BERRY MIX IQF 5 X 1 KG',NULL,0.00,NULL,0,1,4,4,'2020-11-18 15:50:45','2020-11-18 15:50:45'),(3008,'BELOW ZERO BANANA BERRY MIX IQF 5X1KG',31.90,15.95,'BELOW ZERO BANANA BERRY MIX IQF 5X1KG',NULL,0.00,NULL,0,1,4,4,'2020-11-18 15:50:45','2020-11-18 15:50:45'),(3009,'BELOW ZERO DICED ONION IQF 6 X 2 KG',19.25,9.63,'BELOW ZERO DICED ONION IQF 6 X 2 KG',NULL,0.00,NULL,0,1,4,4,'2020-11-18 15:50:46','2020-11-18 15:50:46'),(3010,'BELOW ZERO ROMANO GREEN BEANS IQF 6X2KG',34.65,17.33,'BELOW ZERO ROMANO GREEN BEANS IQF 6X2KG',NULL,0.00,NULL,0,1,4,4,'2020-11-18 15:50:46','2020-11-18 15:50:46'),(3011,'BELOW ZERO BUTTERNUT SQUASH IQF 6X2KG',36.95,18.48,'BELOW ZERO BUTTERNUT SQUASH IQF 6X2KG',NULL,0.00,NULL,0,1,4,4,'2020-11-18 15:50:46','2020-11-18 15:50:46'),(3012,'BELOW ZERO EXTRA FINE GREEN BEANS IQF 10X1KG',36.95,18.48,'BELOW ZERO EXTRA FINE GREEN BEANS IQF 10X1KG',NULL,0.00,NULL,0,1,4,4,'2020-11-18 15:50:46','2020-11-18 15:50:46'),(3013,'BELOW ZERO BRUSSEL SPROUT IQF 6X2KG',32.95,16.48,'BELOW ZERO BRUSSEL SPROUT IQF 6X2KG',NULL,0.00,NULL,0,1,4,4,'2020-11-18 15:50:46','2020-11-18 15:50:46'),(3014,'BELOW ZERO PRINCE EDWARD MEDLEY IQF 6X2KG',31.90,15.95,'BELOW ZERO PRINCE EDWARD MEDLEY IQF 6X2KG',NULL,0.00,NULL,0,1,4,4,'2020-11-18 15:50:47','2020-11-18 15:50:47'),(3015,'BELOW ZERO SWEET POTATO IQF 6X2KG',44.90,22.45,'BELOW ZERO SWEET POTATO IQF 6X2KG',NULL,0.00,NULL,0,1,4,4,'2020-11-18 15:50:47','2020-11-18 15:50:47'),(3016,'SOFIA PICKLED TURNIPS 12 X 500ML',21.00,10.50,'SOFIA PICKLED TURNIPS 12 X 500ML',NULL,0.00,NULL,0,1,4,4,'2020-11-18 15:50:47','2020-11-18 15:50:47'),(3017,'ARISTON VEGETABLE SHORTENING WITH BUTTER 9KG PLASTIC',47.25,23.63,'ARISTON VEGETABLE SHORTENING WITH BUTTER 9KG PLASTIC',NULL,0.00,NULL,0,1,4,4,'2020-11-18 15:50:47','2020-11-18 15:50:47'),(3018,'ARISTON VEGETABLE SHORTENING WITH BUTTER 6 X 670GR',28.35,14.18,'ARISTON VEGETABLE SHORTENING WITH BUTTER 6 X 670GR',NULL,0.00,NULL,0,1,4,4,'2020-11-18 15:50:47','2020-11-18 15:50:47'),(3019,'MYLOS ROASTED RED PEPPERS 6 X 1.5LTRS',24.30,12.15,'MYLOS ROASTED RED PEPPERS 6 X 1.5LTRS',NULL,0.00,NULL,0,1,4,4,'2020-11-18 15:50:48','2020-11-18 15:50:48'),(3020,'NESTOS VINE LEAVES IN JARS 6 X 1L',35.95,17.98,'NESTOS VINE LEAVES IN JARS 6 X 1L',NULL,0.00,NULL,0,1,4,4,'2020-11-18 15:50:48','2020-11-18 15:50:48'),(3021,'NESTOS BEETROOT IN JARS 12 X 720ML',28.50,14.25,'NESTOS BEETROOT IN JARS 12 X 720ML',NULL,0.00,NULL,0,1,4,4,'2020-11-18 15:50:48','2020-11-18 15:50:48'),(3022,'NESTOS ROASTED EGGPLANT PUREE IN JARS 12 X 500 ML',34.95,17.48,'NESTOS ROASTED EGGPLANT PUREE IN JARS 12 X 500 ML',NULL,0.00,NULL,0,1,4,4,'2020-11-18 15:50:48','2020-11-18 15:50:48'),(3023,'NESTOS ROASTED RED PEPPERS 4 X 4.3 LTR',44.10,22.05,'NESTOS ROASTED RED PEPPERS 4 X 4.3 LTR',NULL,0.00,NULL,0,1,4,4,'2020-11-18 15:50:48','2020-11-18 15:50:48'),(3024,'7 DAYS CROISSANT SINGLE SERVE CHOCOLATE 4 x 6 X 75 GR',18.90,9.45,'7 DAYS CROISSANT SINGLE SERVE CHOCOLATE 4 x 6 X 75 GR',NULL,0.00,NULL,0,1,4,4,'2020-11-18 15:50:49','2020-11-18 15:50:49'),(3025,'7 DAYS CROISSANT SINGLE SERVE VANILLA 4 x 6 X 75 GR',18.90,9.45,'7 DAYS CROISSANT SINGLE SERVE VANILLA 4 x 6 X 75 GR',NULL,0.00,NULL,0,1,4,4,'2020-11-18 15:50:49','2020-11-18 15:50:49'),(3026,'7 DAYS CROISSANT SINGLE SERVE STRAWBERRY & VANILLA 4 x 6 X 75 GR',18.90,9.45,'7 DAYS CROISSANT SINGLE SERVE STRAWBERRY & VANILLA 4 x 6 X 75 GR',NULL,0.00,NULL,0,1,4,4,'2020-11-18 15:50:49','2020-11-18 15:50:49'),(3027,'AGRINO CINNAMON RICE CAKES 12 X 115 G',21.00,10.50,'AGRINO CINNAMON RICE CAKES 12 X 115 G',NULL,0.00,NULL,0,1,4,4,'2020-11-18 15:50:49','2020-11-18 15:50:49'),(3028,'AGRINO CORN CAKES 12 X 120 G',21.00,10.50,'AGRINO CORN CAKES 12 X 120 G',NULL,0.00,NULL,0,1,4,4,'2020-11-18 15:50:49','2020-11-18 15:50:49'),(3029,'AGRINO LIGHTLY SALTED RICE CAKES 12 X 100 G',21.00,10.50,'AGRINO LIGHTLY SALTED RICE CAKES 12 X 100 G',NULL,0.00,NULL,0,1,4,4,'2020-11-18 15:50:50','2020-11-18 15:50:50'),(3030,'AGRINO MULTIGRAIN RICE CAKES 12 X 100 G',21.00,10.50,'AGRINO MULTIGRAIN RICE CAKES 12 X 100 G',NULL,0.00,NULL,0,1,4,4,'2020-11-18 15:50:50','2020-11-18 15:50:50'),(3031,'AGRINO OREGANO RICE CAKES 12 X 110 G',21.00,10.50,'AGRINO OREGANO RICE CAKES 12 X 110 G',NULL,0.00,NULL,0,1,4,4,'2020-11-18 15:50:50','2020-11-18 15:50:50'),(3032,'MR. PUFFS CHOCOLATE HAZELNUT SPREAD 6 X 725 G',28.50,14.25,'MR. PUFFS CHOCOLATE HAZELNUT SPREAD 6 X 725 G',NULL,0.00,NULL,0,1,4,4,'2020-11-18 15:50:50','2020-11-18 15:50:50'),(3033,'7DAYS CROISSANT COCOA (12 X 6 X 60GR)',30.00,15.00,'7DAYS CROISSANT COCOA (12 X 6 X 60GR)',NULL,0.00,NULL,0,1,4,4,'2020-11-18 15:50:50','2020-11-18 15:50:50'),(3034,'7DAYS CROISSANT CARAMEL (12 X 6 X 60 GR)',30.00,15.00,'7DAYS CROISSANT CARAMEL (12 X 6 X 60 GR)',NULL,0.00,NULL,0,1,4,4,'2020-11-18 15:50:50','2020-11-18 15:50:50'),(3035,'7D CROISSANT CHOCOLATE 8 X 185GR)',12.55,6.28,'7D CROISSANT CHOCOLATE 8 X 185GR)',NULL,0.00,NULL,0,1,4,4,'2020-11-18 15:50:51','2020-11-18 15:50:51'),(3036,'7D CROISSANT MILLEFEUILLE 8 X 185GR)',12.55,6.28,'7D CROISSANT MILLEFEUILLE 8 X 185GR)',NULL,0.00,NULL,0,1,4,4,'2020-11-18 15:50:51','2020-11-18 15:50:51'),(3037,'OUZO CANDIES- 20X250 GR',40.00,20.00,'OUZO CANDIES- 20X250 GR',NULL,0.00,NULL,0,1,4,4,'2020-11-18 15:50:51','2020-11-18 15:50:51'),(3038,'DIOTERRA SUNDRIED FIGS 24 X 285 G',100.80,50.40,'DIOTERRA SUNDRIED FIGS 24 X 285 G',NULL,0.00,NULL,0,1,4,4,'2020-11-18 15:50:51','2020-11-18 15:50:51'),(3039,'DIOTERRA SULTANA RAISINS 24 X 200 G',60.00,30.00,'DIOTERRA SULTANA RAISINS 24 X 200 G',NULL,0.00,NULL,0,1,4,4,'2020-11-18 15:50:51','2020-11-18 15:50:51'),(3040,'DIOTERRA VOSTIZZA CURRANTS 24 X 200 G',60.00,30.00,'DIOTERRA VOSTIZZA CURRANTS 24 X 200 G',NULL,0.00,NULL,0,1,4,4,'2020-11-18 15:50:52','2020-11-18 15:50:52'),(3041,'MISKO BOWS #83 12 500GR',19.20,9.60,'MISKO BOWS #83 12 500GR',NULL,0.00,NULL,0,1,4,4,'2020-11-18 15:50:52','2020-11-18 15:50:52'),(3042,'MISKO CANNELLONI 12 X 250GR',19.20,9.60,'MISKO CANNELLONI 12 X 250GR',NULL,0.00,NULL,0,1,4,4,'2020-11-18 15:50:52','2020-11-18 15:50:52'),(3043,'MISKO-CHILOPITAKI 12 X 500GR',25.20,12.60,'MISKO-CHILOPITAKI 12 X 500GR',NULL,0.00,NULL,0,1,4,4,'2020-11-18 15:50:52','2020-11-18 15:50:52'),(3044,'MISKO CHILOPITES METSOVOU 12 X 500GR',25.20,12.60,'MISKO CHILOPITES METSOVOU 12 X 500GR',NULL,0.00,NULL,0,1,4,4,'2020-11-18 15:50:52','2020-11-18 15:50:52'),(3045,'MISKO CORALI #72 12 X 500GR',19.20,9.60,'MISKO CORALI #72 12 X 500GR',NULL,0.00,NULL,0,1,4,4,'2020-11-18 15:50:53','2020-11-18 15:50:53'),(3046,'MISKO COUSCOUSAKI #60 12 X 500G 500G (5201010144608)',19.20,9.60,'MISKO COUSCOUSAKI #60 12 X 500G 500G (5201010144608)',NULL,0.00,NULL,0,1,4,4,'2020-11-18 15:50:53','2020-11-18 15:50:53'),(3047,'MISKO LASAGNE 24 X 500GR(5201010 103117)',38.40,19.20,'MISKO LASAGNE 24 X 500GR(5201010 103117)',NULL,0.00,NULL,0,1,4,4,'2020-11-18 15:50:53','2020-11-18 15:50:53'),(3048,'MISKO MACARONI #2 24 X 500GR..(5201010103025)',38.40,19.20,'MISKO MACARONI #2 24 X 500GR..(5201010103025)',NULL,0.00,NULL,0,1,4,4,'2020-11-18 15:50:53','2020-11-18 15:50:53'),(3049,'MISKO MACARONI #3 24 X 500GR',38.40,19.20,'MISKO MACARONI #3 24 X 500GR',NULL,0.00,NULL,0,1,4,4,'2020-11-18 15:50:53','2020-11-18 15:50:53'),(3050,'MISKOMACARONI #5 24 X 500GR(5201010103056)',38.40,19.20,'MISKOMACARONI #5 24 X 500GR(5201010103056)',NULL,0.00,NULL,0,1,4,4,'2020-11-18 15:50:53','2020-11-18 15:50:53'),(3051,'MISKO THIN NOODLES #13 20 X 250GR (FIDES)(05201010009860)',25.20,12.60,'MISKO THIN NOODLES #13 20 X 250GR (FIDES)(05201010009860)',NULL,0.00,NULL,0,1,4,4,'2020-11-18 15:50:54','2020-11-18 15:50:54'),(3052,'MISKO PENNE #81 12 X 500GR(5201010 001505)',19.20,9.60,'MISKO PENNE #81 12 X 500GR(5201010 001505)',NULL,0.00,NULL,0,1,4,4,'2020-11-18 15:50:54','2020-11-18 15:50:54'),(3053,'MISKO PEPONAKI #58 12 X 500GR (5201010144585)',19.20,9.60,'MISKO PEPONAKI #58 12 X 500GR (5201010144585)',NULL,0.00,NULL,0,1,4,4,'2020-11-18 15:50:54','2020-11-18 15:50:54'),(3054,'MISKO RISONI LARGE #51 20 X 500GR (KRITHARAKI) (05201010000195)',32.00,16.00,'MISKO RISONI LARGE #51 20 X 500GR (KRITHARAKI) (05201010000195)',NULL,0.00,NULL,0,1,4,4,'2020-11-18 15:50:54','2020-11-18 15:50:54'),(3055,'MISKO SEMOLINA THICK 12 X 400GR(5201010 000843)',19.20,9.60,'MISKO SEMOLINA THICK 12 X 400GR(5201010 000843)',NULL,0.00,NULL,0,1,4,4,'2020-11-18 15:50:54','2020-11-18 15:50:54'),(3056,'MISKO SEMOLINA THIN 12 X 400GR(5201010 000829)',19.20,9.60,'MISKO SEMOLINA THIN 12 X 400GR(5201010 000829)',NULL,0.00,NULL,0,1,4,4,'2020-11-18 15:50:55','2020-11-18 15:50:55'),(3057,'MISKO SESAME SOUSAMAKI #62 12 X 500GR',19.20,9.60,'MISKO SESAME SOUSAMAKI #62 12 X 500GR',NULL,0.00,NULL,0,1,4,4,'2020-11-18 15:50:55','2020-11-18 15:50:55'),(3058,'MISKO SPAGHETTINI # 10 24 X 500GR(5201010 103100)',38.40,19.20,'MISKO SPAGHETTINI # 10 24 X 500GR(5201010 103100)',NULL,0.00,NULL,0,1,4,4,'2020-11-18 15:50:55','2020-11-18 15:50:55'),(3059,'MISKO SPAGHETTI #6 (24 X 500GR)..(05201010009808)',38.40,19.20,'MISKO SPAGHETTI #6 (24 X 500GR)..(05201010009808)',NULL,0.00,NULL,0,1,4,4,'2020-11-18 15:50:55','2020-11-18 15:50:55'),(3060,'MISKO STARS #59 12 X 500G..(5201010144592)',19.20,9.60,'MISKO STARS #59 12 X 500G..(5201010144592)',NULL,0.00,NULL,0,1,4,4,'2020-11-18 15:50:55','2020-11-18 15:50:55'),(3061,'MISKO TUBETTI #55 12 X 500GR',19.20,9.60,'MISKO TUBETTI #55 12 X 500GR',NULL,0.00,NULL,0,1,4,4,'2020-11-18 15:50:56','2020-11-18 15:50:56'),(3062,'MISKO FUSILLI TWIRLS #77 12 X 500GR..(0520101000331)',19.20,9.60,'MISKO FUSILLI TWIRLS #77 12 X 500GR..(0520101000331)',NULL,0.00,NULL,0,1,4,4,'2020-11-18 15:50:56','2020-11-18 15:50:56'),(3063,'MISKO GNOCCI 12 X 500GR',19.20,9.60,'MISKO GNOCCI 12 X 500GR',NULL,0.00,NULL,0,1,4,4,'2020-11-18 15:50:56','2020-11-18 15:50:56'),(3064,'MISKO CHEESE TORTELLINI 20 X 250 G',50.00,25.00,'MISKO CHEESE TORTELLINI 20 X 250 G',NULL,0.00,NULL,0,1,4,4,'2020-11-18 15:50:56','2020-11-18 15:50:56'),(3065,'MISKO RIGATONI #71 12 X 500GR',19.20,9.60,'MISKO RIGATONI #71 12 X 500GR',NULL,0.00,NULL,0,1,4,4,'2020-11-18 15:50:57','2020-11-18 15:50:57'),(3066,'MISKO SHELLS 12 X 500GR',19.20,9.60,'MISKO SHELLS 12 X 500GR',NULL,0.00,NULL,0,1,4,4,'2020-11-18 15:50:57','2020-11-18 15:50:57'),(3067,'MISKO TAGLIATELIE (10 X 500GR)',21.00,10.50,'MISKO TAGLIATELIE (10 X 500GR)',NULL,0.00,NULL,0,1,4,4,'2020-11-18 15:50:57','2020-11-18 15:50:57'),(3068,'MISKO WHOLE WHEAT SPAGHETTI 6 (24X500GR)',38.40,19.20,'MISKO WHOLE WHEAT SPAGHETTI 6 (24X500GR)',NULL,0.00,NULL,0,1,4,4,'2020-11-18 15:50:57','2020-11-18 15:50:57'),(3069,'MISKO KRITHARAKI GOLD LINE (12X500GR)',19.20,9.60,'MISKO KRITHARAKI GOLD LINE (12X500GR)',NULL,0.00,NULL,0,1,4,4,'2020-11-18 15:50:57','2020-11-18 15:50:57'),(3070,'MISKO GOLD LINE SPAGHETTI (24X500GR)',38.40,19.20,'MISKO GOLD LINE SPAGHETTI (24X500GR)',NULL,0.00,NULL,0,1,4,4,'2020-11-18 15:50:58','2020-11-18 15:50:58'),(3071,'MISKO WHOLE WHEAT SPAGHETTINI#10  (24X500GR)',38.40,19.20,'MISKO WHOLE WHEAT SPAGHETTINI#10  (24X500GR)',NULL,0.00,NULL,0,1,4,4,'2020-11-18 15:50:58','2020-11-18 15:50:58'),(3072,'MISKO GOLD LINE MACARONI #2 PASTITSIO (18X500GR)',28.80,14.40,'MISKO GOLD LINE MACARONI #2 PASTITSIO (18X500GR)',NULL,0.00,NULL,0,1,4,4,'2020-11-18 15:50:58','2020-11-18 15:50:58'),(3073,'MISKO WHOLE WHEAT TWIRLS 12 X 500G',19.20,9.60,'MISKO WHOLE WHEAT TWIRLS 12 X 500G',NULL,0.00,NULL,0,1,4,4,'2020-11-18 15:50:58','2020-11-18 15:50:58'),(3074,'MISKO WHOLE WHEAT LINGUINI 24 X 500 G',38.40,19.20,'MISKO WHOLE WHEAT LINGUINI 24 X 500 G',NULL,0.00,NULL,0,1,4,4,'2020-11-18 15:50:59','2020-11-18 15:50:59'),(3075,'MISKO WHOLE WHEAT PENNE RIGATE 12 X 500 G',19.20,9.60,'MISKO WHOLE WHEAT PENNE RIGATE 12 X 500 G',NULL,0.00,NULL,0,1,4,4,'2020-11-18 15:50:59','2020-11-18 15:50:59'),(3076,'MISKO WHOLE WHEAT RISONI 12 X 500 G',19.20,9.60,'MISKO WHOLE WHEAT RISONI 12 X 500 G',NULL,0.00,NULL,0,1,4,4,'2020-11-18 15:50:59','2020-11-18 15:50:59'),(3077,'MISKO WHOLE WHEAT KOFTO TUBETTI 12 X 500G',19.20,9.60,'MISKO WHOLE WHEAT KOFTO TUBETTI 12 X 500G',NULL,0.00,NULL,0,1,4,4,'2020-11-18 15:50:59','2020-11-18 15:50:59'),(3078,'MISKO CUT/FIDES NOODLES 12 X 500GR',19.20,9.60,'MISKO CUT/FIDES NOODLES 12 X 500GR',NULL,0.00,NULL,0,1,4,4,'2020-11-18 15:50:59','2020-11-18 15:50:59'),(3079,'TOMADIMI PASTA - 9 X 500G.',5.40,2.70,'TOMADIMI PASTA - 9 X 500G.',NULL,0.00,NULL,0,1,4,4,'2020-11-18 15:51:00','2020-11-18 15:51:00'),(3080,'CRETAN HOUSE PASTA - SWEET TRAHANAS 24 X 500 G',66.00,33.00,'CRETAN HOUSE PASTA - SWEET TRAHANAS 24 X 500 G',NULL,0.00,NULL,0,1,4,4,'2020-11-18 15:51:00','2020-11-18 15:51:00'),(3081,'CRETAN HOUSE PASTA - SOUR TRAHANAS 24 X 500 G',66.00,33.00,'CRETAN HOUSE PASTA - SOUR TRAHANAS 24 X 500 G',NULL,0.00,NULL,0,1,4,4,'2020-11-18 15:51:00','2020-11-18 15:51:00'),(3082,'CRETAN HOUSE PASTA - THIN CHILOPITES 15 X 500 G',41.25,20.63,'CRETAN HOUSE PASTA - THIN CHILOPITES 15 X 500 G',NULL,0.00,NULL,0,1,4,4,'2020-11-18 15:51:00','2020-11-18 15:51:00'),(3083,'CRETAN HOUSE PASTA - CHILOPITES GOURMAND 12 X 500 G',33.00,16.50,'CRETAN HOUSE PASTA - CHILOPITES GOURMAND 12 X 500 G',NULL,0.00,NULL,0,1,4,4,'2020-11-18 15:51:00','2020-11-18 15:51:00'),(3084,'CRETAN HOUSE PASTA - SKIOUFIKTA 16 X 500 G',44.00,22.00,'CRETAN HOUSE PASTA - SKIOUFIKTA 16 X 500 G',NULL,0.00,NULL,0,1,4,4,'2020-11-18 15:51:01','2020-11-18 15:51:01'),(3085,'ARISTON-WHITE KIDNEY BEANS 12X750GR',26.95,13.48,'ARISTON-WHITE KIDNEY BEANS 12X750GR',NULL,0.00,NULL,0,1,4,4,'2020-11-18 15:51:01','2020-11-18 15:51:01'),(3086,'ARISTON-LIGHT RED KIDNEY BEANS 12X750 GR',23.95,11.98,'ARISTON-LIGHT RED KIDNEY BEANS 12X750 GR',NULL,0.00,NULL,0,1,4,4,'2020-11-18 15:51:01','2020-11-18 15:51:01'),(3087,'ARISTON-NAVY BEANS 12X750GR',19.95,9.98,'ARISTON-NAVY BEANS 12X750GR',NULL,0.00,NULL,0,1,4,4,'2020-11-18 15:51:01','2020-11-18 15:51:01'),(3088,'ARISTON-CHICK PEAS 12X750GR',34.95,17.48,'ARISTON-CHICK PEAS 12X750GR',NULL,0.00,NULL,0,1,4,4,'2020-11-18 15:51:02','2020-11-18 15:51:02'),(3089,'ARISTON-EASTON SMALL GREEN LENTILS 12X750GR',21.60,10.80,'ARISTON-EASTON SMALL GREEN LENTILS 12X750GR',NULL,0.00,NULL,0,1,4,4,'2020-11-18 15:51:02','2020-11-18 15:51:02'),(3090,'ARISTON-GREEN LAIRD LENTILS #1 12X750GR',21.60,10.80,'ARISTON-GREEN LAIRD LENTILS #1 12X750GR',NULL,0.00,NULL,0,1,4,4,'2020-11-18 15:51:02','2020-11-18 15:51:02'),(3091,'ARISTON-BLACK EYE BEANS 12X750GR',27.00,13.50,'ARISTON-BLACK EYE BEANS 12X750GR',NULL,0.00,NULL,0,1,4,4,'2020-11-18 15:51:03','2020-11-18 15:51:03'),(3092,'ARISTON-JUMBO LIMA BEANS 12X750GR',54.00,27.00,'ARISTON-JUMBO LIMA BEANS 12X750GR',NULL,0.00,NULL,0,1,4,4,'2020-11-18 15:51:03','2020-11-18 15:51:03'),(3093,'ARISTON-PARBOILED LONG GRAIN RICE 12X750GR',14.95,7.48,'ARISTON-PARBOILED LONG GRAIN RICE 12X750GR',NULL,0.00,NULL,0,1,4,4,'2020-11-18 15:51:03','2020-11-18 15:51:03'),(3094,'ARISTON-ITALIAN STYLE RICE 12X750GR',22.00,11.00,'ARISTON-ITALIAN STYLE RICE 12X750GR',NULL,0.00,NULL,0,1,4,4,'2020-11-18 15:51:03','2020-11-18 15:51:03'),(3095,'ARISTON-PEARLED SOFT WHEAT 12X750GR',17.00,8.50,'ARISTON-PEARLED SOFT WHEAT 12X750GR',NULL,0.00,NULL,0,1,4,4,'2020-11-18 15:51:03','2020-11-18 15:51:03'),(3096,'DANOUZA XENOHONDRO TRADITIONAL SOUR FRUMENTY 12 X 500 GR',60.00,30.00,'DANOUZA XENOHONDRO TRADITIONAL SOUR FRUMENTY 12 X 500 GR',NULL,0.00,NULL,0,1,4,4,'2020-11-18 15:51:04','2020-11-18 15:51:04'),(3097,'AGRINO EXOTIC BASMATI RICE FROM INDIA 12 X 500G',36.00,18.00,'AGRINO EXOTIC BASMATI RICE FROM INDIA 12 X 500G',NULL,0.00,NULL,0,1,4,4,'2020-11-18 15:51:04','2020-11-18 15:51:04'),(3098,'AGRINO EXOTIC JASMINE RICE FROM THAILAND 12 X 500G',36.00,18.00,'AGRINO EXOTIC JASMINE RICE FROM THAILAND 12 X 500G',NULL,0.00,NULL,0,1,4,4,'2020-11-18 15:51:04','2020-11-18 15:51:04'),(3099,'AGRINO EXOTIC ARBORIO RICE FROM ITALY 12 X 500G',36.00,18.00,'AGRINO EXOTIC ARBORIO RICE FROM ITALY 12 X 500G',NULL,0.00,NULL,0,1,4,4,'2020-11-18 15:51:04','2020-11-18 15:51:04'),(3100,'AGRINO EXOTIC WILD RICE FROM THE USA (WITH GREEK PARBOILED) 12 X 500G',39.00,19.50,'AGRINO EXOTIC WILD RICE FROM THE USA (WITH GREEK PARBOILED) 12 X 500G',NULL,0.00,NULL,0,1,4,4,'2020-11-18 15:51:05','2020-11-18 15:51:05'),(3101,'AGRINO GREEK PARBOILED BROWN RICE 12 X 500G',39.00,19.50,'AGRINO GREEK PARBOILED BROWN RICE 12 X 500G',NULL,0.00,NULL,0,1,4,4,'2020-11-18 15:51:05','2020-11-18 15:51:05'),(3102,'AGRINO GREEK LEMON RISOTTO 10 X 200 G',30.00,15.00,'AGRINO GREEK LEMON RISOTTO 10 X 200 G',NULL,0.00,NULL,0,1,4,4,'2020-11-18 15:51:05','2020-11-18 15:51:05'),(3103,'AGRINO GREEK WILD MUSHROOM RISOTTO 10 X 200 G',30.00,15.00,'AGRINO GREEK WILD MUSHROOM RISOTTO 10 X 200 G',NULL,0.00,NULL,0,1,4,4,'2020-11-18 15:51:06','2020-11-18 15:51:06'),(3104,'AGRINO GREEK RED SAFFRON RISOTTO 10 X 200 G',30.00,15.00,'AGRINO GREEK RED SAFFRON RISOTTO 10 X 200 G',NULL,0.00,NULL,0,1,4,4,'2020-11-18 15:51:07','2020-11-18 15:51:07'),(3105,'AGRINO GREEK HERBS & TOMATO RISOTTO 10 X 200 G',30.00,15.00,'AGRINO GREEK HERBS & TOMATO RISOTTO 10 X 200 G',NULL,0.00,NULL,0,1,4,4,'2020-11-18 15:51:07','2020-11-18 15:51:07'),(3106,'AGRINO -RICE SOUPE (12X500GR)',31.45,15.73,'AGRINO -RICE SOUPE (12X500GR)',NULL,0.00,NULL,0,1,4,4,'2020-11-18 15:51:07','2020-11-18 15:51:07'),(3107,'AGRINO -RICE FANCY (12X500GR)',31.45,15.73,'AGRINO -RICE FANCY (12X500GR)',NULL,0.00,NULL,0,1,4,4,'2020-11-18 15:51:07','2020-11-18 15:51:07'),(3108,'AGRINO -RICE FINO (12X500GR)',31.45,15.73,'AGRINO -RICE FINO (12X500GR)',NULL,0.00,NULL,0,1,4,4,'2020-11-18 15:51:08','2020-11-18 15:51:08'),(3109,'AGRINO -BEANS MEDIUM(12X500GR)',33.55,16.78,'AGRINO -BEANS MEDIUM(12X500GR)',NULL,0.00,NULL,0,1,4,4,'2020-11-18 15:51:08','2020-11-18 15:51:08'),(3110,'AGRINO -BLACKEYED BEANS (12X500GR)',33.55,16.78,'AGRINO -BLACKEYED BEANS (12X500GR)',NULL,0.00,NULL,0,1,4,4,'2020-11-18 15:51:08','2020-11-18 15:51:08'),(3111,'AGRINO -CRANBERRY BEANS(12X500GR)',33.55,16.78,'AGRINO -CRANBERRY BEANS(12X500GR)',NULL,0.00,NULL,0,1,4,4,'2020-11-18 15:51:08','2020-11-18 15:51:08'),(3112,'AGRINO -FINE LENTILS(12X500GR)',30.40,15.20,'AGRINO -FINE LENTILS(12X500GR)',NULL,0.00,NULL,0,1,4,4,'2020-11-18 15:51:08','2020-11-18 15:51:08'),(3113,'AGRINO -CHICKPEAS (12X500GR)',36.70,18.35,'AGRINO -CHICKPEAS (12X500GR)',NULL,0.00,NULL,0,1,4,4,'2020-11-18 15:51:09','2020-11-18 15:51:09'),(3114,'MISKO BASIL, WINE AND THYME PASTA SAUCE 6 X 500 G',19.80,9.90,'MISKO BASIL, WINE AND THYME PASTA SAUCE 6 X 500 G',NULL,0.00,NULL,0,1,4,4,'2020-11-18 15:51:09','2020-11-18 15:51:09'),(3115,'WHITE GIANT BEANS PGI from KASTORIA (12x500GR)',73.45,36.73,'WHITE GIANT BEANS PGI from KASTORIA (12x500GR)',NULL,0.00,NULL,0,1,4,4,'2020-11-18 15:51:09','2020-11-18 15:51:09'),(3116,'WHEAT DEHUSKED from LIMNOS-GR (12x500GR)',23.05,11.53,'WHEAT DEHUSKED from LIMNOS-GR (12x500GR)',NULL,0.00,NULL,0,1,4,4,'2020-11-18 15:51:09','2020-11-18 15:51:09'),(3117,'MISKO PEPPERS & OLIVES PASTA SAUCE 6 X 500 G',19.80,9.90,'MISKO PEPPERS & OLIVES PASTA SAUCE 6 X 500 G',NULL,0.00,NULL,0,1,4,4,'2020-11-18 15:51:09','2020-11-18 15:51:09'),(3118,'FAVA PGI from FENEOS (12x500GR)',44.10,22.05,'FAVA PGI from FENEOS (12x500GR)',NULL,0.00,NULL,0,1,4,4,'2020-11-18 15:51:10','2020-11-18 15:51:10'),(3119,'7DAYS BIG TYROPITA 5 X 1KG',31.50,15.75,'7DAYS BIG TYROPITA 5 X 1KG',NULL,0.00,NULL,0,1,4,4,'2020-11-18 15:51:10','2020-11-18 15:51:10'),(3120,'7DAYS BIG SPANAKOPITA 5 X 1KG',31.50,15.75,'7DAYS BIG SPANAKOPITA 5 X 1KG',NULL,0.00,NULL,0,1,4,4,'2020-11-18 15:51:10','2020-11-18 15:51:10'),(3121,'7DAYS MINI ROLLINI SPANAKOPITA 6 X 1KG',37.80,18.90,'7DAYS MINI ROLLINI SPANAKOPITA 6 X 1KG',NULL,0.00,NULL,0,1,4,4,'2020-11-18 15:51:10','2020-11-18 15:51:10'),(3122,'7DAYS MINI ROLLINI TYROPITA 6 X 1KG',37.80,18.90,'7DAYS MINI ROLLINI TYROPITA 6 X 1KG',NULL,0.00,NULL,0,1,4,4,'2020-11-18 15:51:11','2020-11-18 15:51:11'),(3123,'7DAYS MINI TWISTS SPANAKOPITA 6 X 1KG',37.80,18.90,'7DAYS MINI TWISTS SPANAKOPITA 6 X 1KG',NULL,0.00,NULL,0,1,4,4,'2020-11-18 15:51:11','2020-11-18 15:51:11'),(3124,'7DAYS MINI TWISTS TYROPITA 6 X 1KG',37.80,18.90,'7DAYS MINI TWISTS TYROPITA 6 X 1KG',NULL,0.00,NULL,0,1,4,4,'2020-11-18 15:51:11','2020-11-18 15:51:11'),(3125,'7DAYS HOMEMADE PHILADELPHIA PIE 45X200GR',67.50,33.75,'7DAYS HOMEMADE PHILADELPHIA PIE 45X200GR',NULL,0.00,NULL,0,1,4,4,'2020-11-18 15:51:11','2020-11-18 15:51:11'),(3126,'7DAYS GREEK PITA BREAD (12 X 750GR)',25.99,13.00,'7DAYS GREEK PITA BREAD (12 X 750GR)',NULL,0.00,NULL,0,1,4,4,'2020-11-18 15:51:11','2020-11-18 15:51:11'),(3127,'7DAYS SINGLE PORTION BOUGATSA 40X220GR',42.00,21.00,'7DAYS SINGLE PORTION BOUGATSA 40X220GR',NULL,0.00,NULL,0,1,4,4,'2020-11-18 15:51:12','2020-11-18 15:51:12'),(3128,'7DAYS FILO PASTRY MEDIUM 12 X 450GR',26.95,13.48,'7DAYS FILO PASTRY MEDIUM 12 X 450GR',NULL,0.00,NULL,0,1,4,4,'2020-11-18 15:51:12','2020-11-18 15:51:12'),(3129,'7DAYS FILO PASTRY EXTRA FINE FOR SWEET PIES 12 X 450GR',26.95,13.48,'7DAYS FILO PASTRY EXTRA FINE FOR SWEET PIES 12 X 450GR',NULL,0.00,NULL,0,1,4,4,'2020-11-18 15:51:12','2020-11-18 15:51:12'),(3130,'7DAYS SINGLE PORTION TYROPITA..40 X 220GR',46.20,23.10,'7DAYS SINGLE PORTION TYROPITA..40 X 220GR',NULL,0.00,NULL,0,1,4,4,'2020-11-18 15:51:12','2020-11-18 15:51:12'),(3131,'7DAYS SINGLE PORTION SPANAKOPITA..40 X 220GR',46.20,23.10,'7DAYS SINGLE PORTION SPANAKOPITA..40 X 220GR',NULL,0.00,NULL,0,1,4,4,'2020-11-18 15:51:12','2020-11-18 15:51:12'),(3132,'7DAYS KOULOURI ROUND MITZITHRA 35X200GR',38.50,19.25,'7DAYS KOULOURI ROUND MITZITHRA 35X200GR',NULL,0.00,NULL,0,1,4,4,'2020-11-18 15:51:13','2020-11-18 15:51:13'),(3133,'7DAYS BOUGATSA 8 X 850GR',47.95,23.98,'7DAYS BOUGATSA 8 X 850GR',NULL,0.00,NULL,0,1,4,4,'2020-11-18 15:51:13','2020-11-18 15:51:13'),(3134,'MINI TRIANGLES WITH MIZITHRA CHEESE (6KGS)',44.95,22.48,'MINI TRIANGLES WITH MIZITHRA CHEESE (6KGS)',NULL,0.00,NULL,0,1,4,4,'2020-11-18 15:51:13','2020-11-18 15:51:13'),(3135,'7DAYS ROUND THESSALONIKI KOULOURI 50 X 95G',29.40,14.70,'7DAYS ROUND THESSALONIKI KOULOURI 50 X 95G',NULL,0.00,NULL,0,1,4,4,'2020-11-18 15:51:13','2020-11-18 15:51:13'),(3136,'7DAYS KOULOURI ROUND WITH HALVA 35X200GR',42.00,21.00,'7DAYS KOULOURI ROUND WITH HALVA 35X200GR',NULL,0.00,NULL,0,1,4,4,'2020-11-18 15:51:13','2020-11-18 15:51:13'),(3137,'7DAYS KOULOURI WHOLEGRAIN ROUND 50X95GR',39.40,19.70,'7DAYS KOULOURI WHOLEGRAIN ROUND 50X95GR',NULL,0.00,NULL,0,1,4,4,'2020-11-18 15:51:13','2020-11-18 15:51:13'),(3138,'7DAYS FILO CHEESE PIE 6 X 850G',37.80,18.90,'7DAYS FILO CHEESE PIE 6 X 850G',NULL,0.00,NULL,0,1,4,4,'2020-11-18 15:51:14','2020-11-18 15:51:14'),(3139,'7DAYS FILO SPINACH PIE 6 X 850G',37.80,18.90,'7DAYS FILO SPINACH PIE 6 X 850G',NULL,0.00,NULL,0,1,4,4,'2020-11-18 15:51:14','2020-11-18 15:51:14'),(3140,'7DAYS FILO ROLLINI CHEESE 12 X 450G',37.80,18.90,'7DAYS FILO ROLLINI CHEESE 12 X 450G',NULL,0.00,NULL,0,1,4,4,'2020-11-18 15:51:14','2020-11-18 15:51:14'),(3141,'7DAYS FILO ROLLINI SPINACH 12 X 450G',37.80,18.90,'7DAYS FILO ROLLINI SPINACH 12 X 450G',NULL,0.00,NULL,0,1,4,4,'2020-11-18 15:51:14','2020-11-18 15:51:14'),(3142,'7DAYS TRIANGLE PIE WITH SPINACH-MITZITHRA-FETA CHEESE 40 X 220 GR',46.20,23.10,'7DAYS TRIANGLE PIE WITH SPINACH-MITZITHRA-FETA CHEESE 40 X 220 GR',NULL,0.00,NULL,0,1,4,4,'2020-11-18 15:51:14','2020-11-18 15:51:14'),(3143,'7DAYS TRIANGLE PIE WITH MITZITHRA-FETA CHEESE 40 X 220 GR',46.20,23.10,'7DAYS TRIANGLE PIE WITH MITZITHRA-FETA CHEESE 40 X 220 GR',NULL,0.00,NULL,0,1,4,4,'2020-11-18 15:51:15','2020-11-18 15:51:15'),(3144,'7DAYS(BOUGATSA)CREAMY SEMOLINA FILO PIE 12 X  450',50.40,25.20,'7DAYS(BOUGATSA)CREAMY SEMOLINA FILO PIE 12 X  450',NULL,0.00,NULL,0,1,4,4,'2020-11-18 15:51:15','2020-11-18 15:51:15'),(3145,'7DAYS(BOUGATSA)PRALINA FILO 12 X 450',50.40,25.20,'7DAYS(BOUGATSA)PRALINA FILO 12 X 450',NULL,0.00,NULL,0,1,4,4,'2020-11-18 15:51:15','2020-11-18 15:51:15'),(3146,'7DAYS MINI TYROPITA TRIANGLES 12X400GR CAN (5201231100773)',42.00,21.00,'7DAYS MINI TYROPITA TRIANGLES 12X400GR CAN (5201231100773)',NULL,0.00,NULL,0,1,4,4,'2020-11-18 15:51:15','2020-11-18 15:51:15'),(3147,'7DAYS MINI SPANAKOPITA TRIANGLES 12X400GR CAN (5201231100780)',42.00,21.00,'7DAYS MINI SPANAKOPITA TRIANGLES 12X400GR CAN (5201231100780)',NULL,0.00,NULL,0,1,4,4,'2020-11-18 15:51:15','2020-11-18 15:51:15'),(3148,'7DAYS FILO PIE SPINACH AND MIZITHRA SQUARE (TRAY) 4X 2.2KG',52.45,26.23,'7DAYS FILO PIE SPINACH AND MIZITHRA SQUARE (TRAY) 4X 2.2KG',NULL,0.00,NULL,0,1,4,4,'2020-11-18 15:51:16','2020-11-18 15:51:16'),(3149,'7DAYS FILO PIE FETA  AND MIZITHRA  SQUARE (TRAY) 4X 2.2KG',52.45,26.23,'7DAYS FILO PIE FETA  AND MIZITHRA  SQUARE (TRAY) 4X 2.2KG',NULL,0.00,NULL,0,1,4,4,'2020-11-18 15:51:16','2020-11-18 15:51:16'),(3150,'7DAYS MINI PUFF PASTRY SPINACH 12X450GR',37.80,18.90,'7DAYS MINI PUFF PASTRY SPINACH 12X450GR',NULL,0.00,NULL,0,1,4,4,'2020-11-18 15:51:16','2020-11-18 15:51:16'),(3151,'7DAYS MINI PUFF PASTRY CHEESE 12X450GR',37.80,18.90,'7DAYS MINI PUFF PASTRY CHEESE 12X450GR',NULL,0.00,NULL,0,1,4,4,'2020-11-18 15:51:16','2020-11-18 15:51:16'),(3152,'7DAYS PUFF PASTRY-SFOLIATA 12X850GR',50.40,25.20,'7DAYS PUFF PASTRY-SFOLIATA 12X850GR',NULL,0.00,NULL,0,1,4,4,'2020-11-18 15:51:16','2020-11-18 15:51:16'),(3153,'7DAYS SESAME GOUDA - KASERI 12X400GR (5201231100858)',42.00,21.00,'7DAYS SESAME GOUDA - KASERI 12X400GR (5201231100858)',NULL,0.00,NULL,0,1,4,4,'2020-11-18 15:51:16','2020-11-18 15:51:16'),(3154,'7DAYS SESAME FETA- OREGANO 12X400GR (5201231100841)',42.00,21.00,'7DAYS SESAME FETA- OREGANO 12X400GR (5201231100841)',NULL,0.00,NULL,0,1,4,4,'2020-11-18 15:51:17','2020-11-18 15:51:17'),(3155,'7DAYS BIG FILO TWIST WITH APPLE 5X1KG',31.50,15.75,'7DAYS BIG FILO TWIST WITH APPLE 5X1KG',NULL,0.00,NULL,0,1,4,4,'2020-11-18 15:51:17','2020-11-18 15:51:17'),(3156,'7 DAYS BAKE IT TWIST SPINACH & CHEESE 8X6X140GR',44.00,22.00,'7 DAYS BAKE IT TWIST SPINACH & CHEESE 8X6X140GR',NULL,0.00,NULL,0,1,4,4,'2020-11-18 15:51:17','2020-11-18 15:51:17'),(3157,'7 DAYS BAKE IT TWIST 4 CHEESES 8X6X140GR',44.00,22.00,'7 DAYS BAKE IT TWIST 4 CHEESES 8X6X140GR',NULL,0.00,NULL,0,1,4,4,'2020-11-18 15:51:17','2020-11-18 15:51:17'),(3158,'7 DAYS BAKE IT TWIST APPLE 8X6X140GR',44.00,22.00,'7 DAYS BAKE IT TWIST APPLE 8X6X140GR',NULL,0.00,NULL,0,1,4,4,'2020-11-18 15:51:18','2020-11-18 15:51:18'),(3159,'7 DAYS BAKE IT TWIST HAZELNUT 8X6X140GR',44.00,22.00,'7 DAYS BAKE IT TWIST HAZELNUT 8X6X140GR',NULL,0.00,NULL,0,1,4,4,'2020-11-18 15:51:18','2020-11-18 15:51:18'),(3160,'7 DAYS MINI FILO TWIST WITH APPLES 6X1KG',37.80,18.90,'7 DAYS MINI FILO TWIST WITH APPLES 6X1KG',NULL,0.00,NULL,0,1,4,4,'2020-11-18 15:51:18','2020-11-18 15:51:18'),(3161,'7 DAYS FILO ROLLINI WITH CREAM PATISSERIE 6X1KG',37.80,18.90,'7 DAYS FILO ROLLINI WITH CREAM PATISSERIE 6X1KG',NULL,0.00,NULL,0,1,4,4,'2020-11-18 15:51:18','2020-11-18 15:51:18'),(3162,'PC BUTTER PUFF PASTRY 12X450GR',30.00,15.00,'PC BUTTER PUFF PASTRY 12X450GR',NULL,0.00,NULL,0,1,4,4,'2020-11-18 15:51:18','2020-11-18 15:51:18'),(3163,'PC PHYLLO PASTRY 12X454GR',21.60,10.80,'PC PHYLLO PASTRY 12X454GR',NULL,0.00,NULL,0,1,4,4,'2020-11-18 15:51:18','2020-11-18 15:51:18'),(3164,'IONIKI SESAME (STICK) WITH CHEESE(40 x 215GR)',42.95,21.48,'IONIKI SESAME (STICK) WITH CHEESE(40 x 215GR)',NULL,0.00,NULL,0,1,4,4,'2020-11-18 15:51:19','2020-11-18 15:51:19'),(3165,'IONIKI EXTRA KASSERI CHEESE (40 x 210GR)',42.95,21.48,'IONIKI EXTRA KASSERI CHEESE (40 x 210GR)',NULL,0.00,NULL,0,1,4,4,'2020-11-18 15:51:19','2020-11-18 15:51:19'),(3166,'IONIKI MINI THESSALONIKI BOUGATSA WITH CHEESE 20 X 530 GR',55.00,27.50,'IONIKI MINI THESSALONIKI BOUGATSA WITH CHEESE 20 X 530 GR',NULL,0.00,NULL,0,1,4,4,'2020-11-18 15:51:19','2020-11-18 15:51:19'),(3167,'IONIKI - BUTTER PUFF PASTRY PIE WITH P.D.O KASSERI CHEESE FROM MYTILENE  35 x 150g',38.50,19.25,'IONIKI - BUTTER PUFF PASTRY PIE WITH P.D.O KASSERI CHEESE FROM MYTILENE  35 x 150g',NULL,0.00,NULL,0,1,4,4,'2020-11-18 15:51:19','2020-11-18 15:51:19'),(3168,'IONIKI MINI THESSALONIKI BOUGATSA WITH SPINACH 20 X 575 GR',55.00,27.50,'IONIKI MINI THESSALONIKI BOUGATSA WITH SPINACH 20 X 575 GR',NULL,0.00,NULL,0,1,4,4,'2020-11-18 15:51:19','2020-11-18 15:51:19'),(3169,'IONIKIROUND KOULOURI WITH CHEESE 35 X 255 GR',49.00,24.50,'IONIKIROUND KOULOURI WITH CHEESE 35 X 255 GR',NULL,0.00,NULL,0,1,4,4,'2020-11-18 15:51:20','2020-11-18 15:51:20'),(3170,'IONIKI KOULOURI WITH TOMATO AND OLIVES (35 x 220gr)',51.45,25.73,'IONIKI KOULOURI WITH TOMATO AND OLIVES (35 x 220gr)',NULL,0.00,NULL,0,1,4,4,'2020-11-18 15:51:20','2020-11-18 15:51:20'),(3171,'IONIKI ROUND KOULOURI WITH HAZELNUT PRALINE (35 x 220gr)',55.13,27.57,'IONIKI ROUND KOULOURI WITH HAZELNUT PRALINE (35 x 220gr)',NULL,0.00,NULL,0,1,4,4,'2020-11-18 15:51:20','2020-11-18 15:51:20'),(3172,'IONIKI BUTTER PUFF PASTRY PIE WITH FETA CHEESE, HONEY AND SESAME(35x155GR)',36.75,18.38,'IONIKI BUTTER PUFF PASTRY PIE WITH FETA CHEESE, HONEY AND SESAME(35x155GR)',NULL,0.00,NULL,0,1,4,4,'2020-11-18 15:51:20','2020-11-18 15:51:20'),(3173,'KANAKI FILO PASTRY (6 x 2KG)',58.80,29.40,'KANAKI FILO PASTRY (6 x 2KG)',NULL,0.00,NULL,0,1,4,4,'2020-11-18 15:51:21','2020-11-18 15:51:21'),(3174,'KANAKI KATAIFI (2 x 5KG)',58.80,29.40,'KANAKI KATAIFI (2 x 5KG)',NULL,0.00,NULL,0,1,4,4,'2020-11-18 15:51:21','2020-11-18 15:51:21'),(3175,'KANAKI EXTRA THIN FILO PASTRY (6 X 2 KG)',56.70,28.35,'KANAKI EXTRA THIN FILO PASTRY (6 X 2 KG)',NULL,0.00,NULL,0,1,4,4,'2020-11-18 15:51:21','2020-11-18 15:51:21'),(3176,'ARABATZIS BIG TWIST SPINACH, MIZITHRA & FETA PIE - 9 x 1 KG',38.25,19.13,'ARABATZIS BIG TWIST SPINACH, MIZITHRA & FETA PIE - 9 x 1 KG',NULL,0.00,NULL,0,1,4,4,'2020-11-18 15:51:21','2020-11-18 15:51:21'),(3177,'ALFA  AUTHENTIC GREEK PITA BREAD - 24 X 800GR',36.00,18.00,'ALFA  AUTHENTIC GREEK PITA BREAD - 24 X 800GR',NULL,0.00,NULL,0,1,4,4,'2020-11-18 15:51:21','2020-11-18 15:51:21'),(3178,'ALFA  AUTHENTIC PITA BREAD - 18 X 800 GR',27.00,13.50,'ALFA  AUTHENTIC PITA BREAD - 18 X 800 GR',NULL,0.00,NULL,0,1,4,4,'2020-11-18 15:51:21','2020-11-18 15:51:21'),(3179,'ARABATZIS BIG TWIST SPINACH, MIZITHRA & FETA CHEESE PIE 6 X 1.5 KG',41.70,20.85,'ARABATZIS BIG TWIST SPINACH, MIZITHRA & FETA CHEESE PIE 6 X 1.5 KG',NULL,0.00,NULL,0,1,4,4,'2020-11-18 15:51:22','2020-11-18 15:51:22'),(3180,'KOLIOS FROZEN CLASSIC 7\'\' GREEK PITA BREAD (12 BAGS)',14.40,7.20,'KOLIOS FROZEN CLASSIC 7\'\' GREEK PITA BREAD (12 BAGS)',NULL,0.00,NULL,0,1,4,4,'2020-11-18 15:51:22','2020-11-18 15:51:22'),(3181,'BAKER MASTER JUMBO PUFF PASTRY PIE WITH FETA CHEESE FILLING 32 X 200 G',32.00,16.00,'BAKER MASTER JUMBO PUFF PASTRY PIE WITH FETA CHEESE FILLING 32 X 200 G',NULL,0.00,NULL,0,1,4,4,'2020-11-18 15:51:22','2020-11-18 15:51:22'),(3182,'BAKER MASTER HANDMADE PUFF PASTRY KASSERI PIE 40 X 175 G',52.00,26.00,'BAKER MASTER HANDMADE PUFF PASTRY KASSERI PIE 40 X 175 G',NULL,0.00,NULL,0,1,4,4,'2020-11-18 15:51:22','2020-11-18 15:51:22'),(3183,'BAKER MASTER HANDMADE PUFF PASTRY VEGETABLE PIE 30 X 205 G',39.00,19.50,'BAKER MASTER HANDMADE PUFF PASTRY VEGETABLE PIE 30 X 205 G',NULL,0.00,NULL,0,1,4,4,'2020-11-18 15:51:22','2020-11-18 15:51:22'),(3184,'BAKER MASTER KOULOURI PUFF PASTRY PIE ANTHOTYRO 30 X 215 G',34.50,17.25,'BAKER MASTER KOULOURI PUFF PASTRY PIE ANTHOTYRO 30 X 215 G',NULL,0.00,NULL,0,1,4,4,'2020-11-18 15:51:23','2020-11-18 15:51:23'),(3185,'BAKER MASTER CROISSANT WITH PRALINE FILLING 50 X 174 G',57.50,28.75,'BAKER MASTER CROISSANT WITH PRALINE FILLING 50 X 174 G',NULL,0.00,NULL,0,1,4,4,'2020-11-18 15:51:23','2020-11-18 15:51:23'),(3186,'-ION 500GR NOISETTA IN BAGS(12 X 500GR)',113.40,56.70,'-ION 500GR NOISETTA IN BAGS(12 X 500GR)',NULL,0.00,NULL,0,1,4,4,'2020-11-18 15:51:23','2020-11-18 15:51:23'),(3187,'ION NUCREMA HAZELNUT COCOA SPREAD 9 X 400 G',24.00,12.00,'ION NUCREMA HAZELNUT COCOA SPREAD 9 X 400 G',NULL,0.00,NULL,0,1,4,4,'2020-11-18 15:51:23','2020-11-18 15:51:23'),(3188,'ION SOKOFRETA CREAM 5 KG',27.00,13.50,'ION SOKOFRETA CREAM 5 KG',NULL,0.00,NULL,0,1,4,4,'2020-11-18 15:51:23','2020-11-18 15:51:23'),(3189,'ION MILK CHOCOLATE WITH WHOLE ALMONDS 5 X 270 GR',32.95,16.48,'ION MILK CHOCOLATE WITH WHOLE ALMONDS 5 X 270 GR',NULL,0.00,NULL,0,1,4,4,'2020-11-18 15:51:24','2020-11-18 15:51:24'),(3190,'ION DARK CHOCOLATE WITH ESPRESSO FILLING 10 X 90 G',17.64,8.82,'ION DARK CHOCOLATE WITH ESPRESSO FILLING 10 X 90 G',NULL,0.00,NULL,0,1,4,4,'2020-11-18 15:51:24','2020-11-18 15:51:24'),(3191,'ION DARK CHOCOLATE WITH ORGANIC ORANGE 10 X 90 G',17.64,8.82,'ION DARK CHOCOLATE WITH ORGANIC ORANGE 10 X 90 G',NULL,0.00,NULL,0,1,4,4,'2020-11-18 15:51:24','2020-11-18 15:51:24'),(3192,'ION DARK CHOCOLATE 70% COCOA 10 X 90GR',17.64,8.82,'ION DARK CHOCOLATE 70% COCOA 10 X 90GR',NULL,0.00,NULL,0,1,4,4,'2020-11-18 15:51:24','2020-11-18 15:51:24'),(3193,'ION SOKOFRETA STEVIA WITH MILK CHOCOLATE 20 X 30GR',12.55,6.28,'ION SOKOFRETA STEVIA WITH MILK CHOCOLATE 20 X 30GR',NULL,0.00,NULL,0,1,4,4,'2020-11-18 15:51:24','2020-11-18 15:51:24'),(3194,'ION SOKOFRETA CREAM 12X380GR',42.00,21.00,'ION SOKOFRETA CREAM 12X380GR',NULL,0.00,NULL,0,1,4,4,'2020-11-18 15:51:24','2020-11-18 15:51:24'),(3195,'ION NUCREMA HAZEL. SPREADCREAM- PATISSERIE 10KG',55.00,27.50,'ION NUCREMA HAZEL. SPREADCREAM- PATISSERIE 10KG',NULL,0.00,NULL,0,1,4,4,'2020-11-18 15:51:25','2020-11-18 15:51:25'),(3196,'ION MILK WITH ALMONDS 10 X 200GR',40.90,20.45,'ION MILK WITH ALMONDS 10 X 200GR',NULL,0.00,NULL,0,1,4,4,'2020-11-18 15:51:25','2020-11-18 15:51:25'),(3197,'ION DARK CLASSIC 10 X 90G',17.64,8.82,'ION DARK CLASSIC 10 X 90G',NULL,0.00,NULL,0,1,4,4,'2020-11-18 15:51:25','2020-11-18 15:51:25'),(3198,'ION DARK WITH ALMONDS SALTED CARAMEL 10 X 90G',17.64,8.82,'ION DARK WITH ALMONDS SALTED CARAMEL 10 X 90G',NULL,0.00,NULL,0,1,4,4,'2020-11-18 15:51:25','2020-11-18 15:51:25'),(3199,'ION MILK CHOCOLATE 10 X 200G',40.90,20.45,'ION MILK CHOCOLATE 10 X 200G',NULL,0.00,NULL,0,1,4,4,'2020-11-18 15:51:25','2020-11-18 15:51:25'),(3200,'ION DARK WITH SUPER FRUITS 10 X 90 GR',17.64,8.82,'ION DARK WITH SUPER FRUITS 10 X 90 GR',NULL,0.00,NULL,0,1,4,4,'2020-11-18 15:51:26','2020-11-18 15:51:26'),(3201,'ION ASSORTED CHOCOLATE COATED ALMONDS 10 X 200 G',42.00,21.00,'ION ASSORTED CHOCOLATE COATED ALMONDS 10 X 200 G',NULL,0.00,NULL,0,1,4,4,'2020-11-18 15:51:26','2020-11-18 15:51:26'),(3202,'ION MILK WITH HAZELNUTS 10 X 200GR',40.90,20.45,'ION MILK WITH HAZELNUTS 10 X 200GR',NULL,0.00,NULL,0,1,4,4,'2020-11-18 15:51:26','2020-11-18 15:51:26'),(3203,'ION DARK CHOCOLATE COATED 10 X 200 G',42.00,21.00,'ION DARK CHOCOLATE COATED 10 X 200 G',NULL,0.00,NULL,0,1,4,4,'2020-11-18 15:51:26','2020-11-18 15:51:26'),(3204,'ION MILK CHOCOLATED COATED ALMONDS 10 X 200 G',42.00,21.00,'ION MILK CHOCOLATED COATED ALMONDS 10 X 200 G',NULL,0.00,NULL,0,1,4,4,'2020-11-18 15:51:26','2020-11-18 15:51:26'),(3205,'ION NOISETTA PRAILINES FANCY BOX 15 X 465 GR',250.00,125.00,'ION NOISETTA PRAILINES FANCY BOX 15 X 465 GR',NULL,0.00,NULL,0,1,4,4,'2020-11-18 15:51:26','2020-11-18 15:51:26'),(3206,'ION MILK CHOCOLATE WITH STEVIA NO ADDED SUGAR 10 X 60G',15.75,7.88,'ION MILK CHOCOLATE WITH STEVIA NO ADDED SUGAR 10 X 60G',NULL,0.00,NULL,0,1,4,4,'2020-11-18 15:51:27','2020-11-18 15:51:27'),(3207,'ION MILK CHOCOLATE WITH STEVIA AND ALMONDS NO ADDED SUGAR (10 X 60G)',15.75,7.88,'ION MILK CHOCOLATE WITH STEVIA AND ALMONDS NO ADDED SUGAR (10 X 60G)',NULL,0.00,NULL,0,1,4,4,'2020-11-18 15:51:27','2020-11-18 15:51:27'),(3208,'ION CHOCOLATE WAFER SOKOFRETA 20 X 38GR',12.55,6.28,'ION CHOCOLATE WAFER SOKOFRETA 20 X 38GR',NULL,0.00,NULL,0,1,4,4,'2020-11-18 15:51:27','2020-11-18 15:51:27'),(3209,'ION MINI SOKOFRETA MILK CHOCOLATE WAFERS 16 X 210GR',58.00,29.00,'ION MINI SOKOFRETA MILK CHOCOLATE WAFERS 16 X 210GR',NULL,0.00,NULL,0,1,4,4,'2020-11-18 15:51:27','2020-11-18 15:51:27'),(3210,'ION SOKOFRETA WAFER WHITE CHOC COVERED 20 X 38GR',12.55,6.28,'ION SOKOFRETA WAFER WHITE CHOC COVERED 20 X 38GR',NULL,0.00,NULL,0,1,4,4,'2020-11-18 15:51:27','2020-11-18 15:51:27'),(3211,'ION SOKOFRETA WAFER GLUTEN FREE 20 X 38GR',12.55,6.28,'ION SOKOFRETA WAFER GLUTEN FREE 20 X 38GR',NULL,0.00,NULL,0,1,4,4,'2020-11-18 15:51:27','2020-11-18 15:51:27'),(3212,'ION DARK WITH STEVA  NO ADDED SUGAR 10 X 60G',15.75,7.88,'ION DARK WITH STEVA  NO ADDED SUGAR 10 X 60G',NULL,0.00,NULL,0,1,4,4,'2020-11-18 15:51:28','2020-11-18 15:51:28'),(3213,'ION DARK CHOC. WITH STEVIA  AND ALMONDS NO ADDED SUGAR 10 X 60G',15.75,7.88,'ION DARK CHOC. WITH STEVIA  AND ALMONDS NO ADDED SUGAR 10 X 60G',NULL,0.00,NULL,0,1,4,4,'2020-11-18 15:51:28','2020-11-18 15:51:28'),(3214,'ION MILK CHCOLATE WITH STEVIA AND HAZELNUTS NO ADDED SUGAR 10 X 60G',15.75,7.88,'ION MILK CHCOLATE WITH STEVIA AND HAZELNUTS NO ADDED SUGAR 10 X 60G',NULL,0.00,NULL,0,1,4,4,'2020-11-18 15:51:28','2020-11-18 15:51:28'),(3215,'ION CHOCOLATE PRALINES \'3 TASTES\' 12 X 270 G',48.00,24.00,'ION CHOCOLATE PRALINES \'3 TASTES\' 12 X 270 G',NULL,0.00,NULL,0,1,4,4,'2020-11-18 15:51:29','2020-11-18 15:51:29'),(3216,'ION MILK CHOCOLATE STICKS 20 X 35 G',14.00,7.00,'ION MILK CHOCOLATE STICKS 20 X 35 G',NULL,0.00,NULL,0,1,4,4,'2020-11-18 15:51:29','2020-11-18 15:51:29'),(3217,'ION MILK CHOCOLATE STICKS WITH ALMONDS  20 X 35 G',14.00,7.00,'ION MILK CHOCOLATE STICKS WITH ALMONDS  20 X 35 G',NULL,0.00,NULL,0,1,4,4,'2020-11-18 15:51:29','2020-11-18 15:51:29'),(3218,'ION MILK CHOCOLATE STICKS WITH HAZELNUTS 20 X 35 G',14.00,7.00,'ION MILK CHOCOLATE STICKS WITH HAZELNUTS 20 X 35 G',NULL,0.00,NULL,0,1,4,4,'2020-11-18 15:51:29','2020-11-18 15:51:29'),(3219,'ION DERBY MILK CHOCOCOLATE BAR WITH COCONUT  20 X 38GR',9.00,4.50,'ION DERBY MILK CHOCOCOLATE BAR WITH COCONUT  20 X 38GR',NULL,0.00,NULL,0,1,4,4,'2020-11-18 15:51:29','2020-11-18 15:51:29'),(3220,'ION DERBY CHOCOLATE BAR WITH BISCUITS 20 X 38GR',9.00,4.50,'ION DERBY CHOCOLATE BAR WITH BISCUITS 20 X 38GR',NULL,0.00,NULL,0,1,4,4,'2020-11-18 15:51:30','2020-11-18 15:51:30'),(3221,'ION DERBY DARK CHOCOLATE BAR WITH COCONUT CARAMEL 20 X 38GR',9.00,4.50,'ION DERBY DARK CHOCOLATE BAR WITH COCONUT CARAMEL 20 X 38GR',NULL,0.00,NULL,0,1,4,4,'2020-11-18 15:51:30','2020-11-18 15:51:30'),(3222,'ION MINI DERBY MILK CHOCOLATE WITH COCONUT 16 X 270 G',58.00,29.00,'ION MINI DERBY MILK CHOCOLATE WITH COCONUT 16 X 270 G',NULL,0.00,NULL,0,1,4,4,'2020-11-18 15:51:30','2020-11-18 15:51:30'),(3223,'ION NOISETTA PRALINES FANCY BOX 4 X 225GR',39.95,19.98,'ION NOISETTA PRALINES FANCY BOX 4 X 225GR',NULL,0.00,NULL,0,1,4,4,'2020-11-18 15:51:30','2020-11-18 15:51:30'),(3224,'ION MINI SOKOFRETA WAFER WHITE CHOCOLATE COVERED 16 X 210 G',58.00,29.00,'ION MINI SOKOFRETA WAFER WHITE CHOCOLATE COVERED 16 X 210 G',NULL,0.00,NULL,0,1,4,4,'2020-11-18 15:51:30','2020-11-18 15:51:30'),(3225,'ION MINI SOKOFRETA WAFER DARK CHOCOLATE COATED 16 X 210 G',58.00,29.00,'ION MINI SOKOFRETA WAFER DARK CHOCOLATE COATED 16 X 210 G',NULL,0.00,NULL,0,1,4,4,'2020-11-18 15:51:30','2020-11-18 15:51:30'),(3226,'ION MINI SOKOFRETA MILK CHOCOLATE WAFER WITH HAZELNUTS 16 X 210 G',58.00,29.00,'ION MINI SOKOFRETA MILK CHOCOLATE WAFER WITH HAZELNUTS 16 X 210 G',NULL,0.00,NULL,0,1,4,4,'2020-11-18 15:51:31','2020-11-18 15:51:31'),(3227,'ION SOKOFRETA STICKS 20 x 10 X 13 G',70.00,35.00,'ION SOKOFRETA STICKS 20 x 10 X 13 G',NULL,0.00,NULL,0,1,4,4,'2020-11-18 15:51:31','2020-11-18 15:51:31'),(3228,'ION SOKOFRETA BITES 12 X 127 G',24.00,12.00,'ION SOKOFRETA BITES 12 X 127 G',NULL,0.00,NULL,0,1,4,4,'2020-11-18 15:51:31','2020-11-18 15:51:31'),(3229,'ION CHOCOLATE COATING MILK 10 X (2X1KG)',195.00,97.50,'ION CHOCOLATE COATING MILK 10 X (2X1KG)',NULL,0.00,NULL,0,1,4,4,'2020-11-18 15:51:31','2020-11-18 15:51:31'),(3230,'ION CHOCOLATE COATING BITTER 10 X (2 X 1KG) (3011)',189.00,94.50,'ION CHOCOLATE COATING BITTER 10 X (2 X 1KG) (3011)',NULL,0.00,NULL,0,1,4,4,'2020-11-18 15:51:31','2020-11-18 15:51:31'),(3231,'ION MINI MILK WITH ALMONDS 12 X 400GR',85.05,42.53,'ION MINI MILK WITH ALMONDS 12 X 400GR',NULL,0.00,NULL,0,1,4,4,'2020-11-18 15:51:32','2020-11-18 15:51:32'),(3232,'ION MINI MILK CHOCOLATE 12 X 400GR',85.05,42.53,'ION MINI MILK CHOCOLATE 12 X 400GR',NULL,0.00,NULL,0,1,4,4,'2020-11-18 15:51:32','2020-11-18 15:51:32'),(3233,'ION MINI DARK CHOCOLATES 12 X 400GR',85.05,42.53,'ION MINI DARK CHOCOLATES 12 X 400GR',NULL,0.00,NULL,0,1,4,4,'2020-11-18 15:51:32','2020-11-18 15:51:32'),(3234,'ION MINI DARK CHOCOLATES WITH ALMONDS 12 X 400GR',85.05,42.53,'ION MINI DARK CHOCOLATES WITH ALMONDS 12 X 400GR',NULL,0.00,NULL,0,1,4,4,'2020-11-18 15:51:32','2020-11-18 15:51:32'),(3235,'ION BREAK MILK WITH WHOLE ALMONDS 12 X 85GR',17.64,8.82,'ION BREAK MILK WITH WHOLE ALMONDS 12 X 85GR',NULL,0.00,NULL,0,1,4,4,'2020-11-18 15:51:32','2020-11-18 15:51:32'),(3236,'ION BREAK MILK WITH WHOLE HAZELNUTS 12 X 85GR',17.64,8.82,'ION BREAK MILK WITH WHOLE HAZELNUTS 12 X 85GR',NULL,0.00,NULL,0,1,4,4,'2020-11-18 15:51:32','2020-11-18 15:51:32'),(3237,'ION BREAK MILK 12 X 85GR',17.64,8.82,'ION BREAK MILK 12 X 85GR',NULL,0.00,NULL,0,1,4,4,'2020-11-18 15:51:33','2020-11-18 15:51:33'),(3238,'ION BREAK WHITE WITH RAISINS AND NUTS 12 X 85GR',17.64,8.82,'ION BREAK WHITE WITH RAISINS AND NUTS 12 X 85GR',NULL,0.00,NULL,0,1,4,4,'2020-11-18 15:51:33','2020-11-18 15:51:33'),(3239,'ION BREAK WITH ALMONDS, ORANGE & LEMON PIECES 12 X 85G',17.64,8.82,'ION BREAK WITH ALMONDS, ORANGE & LEMON PIECES 12 X 85G',NULL,0.00,NULL,0,1,4,4,'2020-11-18 15:51:33','2020-11-18 15:51:33'),(3240,'ION CHOCOLATE COATING COMPOUND CHEF 10 X (2 X 1KG)',135.00,67.50,'ION CHOCOLATE COATING COMPOUND CHEF 10 X (2 X 1KG)',NULL,0.00,NULL,0,1,4,4,'2020-11-18 15:51:33','2020-11-18 15:51:33'),(3241,'ION SOKOFRETA WAFER BITTER 20 X 38GR',12.55,6.28,'ION SOKOFRETA WAFER BITTER 20 X 38GR',NULL,0.00,NULL,0,1,4,4,'2020-11-18 15:51:33','2020-11-18 15:51:33'),(3242,'ION SOKOFRETA MILK CHOCOLATE WAFER HAZELNUTS 20 X 38GR',12.55,6.28,'ION SOKOFRETA MILK CHOCOLATE WAFER HAZELNUTS 20 X 38GR',NULL,0.00,NULL,0,1,4,4,'2020-11-18 15:51:34','2020-11-18 15:51:34'),(3243,'BINGO AMARETTI WAFER 15 X 180 GR',18.85,9.43,'BINGO AMARETTI WAFER 15 X 180 GR',NULL,0.00,NULL,0,1,4,4,'2020-11-18 15:51:34','2020-11-18 15:51:34'),(3244,'ION COCOA POWDER IN PACKS 8 X 125 G',16.80,8.40,'ION COCOA POWDER IN PACKS 8 X 125 G',NULL,0.00,NULL,0,1,4,4,'2020-11-18 15:51:34','2020-11-18 15:51:34'),(3245,'ION-BREAK NUTS & RAISINS 12 X 85 GR',17.64,8.82,'ION-BREAK NUTS & RAISINS 12 X 85 GR',NULL,0.00,NULL,0,1,4,4,'2020-11-18 15:51:34','2020-11-18 15:51:34'),(3246,'ION MILK CHOCOLATE 5 X 270 GR',32.95,16.48,'ION MILK CHOCOLATE 5 X 270 GR',NULL,0.00,NULL,0,1,4,4,'2020-11-18 15:51:34','2020-11-18 15:51:34'),(3247,'ION SOKOFRETA MILK WAFER STRAWBERRY FILLED 20 X 38GR',12.55,6.28,'ION SOKOFRETA MILK WAFER STRAWBERRY FILLED 20 X 38GR',NULL,0.00,NULL,0,1,4,4,'2020-11-18 15:51:35','2020-11-18 15:51:35'),(3248,'ION MILK CHOCOLATE WITH WHOLE HAZELNUTS 5 X 270 GR',32.95,16.48,'ION MILK CHOCOLATE WITH WHOLE HAZELNUTS 5 X 270 GR',NULL,0.00,NULL,0,1,4,4,'2020-11-18 15:51:35','2020-11-18 15:51:35'),(3249,'ION MILK CHOCOLATE 10 X 100GR',19.90,9.95,'ION MILK CHOCOLATE 10 X 100GR',NULL,0.00,NULL,0,1,4,4,'2020-11-18 15:51:35','2020-11-18 15:51:35'),(3250,'ION NUCREMA WHITE SPREAD CREAM 10KG',55.00,27.50,'ION NUCREMA WHITE SPREAD CREAM 10KG',NULL,0.00,NULL,0,1,4,4,'2020-11-18 15:51:35','2020-11-18 15:51:35'),(3251,'ION MILK CHOCOLATE WITH HAZELNUT 10 X 100 G',19.90,9.95,'ION MILK CHOCOLATE WITH HAZELNUT 10 X 100 G',NULL,0.00,NULL,0,1,4,4,'2020-11-18 15:51:36','2020-11-18 15:51:36'),(3252,'ION MILK CHOCOLATE WITH ALMONDS 10 X 100 GR',19.90,9.95,'ION MILK CHOCOLATE WITH ALMONDS 10 X 100 GR',NULL,0.00,NULL,0,1,4,4,'2020-11-18 15:51:36','2020-11-18 15:51:36'),(3253,'GOLDEN BREAK WAFER ROLLS CAPPUCCINO CREAM FILLING 12 X 250 G',25.20,12.60,'GOLDEN BREAK WAFER ROLLS CAPPUCCINO CREAM FILLING 12 X 250 G',NULL,0.00,NULL,0,1,4,4,'2020-11-18 15:51:36','2020-11-18 15:51:36'),(3254,'GOLDEN BREAK WAFER ROLLS DARK CHOCOLATE CREAM FILLING 12 X 250 G',25.20,12.60,'GOLDEN BREAK WAFER ROLLS DARK CHOCOLATE CREAM FILLING 12 X 250 G',NULL,0.00,NULL,0,1,4,4,'2020-11-18 15:51:36','2020-11-18 15:51:36'),(3255,'GOLDEN BREAK WAFER ROLLS HAZELNUT CHOCOLATE CREAM FILLING 12 X 250 G',25.20,12.60,'GOLDEN BREAK WAFER ROLLS HAZELNUT CHOCOLATE CREAM FILLING 12 X 250 G',NULL,0.00,NULL,0,1,4,4,'2020-11-18 15:51:36','2020-11-18 15:51:36'),(3256,'GOLDEN BREAK WAFER ROLLS VANILLA CREAM FILLING 12 X 250 G',25.20,12.60,'GOLDEN BREAK WAFER ROLLS VANILLA CREAM FILLING 12 X 250 G',NULL,0.00,NULL,0,1,4,4,'2020-11-18 15:51:36','2020-11-18 15:51:36'),(3257,'GOLDEN BREAK WAFER ROLLS STRAWBERRY FILLING 12 X 250 G',25.20,12.60,'GOLDEN BREAK WAFER ROLLS STRAWBERRY FILLING 12 X 250 G',NULL,0.00,NULL,0,1,4,4,'2020-11-18 15:51:37','2020-11-18 15:51:37'),(3258,'GOLDEN BREAK WAFER ROLLS ALMOND 12 X 250 G',25.20,12.60,'GOLDEN BREAK WAFER ROLLS ALMOND 12 X 250 G',NULL,0.00,NULL,0,1,4,4,'2020-11-18 15:51:37','2020-11-18 15:51:37'),(3259,'BELOW ZERO RAPINI CUT 5X1KG',18.65,9.33,'BELOW ZERO RAPINI CUT 5X1KG',NULL,0.00,NULL,0,1,4,4,'2020-11-18 15:51:37','2020-11-18 15:51:37'),(3260,'BELOW ZERO PEAS & CARROTS 6X2KG',27.95,13.98,'BELOW ZERO PEAS & CARROTS 6X2KG',NULL,0.00,NULL,0,1,4,4,'2020-11-18 15:51:37','2020-11-18 15:51:37'),(3261,'BELOW ZERO CORN 6X2 KG',27.95,13.98,'BELOW ZERO CORN 6X2 KG',NULL,0.00,NULL,0,1,4,4,'2020-11-18 15:51:37','2020-11-18 15:51:37'),(3262,'BELOW ZERO DICED CARROTS 6X2 KG',19.85,9.93,'BELOW ZERO DICED CARROTS 6X2 KG',NULL,0.00,NULL,0,1,4,4,'2020-11-18 15:51:38','2020-11-18 15:51:38'),(3263,'BELOW ZERO PEAS 6X2 KG',27.95,13.98,'BELOW ZERO PEAS 6X2 KG',NULL,0.00,NULL,0,1,4,4,'2020-11-18 15:51:38','2020-11-18 15:51:38'),(3264,'BELOW ZERO BROCCOLI FLORETS 6X2 KG',35.50,17.75,'BELOW ZERO BROCCOLI FLORETS 6X2 KG',NULL,0.00,NULL,0,1,4,4,'2020-11-18 15:51:38','2020-11-18 15:51:38'),(3265,'BELOW ZERO CUT GREEN BEANS 6X2 KG',27.95,13.98,'BELOW ZERO CUT GREEN BEANS 6X2 KG',NULL,0.00,NULL,0,1,4,4,'2020-11-18 15:51:38','2020-11-18 15:51:38'),(3266,'BELOW ZERO IQF REGULAR VEGETABLE MIX 6X2 KG',27.95,13.98,'BELOW ZERO IQF REGULAR VEGETABLE MIX 6X2 KG',NULL,0.00,NULL,0,1,4,4,'2020-11-18 15:51:38','2020-11-18 15:51:38'),(3267,'BELOW ZERO IQF CALIFORNIA MIX 6X2 KG',30.90,15.45,'BELOW ZERO IQF CALIFORNIA MIX 6X2 KG',NULL,0.00,NULL,0,1,4,4,'2020-11-18 15:51:39','2020-11-18 15:51:39'),(3268,'BELOW ZERO LOOSE SPINACH 12 X 2LBS',24.65,12.33,'BELOW ZERO LOOSE SPINACH 12 X 2LBS',NULL,0.00,NULL,0,1,4,4,'2020-11-18 15:51:39','2020-11-18 15:51:39'),(3269,'BELOW ZERO DICED TURNIPS 6X2KG',20.50,10.25,'BELOW ZERO DICED TURNIPS 6X2KG',NULL,0.00,NULL,0,1,4,4,'2020-11-18 15:51:39','2020-11-18 15:51:39'),(3270,'BELOW ZERO DICED RED PEPPER 6X2KG',31.90,15.95,'BELOW ZERO DICED RED PEPPER 6X2KG',NULL,0.00,NULL,0,1,4,4,'2020-11-18 15:51:39','2020-11-18 15:51:39'),(3271,'BELOW ZERO DICED GREEN PEPPER 6X2KG',30.40,15.20,'BELOW ZERO DICED GREEN PEPPER 6X2KG',NULL,0.00,NULL,0,1,4,4,'2020-11-18 15:51:40','2020-11-18 15:51:40'),(3272,'BELOW ZERO CAULIFLOWER FLORET 6X2KG',28.95,14.48,'BELOW ZERO CAULIFLOWER FLORET 6X2KG',NULL,0.00,NULL,0,1,4,4,'2020-11-18 15:51:40','2020-11-18 15:51:40'),(3273,'BELOW ZERO ITALIAN MIXED VEGETABLES 12X750GR',25.20,12.60,'BELOW ZERO ITALIAN MIXED VEGETABLES 12X750GR',NULL,0.00,NULL,0,1,4,4,'2020-11-18 15:51:40','2020-11-18 15:51:40'),(3274,'BELOW ZERO CORN 12X750GR',25.20,12.60,'BELOW ZERO CORN 12X750GR',NULL,0.00,NULL,0,1,4,4,'2020-11-18 15:51:40','2020-11-18 15:51:40'),(3275,'BELOW ZERO CHOPPED SPINACH 12X750G',25.20,12.60,'BELOW ZERO CHOPPED SPINACH 12X750G',NULL,0.00,NULL,0,1,4,4,'2020-11-18 15:51:40','2020-11-18 15:51:40'),(3276,'BELOW ZERO PEAS & CARROTS 12X750G',25.20,12.60,'BELOW ZERO PEAS & CARROTS 12X750G',NULL,0.00,NULL,0,1,4,4,'2020-11-18 15:51:40','2020-11-18 15:51:40'),(3277,'BELOW ZERO PEAS 12X750GR',25.20,12.60,'BELOW ZERO PEAS 12X750GR',NULL,0.00,NULL,0,1,4,4,'2020-11-18 15:51:41','2020-11-18 15:51:41'),(3278,'BELOW ZERO CUT BEANS 12X750GR',25.20,12.60,'BELOW ZERO CUT BEANS 12X750GR',NULL,0.00,NULL,0,1,4,4,'2020-11-18 15:51:41','2020-11-18 15:51:41'),(3279,'BELOW ZERO MIXED VEGETABLES 12X750GR',25.20,12.60,'BELOW ZERO MIXED VEGETABLES 12X750GR',NULL,0.00,NULL,0,1,4,4,'2020-11-18 15:51:41','2020-11-18 15:51:41'),(3280,'BELOW ZERO ORIENTAL MIXED VEGETABLES 12X750GR',25.20,12.60,'BELOW ZERO ORIENTAL MIXED VEGETABLES 12X750GR',NULL,0.00,NULL,0,1,4,4,'2020-11-18 15:51:41','2020-11-18 15:51:41'),(3281,'BELOW ZERO CALIFORNIA MIXED VEGETABLES 12X750GR',25.20,12.60,'BELOW ZERO CALIFORNIA MIXED VEGETABLES 12X750GR',NULL,0.00,NULL,0,1,4,4,'2020-11-18 15:51:41','2020-11-18 15:51:41'),(3282,'BELOW ZERO WHOLE BEANS 12X750GR',25.20,12.60,'BELOW ZERO WHOLE BEANS 12X750GR',NULL,0.00,NULL,0,1,4,4,'2020-11-18 15:51:42','2020-11-18 15:51:42'),(3283,'NESCAFE \'FRAPPE\' DECAFE 24X100GR',189.00,94.50,'NESCAFE \'FRAPPE\' DECAFE 24X100GR',NULL,0.00,NULL,0,1,4,4,'2020-11-18 15:51:42','2020-11-18 15:51:42'),(3284,'NESCAFE \'FRAPPE\' 24 X 100G',154.00,77.00,'NESCAFE \'FRAPPE\' 24 X 100G',NULL,0.00,NULL,0,1,4,4,'2020-11-18 15:51:42','2020-11-18 15:51:42'),(3285,'NESCAFE \'FRAPPE\' 12 X 200GR',148.00,74.00,'NESCAFE \'FRAPPE\' 12 X 200GR',NULL,0.00,NULL,0,1,4,4,'2020-11-18 15:51:42','2020-11-18 15:51:42'),(3286,'NESCAFE \'FRAPPE\' DECAFE 12 X 200GR',165.00,82.50,'NESCAFE \'FRAPPE\' DECAFE 12 X 200GR',NULL,0.00,NULL,0,1,4,4,'2020-11-18 15:51:43','2020-11-18 15:51:43'),(3287,'PAPAGALOS LOUMIDIS GREEK COFFEE 15 X 7OZ',81.00,40.50,'PAPAGALOS LOUMIDIS GREEK COFFEE 15 X 7OZ',NULL,0.00,NULL,0,1,4,4,'2020-11-18 15:51:43','2020-11-18 15:51:43'),(3288,'PAPAGALOS LOUMIDIS GREEK COFFEE 12 X 16OZ (20603303040045)',122.00,61.00,'PAPAGALOS LOUMIDIS GREEK COFFEE 12 X 16OZ (20603303040045)',NULL,0.00,NULL,0,1,4,4,'2020-11-18 15:51:43','2020-11-18 15:51:43'),(3289,'GREEK SAGE 30 X 60GR',49.95,24.98,'GREEK SAGE 30 X 60GR',NULL,0.00,NULL,0,1,4,4,'2020-11-18 15:51:43','2020-11-18 15:51:43'),(3290,'PAPAGALOS DECAF (30 x 3.5OZ)',130.00,65.00,'PAPAGALOS DECAF (30 x 3.5OZ)',NULL,0.00,NULL,0,1,4,4,'2020-11-18 15:51:43','2020-11-18 15:51:43'),(3291,'MOUNTAIN TEA 12X40GR',27.46,13.73,'MOUNTAIN TEA 12X40GR',NULL,0.00,NULL,0,1,4,4,'2020-11-18 15:51:44','2020-11-18 15:51:44'),(3292,'SAGE LEAVES 12X40 GR',19.95,9.98,'SAGE LEAVES 12X40 GR',NULL,0.00,NULL,0,1,4,4,'2020-11-18 15:51:44','2020-11-18 15:51:44'),(3293,'CHAMOMILE 12X40GR',22.67,11.34,'CHAMOMILE 12X40GR',NULL,0.00,NULL,0,1,4,4,'2020-11-18 15:51:44','2020-11-18 15:51:44'),(3294,'BONOMELLI FILTROFIORE CHAMOMILE 8 X 28 G',20.45,10.23,'BONOMELLI FILTROFIORE CHAMOMILE 8 X 28 G',NULL,0.00,NULL,0,1,4,4,'2020-11-18 15:51:45','2020-11-18 15:51:45'),(3295,'BONOMELLI SIFTED CHAMOMILE 24 X 29 G',55.00,27.50,'BONOMELLI SIFTED CHAMOMILE 24 X 29 G',NULL,0.00,NULL,0,1,4,4,'2020-11-18 15:51:45','2020-11-18 15:51:45'),(3296,'BONOMELLI INSTANT CHAMOMILE 24 X 100 G',55.00,27.50,'BONOMELLI INSTANT CHAMOMILE 24 X 100 G',NULL,0.00,NULL,0,1,4,4,'2020-11-18 15:51:45','2020-11-18 15:51:45'),(3297,'OLYMPIA CHICAGO STYLE PITA BREAD(12 X 840GR)',27.70,13.85,'OLYMPIA CHICAGO STYLE PITA BREAD(12 X 840GR)',NULL,0.00,NULL,0,1,4,4,'2020-11-18 15:51:45','2020-11-18 15:51:45'),(3298,'OLYMPIA PITA CHICAGO STYLE PITA BREAD 6\'',24.25,12.13,'OLYMPIA PITA CHICAGO STYLE PITA BREAD 6\'',NULL,0.00,NULL,0,1,4,4,'2020-11-18 15:51:46','2020-11-18 15:51:46'),(3299,'ELBISCO CHOCOLATE CREAMS 12 X 200G',17.80,8.90,'ELBISCO CHOCOLATE CREAMS 12 X 200G',NULL,0.00,NULL,0,1,4,4,'2020-11-18 15:51:46','2020-11-18 15:51:46'),(3300,'ALLATINI DIPPED BISCUITS12 X 275 GR',21.26,10.63,'ALLATINI DIPPED BISCUITS12 X 275 GR',NULL,0.00,NULL,0,1,4,4,'2020-11-18 15:51:46','2020-11-18 15:51:46'),(3301,'ELBISCO PETIT BEURRE ALATINI 16 X 225GR',18.85,9.43,'ELBISCO PETIT BEURRE ALATINI 16 X 225GR',NULL,0.00,NULL,0,1,4,4,'2020-11-18 15:51:46','2020-11-18 15:51:46'),(3302,'ELBISCO COCOA CREAMS WITH VANILLA  ALATINI 12 X 200GR',17.80,8.90,'ELBISCO COCOA CREAMS WITH VANILLA  ALATINI 12 X 200GR',NULL,0.00,NULL,0,1,4,4,'2020-11-18 15:51:47','2020-11-18 15:51:47'),(3303,'ELBISCO VANILLA CREAMS ALATINI 12 X 200GR',17.80,8.90,'ELBISCO VANILLA CREAMS ALATINI 12 X 200GR',NULL,0.00,NULL,0,1,4,4,'2020-11-18 15:51:47','2020-11-18 15:51:47'),(3304,'ELBISCO ELITE WHEAT RUSKS \'EXPORT\' 24PX250GR. (5201485904547)',27.25,13.63,'ELBISCO ELITE WHEAT RUSKS \'EXPORT\' 24PX250GR. (5201485904547)',NULL,0.00,NULL,0,1,4,4,'2020-11-18 15:51:47','2020-11-18 15:51:47'),(3305,'ELBISCO ELITE  WHEAT AND RYE RUSKS \'EXPORTS\' 32 X 180GR (5201485904240)',26.88,13.44,'ELBISCO ELITE  WHEAT AND RYE RUSKS \'EXPORTS\' 32 X 180GR (5201485904240)',NULL,0.00,NULL,0,1,4,4,'2020-11-18 15:51:48','2020-11-18 15:51:48'),(3306,'ALLATINI PETIT BEURE CHOCOLATE 16 X 225 GR',23.05,11.53,'ALLATINI PETIT BEURE CHOCOLATE 16 X 225 GR',NULL,0.00,NULL,0,1,4,4,'2020-11-18 15:51:48','2020-11-18 15:51:48'),(3307,'VOURDERIS APRICOT SPOON SWEETS 12 X 453GR',65.00,32.50,'VOURDERIS APRICOT SPOON SWEETS 12 X 453GR',NULL,0.00,NULL,0,1,4,4,'2020-11-18 15:51:48','2020-11-18 15:51:48'),(3308,'VOURDERIS CHERRY JAM SPOON SWEETS 12 X 453GR',76.00,38.00,'VOURDERIS CHERRY JAM SPOON SWEETS 12 X 453GR',NULL,0.00,NULL,0,1,4,4,'2020-11-18 15:51:49','2020-11-18 15:51:49'),(3309,'VOURDERIS FIG SPOON SWEETS 12 X 453GR',65.00,32.50,'VOURDERIS FIG SPOON SWEETS 12 X 453GR',NULL,0.00,NULL,0,1,4,4,'2020-11-18 15:51:49','2020-11-18 15:51:49'),(3310,'VOURDERIS PERGAMOTTO SPOON SWEETS  12 X 453GR',65.00,32.50,'VOURDERIS PERGAMOTTO SPOON SWEETS  12 X 453GR',NULL,0.00,NULL,0,1,4,4,'2020-11-18 15:51:49','2020-11-18 15:51:49'),(3311,'VOURDERIS QUINCE SPOON SWEETS 12 X 453GR',65.00,32.50,'VOURDERIS QUINCE SPOON SWEETS 12 X 453GR',NULL,0.00,NULL,0,1,4,4,'2020-11-18 15:51:49','2020-11-18 15:51:49'),(3312,'VOURDERIS SOUR CHERRY SPOON SWEETS 12 X 453GR',76.00,38.00,'VOURDERIS SOUR CHERRY SPOON SWEETS 12 X 453GR',NULL,0.00,NULL,0,1,4,4,'2020-11-18 15:51:50','2020-11-18 15:51:50'),(3313,'VOURDERIS SOUR CHERRY SYRUP 12 X 900ML',79.00,39.50,'VOURDERIS SOUR CHERRY SYRUP 12 X 900ML',NULL,0.00,NULL,0,1,4,4,'2020-11-18 15:51:50','2020-11-18 15:51:50'),(3314,'VOURDERIS VANILLA SPOON SWEETS 12 X 453ML',49.95,24.98,'VOURDERIS VANILLA SPOON SWEETS 12 X 453ML',NULL,0.00,NULL,0,1,4,4,'2020-11-18 15:51:50','2020-11-18 15:51:50'),(3315,'VOURDERIS GRAPE 12 X 453GR',65.00,32.50,'VOURDERIS GRAPE 12 X 453GR',NULL,0.00,NULL,0,1,4,4,'2020-11-18 15:51:50','2020-11-18 15:51:50'),(3316,'VOURDERIS PEAR 12 X 453GR',65.00,32.50,'VOURDERIS PEAR 12 X 453GR',NULL,0.00,NULL,0,1,4,4,'2020-11-18 15:51:51','2020-11-18 15:51:51'),(3317,'VOURDERIS WALNUT JAM 12 X 453GR',76.00,38.00,'VOURDERIS WALNUT JAM 12 X 453GR',NULL,0.00,NULL,0,1,4,4,'2020-11-18 15:51:51','2020-11-18 15:51:51'),(3318,'VOURDERIS MASTICHA SPOON SWEETS 12 X 453GR',49.95,24.98,'VOURDERIS MASTICHA SPOON SWEETS 12 X 453GR',NULL,0.00,NULL,0,1,4,4,'2020-11-18 15:51:51','2020-11-18 15:51:51'),(3319,'VOURDERIS BITTER ORANGE (NERATZI) 12 x 453 GR',65.00,32.50,'VOURDERIS BITTER ORANGE (NERATZI) 12 x 453 GR',NULL,0.00,NULL,0,1,4,4,'2020-11-18 15:51:52','2020-11-18 15:51:52'),(3320,'7DAYS SPINSPAN STRAWBERRY SPREAD 6 X 380 GR',14.98,7.49,'7DAYS SPINSPAN STRAWBERRY SPREAD 6 X 380 GR',NULL,0.00,NULL,0,1,4,4,'2020-11-18 15:51:52','2020-11-18 15:51:52'),(3321,'7DAYS SPINSPAN SOUR CHERRY SPREAD 6 X 380 GR',14.98,7.49,'7DAYS SPINSPAN SOUR CHERRY SPREAD 6 X 380 GR',NULL,0.00,NULL,0,1,4,4,'2020-11-18 15:51:52','2020-11-18 15:51:52'),(3322,'7DAYS SPINSPAN 4 FRUITS SPREAD 6 X 380 GR',14.98,7.49,'7DAYS SPINSPAN 4 FRUITS SPREAD 6 X 380 GR',NULL,0.00,NULL,0,1,4,4,'2020-11-18 15:51:52','2020-11-18 15:51:52'),(3323,'7DAYS SPINSPAN APRICOT SPREAD 6 X 380 G',14.98,7.49,'7DAYS SPINSPAN APRICOT SPREAD 6 X 380 G',NULL,0.00,NULL,0,1,4,4,'2020-11-18 15:51:53','2020-11-18 15:51:53'),(3324,'7DAYS SPINSPAN PEACH SPREAD 6 X 380 GR',14.98,7.49,'7DAYS SPINSPAN PEACH SPREAD 6 X 380 GR',NULL,0.00,NULL,0,1,4,4,'2020-11-18 15:51:53','2020-11-18 15:51:53'),(3325,'ORINO NUT BAR ALMOND & HONEY 12 X 60 G',12.00,6.00,'ORINO NUT BAR ALMOND & HONEY 12 X 60 G',NULL,0.00,NULL,0,1,4,4,'2020-11-18 15:51:53','2020-11-18 15:51:53'),(3326,'ORINO NUT BAR MIXED NUTS & HONEY 12 X 60 G',12.00,6.00,'ORINO NUT BAR MIXED NUTS & HONEY 12 X 60 G',NULL,0.00,NULL,0,1,4,4,'2020-11-18 15:51:53','2020-11-18 15:51:53'),(3327,'ORINO NUT BAR SESAME & HONEY 12 X 70 G',8.40,4.20,'ORINO NUT BAR SESAME & HONEY 12 X 70 G',NULL,0.00,NULL,0,1,4,4,'2020-11-18 15:51:54','2020-11-18 15:51:54'),(3328,'ORINO NUT BAR PEANUT & HONEY 12 X 70 G',8.40,4.20,'ORINO NUT BAR PEANUT & HONEY 12 X 70 G',NULL,0.00,NULL,0,1,4,4,'2020-11-18 15:51:54','2020-11-18 15:51:54'),(3329,'CRETAMEL YUM SESAME BARS 24 X 27G',6.00,3.00,'CRETAMEL YUM SESAME BARS 24 X 27G',NULL,0.00,NULL,0,1,4,4,'2020-11-18 15:51:54','2020-11-18 15:51:54'),(3330,'CRETAMEL YUM SESAME BARS WITH CRANBERRIES 24 X 27G',6.00,3.00,'CRETAMEL YUM SESAME BARS WITH CRANBERRIES 24 X 27G',NULL,0.00,NULL,0,1,4,4,'2020-11-18 15:51:54','2020-11-18 15:51:54'),(3331,'CRETAMEL YUM SESAME BARS WITH PUMPKIN SEEDS 24 X 27 G',6.00,3.00,'CRETAMEL YUM SESAME BARS WITH PUMPKIN SEEDS 24 X 27 G',NULL,0.00,NULL,0,1,4,4,'2020-11-18 15:51:54','2020-11-18 15:51:54'),(3332,'CRETAMEL MINI SESAME SNACKS WITH PUMPKIN SEEDS AND ALMONDS 12 X 125 G',21.00,10.50,'CRETAMEL MINI SESAME SNACKS WITH PUMPKIN SEEDS AND ALMONDS 12 X 125 G',NULL,0.00,NULL,0,1,4,4,'2020-11-18 15:51:55','2020-11-18 15:51:55'),(3333,'CRETAMEL MINI SESAME SNACKS WITH APPLE AND CINNAMON 12 X 125 G',21.00,10.50,'CRETAMEL MINI SESAME SNACKS WITH APPLE AND CINNAMON 12 X 125 G',NULL,0.00,NULL,0,1,4,4,'2020-11-18 15:51:55','2020-11-18 15:51:55'),(3334,'CRETAMEL MINI SOFT NOUGAT WITH CRANBERRIES IN FOIL BAGS 12 X 125 G',21.00,10.50,'CRETAMEL MINI SOFT NOUGAT WITH CRANBERRIES IN FOIL BAGS 12 X 125 G',NULL,0.00,NULL,0,1,4,4,'2020-11-18 15:51:55','2020-11-18 15:51:55'),(3335,'ORINO SOFT NOUGAT PEANUT BAR 15 X 70 G',10.50,5.25,'ORINO SOFT NOUGAT PEANUT BAR 15 X 70 G',NULL,0.00,NULL,0,1,4,4,'2020-11-18 15:51:55','2020-11-18 15:51:55'),(3336,'ORINO SOFT NOUGAT ALMOND BAR 15 X 70 G',10.50,5.25,'ORINO SOFT NOUGAT ALMOND BAR 15 X 70 G',NULL,0.00,NULL,0,1,4,4,'2020-11-18 15:51:56','2020-11-18 15:51:56'),(3337,'ORINO SOFT NOUGAT ORANGE BAR 12 X 70 G',10.50,5.25,'ORINO SOFT NOUGAT ORANGE BAR 12 X 70 G',NULL,0.00,NULL,0,1,4,4,'2020-11-18 15:51:56','2020-11-18 15:51:56'),(3338,'ORINO SOFT NOUGAT STRAWBERRY BAR 15 X 70 G',10.50,5.25,'ORINO SOFT NOUGAT STRAWBERRY BAR 15 X 70 G',NULL,0.00,NULL,0,1,4,4,'2020-11-18 15:51:56','2020-11-18 15:51:56'),(3339,'CRETAMEL LOUKOUMI PISTACHIO FLAVOUR 6 X 300 G',12.00,6.00,'CRETAMEL LOUKOUMI PISTACHIO FLAVOUR 6 X 300 G',NULL,0.00,NULL,0,1,4,4,'2020-11-18 15:51:56','2020-11-18 15:51:56'),(3340,'CRETAMEL LOUKOUMI ALMOND FLAVOUR 6 X 300 G',12.00,6.00,'CRETAMEL LOUKOUMI ALMOND FLAVOUR 6 X 300 G',NULL,0.00,NULL,0,1,4,4,'2020-11-18 15:51:57','2020-11-18 15:51:57'),(3341,'CRETAMEL LOUKOUMI ROSE FLAVOUR 6 X 300 G',12.00,6.00,'CRETAMEL LOUKOUMI ROSE FLAVOUR 6 X 300 G',NULL,0.00,NULL,0,1,4,4,'2020-11-18 15:51:57','2020-11-18 15:51:57'),(3342,'CRETAMEL LOUKOUMI MIXED FLAVOURS 6 X 300 G',12.00,6.00,'CRETAMEL LOUKOUMI MIXED FLAVOURS 6 X 300 G',NULL,0.00,NULL,0,1,4,4,'2020-11-18 15:51:57','2020-11-18 15:51:57'),(3343,'CRETAMEL 3BAR SESAME SNACK 15X45GR',7.50,3.75,'CRETAMEL 3BAR SESAME SNACK 15X45GR',NULL,0.00,NULL,0,1,4,4,'2020-11-18 15:51:58','2020-11-18 15:51:58'),(3344,'CRETAMEL 3BAR PEANUT 20X45GR',9.95,4.98,'CRETAMEL 3BAR PEANUT 20X45GR',NULL,0.00,NULL,0,1,4,4,'2020-11-18 15:51:58','2020-11-18 15:51:58'),(3345,'CRETAMEL SESAME BAR & CHOCOLATE 20X45GR',9.95,4.98,'CRETAMEL SESAME BAR & CHOCOLATE 20X45GR',NULL,0.00,NULL,0,1,4,4,'2020-11-18 15:51:58','2020-11-18 15:51:58'),(3346,'CRETAMEL SESAME NUT BAR 24X40GR',12.00,6.00,'CRETAMEL SESAME NUT BAR 24X40GR',NULL,0.00,NULL,0,1,4,4,'2020-11-18 15:51:58','2020-11-18 15:51:58'),(3347,'CRETAMEL PEANUT 24X40GR',12.00,6.00,'CRETAMEL PEANUT 24X40GR',NULL,0.00,NULL,0,1,4,4,'2020-11-18 15:51:59','2020-11-18 15:51:59'),(3348,'CRETAMEL PEANUT BITES IN FOIL BAG 12X125GR',21.00,10.50,'CRETAMEL PEANUT BITES IN FOIL BAG 12X125GR',NULL,0.00,NULL,0,1,4,4,'2020-11-18 15:51:59','2020-11-18 15:51:59'),(3349,'CRETAMEL BAKLAVA WITH NUTS & HONEY 6X140GR',16.95,8.48,'CRETAMEL BAKLAVA WITH NUTS & HONEY 6X140GR',NULL,0.00,NULL,0,1,4,4,'2020-11-18 15:51:59','2020-11-18 15:51:59'),(3350,'CRETAMEL KANTAIFI WITH NUTS & HONEY 6X140GR',16.95,8.48,'CRETAMEL KANTAIFI WITH NUTS & HONEY 6X140GR',NULL,0.00,NULL,0,1,4,4,'2020-11-18 15:52:00','2020-11-18 15:52:00'),(3351,'CRETAMEL BAKLAVA WITH CHOCOLATE 6X140GR',16.95,8.48,'CRETAMEL BAKLAVA WITH CHOCOLATE 6X140GR',NULL,0.00,NULL,0,1,4,4,'2020-11-18 15:52:00','2020-11-18 15:52:00'),(3352,'CRETAMEL CARAMELISED PEANUTS WITH SESAME COATING IN GIFT BOX 6X150GR',10.50,5.25,'CRETAMEL CARAMELISED PEANUTS WITH SESAME COATING IN GIFT BOX 6X150GR',NULL,0.00,NULL,0,1,4,4,'2020-11-18 15:52:00','2020-11-18 15:52:00'),(3353,'CRETAMEL CARAMELISED PEANUTS MIX IN GIFT BOX 6X150GR',10.50,5.25,'CRETAMEL CARAMELISED PEANUTS MIX IN GIFT BOX 6X150GR',NULL,0.00,NULL,0,1,4,4,'2020-11-18 15:52:00','2020-11-18 15:52:00'),(3354,'CRETAMEL CARAMELISED PEANUTS STRAWBERRY FLAVORED IN GIFT BOX 6X150GR......',10.50,5.25,'CRETAMEL CARAMELISED PEANUTS STRAWBERRY FLAVORED IN GIFT BOX 6X150GR......',NULL,0.00,NULL,0,1,4,4,'2020-11-18 15:52:01','2020-11-18 15:52:01'),(3355,'CRETAMEL JELLIES MIX FRUITS 12X200GR',25.20,12.60,'CRETAMEL JELLIES MIX FRUITS 12X200GR',NULL,0.00,NULL,0,1,4,4,'2020-11-18 15:52:01','2020-11-18 15:52:01'),(3356,'CRETAMEL CANDIES FOREST FRUITS 12X200GR',25.20,12.60,'CRETAMEL CANDIES FOREST FRUITS 12X200GR',NULL,0.00,NULL,0,1,4,4,'2020-11-18 15:52:01','2020-11-18 15:52:01'),(3357,'CRETAMEL CANDIES MIX FRUITS 12X200GR',25.20,12.60,'CRETAMEL CANDIES MIX FRUITS 12X200GR',NULL,0.00,NULL,0,1,4,4,'2020-11-18 15:52:02','2020-11-18 15:52:02'),(3358,'CRETAMEL CANDIES TROPICAL FRUITS 12X200',25.20,12.60,'CRETAMEL CANDIES TROPICAL FRUITS 12X200',NULL,0.00,NULL,0,1,4,4,'2020-11-18 15:52:02','2020-11-18 15:52:02'),(3359,'CRETAMEL TOFFEES MIX FRUITS 12X200GR',25.20,12.60,'CRETAMEL TOFFEES MIX FRUITS 12X200GR',NULL,0.00,NULL,0,1,4,4,'2020-11-18 15:52:02','2020-11-18 15:52:02'),(3360,'CRETAMEL CANDIES OUZO FLAVORED 12X200GR',25.20,12.60,'CRETAMEL CANDIES OUZO FLAVORED 12X200GR',NULL,0.00,NULL,0,1,4,4,'2020-11-18 15:52:03','2020-11-18 15:52:03'),(3361,'ORINO GREEK HONEY IN SQUEEZE BOTTLES 12 X 500 G',84.00,42.00,'ORINO GREEK HONEY IN SQUEEZE BOTTLES 12 X 500 G',NULL,0.00,NULL,0,1,4,4,'2020-11-18 15:52:03','2020-11-18 15:52:03'),(3362,'CRETAMEL HONEY ORINO IN GLASS JAR 6 X 1 KG',84.00,42.00,'CRETAMEL HONEY ORINO IN GLASS JAR 6 X 1 KG',NULL,0.00,NULL,0,1,4,4,'2020-11-18 15:52:03','2020-11-18 15:52:03'),(3363,'CRETAMEL HONEY ORINO GOLD IN GLASS JAR 6 X 1KG',96.00,48.00,'CRETAMEL HONEY ORINO GOLD IN GLASS JAR 6 X 1KG',NULL,0.00,NULL,0,1,4,4,'2020-11-18 15:52:03','2020-11-18 15:52:03'),(3364,'TRATA SARDINES IN SOYBEAN OIL 32 X 100GR',47.95,23.98,'TRATA SARDINES IN SOYBEAN OIL 32 X 100GR',NULL,0.00,NULL,0,1,4,4,'2020-11-18 15:52:04','2020-11-18 15:52:04'),(3365,'TRATA SARDINES WITH CHILI HOT PEPPERS 32 X 100GR',47.95,23.98,'TRATA SARDINES WITH CHILI HOT PEPPERS 32 X 100GR',NULL,0.00,NULL,0,1,4,4,'2020-11-18 15:52:04','2020-11-18 15:52:04'),(3366,'TRATA SARDINES IN TOMATO SAUCE 32 X 100GR',47.95,23.98,'TRATA SARDINES IN TOMATO SAUCE 32 X 100GR',NULL,0.00,NULL,0,1,4,4,'2020-11-18 15:52:04','2020-11-18 15:52:04'),(3367,'TRATA SARDINES IN OLIVE OIL 32 X 100GR',50.95,25.48,'TRATA SARDINES IN OLIVE OIL 32 X 100GR',NULL,0.00,NULL,0,1,4,4,'2020-11-18 15:52:05','2020-11-18 15:52:05'),(3368,'TRATA ANCHOVIES WITH OREGANO 32 X 100GR',49.95,24.98,'TRATA ANCHOVIES WITH OREGANO 32 X 100GR',NULL,0.00,NULL,0,1,4,4,'2020-11-18 15:52:05','2020-11-18 15:52:05'),(3369,'TRATA MARINATED ACHOVIES 32 X 100GR',49.95,24.98,'TRATA MARINATED ACHOVIES 32 X 100GR',NULL,0.00,NULL,0,1,4,4,'2020-11-18 15:52:05','2020-11-18 15:52:05'),(3370,'TRATA ANCHOVIES WITH CHILI PEPPERS 32 X 100GR',49.95,24.98,'TRATA ANCHOVIES WITH CHILI PEPPERS 32 X 100GR',NULL,0.00,NULL,0,1,4,4,'2020-11-18 15:52:06','2020-11-18 15:52:06'),(3371,'TRATA ANCHOVIES IN VEGETABLE OIL 32 X 100GR',52.95,26.48,'TRATA ANCHOVIES IN VEGETABLE OIL 32 X 100GR',NULL,0.00,NULL,0,1,4,4,'2020-11-18 15:52:07','2020-11-18 15:52:07'),(3372,'TRATA SMOKED TUNA 24 X 160 G',57.60,28.80,'TRATA SMOKED TUNA 24 X 160 G',NULL,0.00,NULL,0,1,4,4,'2020-11-18 15:52:07','2020-11-18 15:52:07'),(3373,'TRATA SMOKED TUNA WITH LEMON AND OREGANO 36 X 160GR',89.95,44.98,'TRATA SMOKED TUNA WITH LEMON AND OREGANO 36 X 160GR',NULL,0.00,NULL,0,1,4,4,'2020-11-18 15:52:07','2020-11-18 15:52:07'),(3374,'TRATA SMOKED TUNA WITH CHILI PEPPERS 36 X 160 G',89.95,44.98,'TRATA SMOKED TUNA WITH CHILI PEPPERS 36 X 160 G',NULL,0.00,NULL,0,1,4,4,'2020-11-18 15:52:07','2020-11-18 15:52:07'),(3375,'TRATA TUNA SALAD WITH CORN 36 X 160 G',86.40,43.20,'TRATA TUNA SALAD WITH CORN 36 X 160 G',NULL,0.00,NULL,0,1,4,4,'2020-11-18 15:52:08','2020-11-18 15:52:08'),(3376,'TRATA TUNA SALAD MEXICANA 36 X 160 G',86.40,43.20,'TRATA TUNA SALAD MEXICANA 36 X 160 G',NULL,0.00,NULL,0,1,4,4,'2020-11-18 15:52:08','2020-11-18 15:52:08'),(3377,'TRATA TUNA SALAD WITH SMOKED TUNA  AND LENTILS 36 X 160 G',86.40,43.20,'TRATA TUNA SALAD WITH SMOKED TUNA  AND LENTILS 36 X 160 G',NULL,0.00,NULL,0,1,4,4,'2020-11-18 15:52:08','2020-11-18 15:52:08'),(3378,'TRATA TUNA SALAD WITH SMOKED TUNA  AND QUINOA 36 X 160 G',86.40,43.20,'TRATA TUNA SALAD WITH SMOKED TUNA  AND QUINOA 36 X 160 G',NULL,0.00,NULL,0,1,4,4,'2020-11-18 15:52:08','2020-11-18 15:52:08'),(3379,'TRATA TUNA SALAD WITH CORN 24 X 160 G',57.60,28.80,'TRATA TUNA SALAD WITH CORN 24 X 160 G',NULL,0.00,NULL,0,1,4,4,'2020-11-18 15:52:09','2020-11-18 15:52:09'),(3380,'TRATA TUNA SALAD MEXICANA 24 X 160 G',57.60,28.80,'TRATA TUNA SALAD MEXICANA 24 X 160 G',NULL,0.00,NULL,0,1,4,4,'2020-11-18 15:52:09','2020-11-18 15:52:09'),(3381,'BARBA STATHIS FROZEN RICE WITH MUSHROOMS, PEAS AND CORN 15 X 600 G',45.00,22.50,'BARBA STATHIS FROZEN RICE WITH MUSHROOMS, PEAS AND CORN 15 X 600 G',NULL,0.00,NULL,0,1,4,4,'2020-11-18 15:52:09','2020-11-18 15:52:09'),(3382,'BARBA STATHIS FROZEN RICE WITH CORN, PEAS AND CARROTS 15 X 600 G',45.00,22.50,'BARBA STATHIS FROZEN RICE WITH CORN, PEAS AND CARROTS 15 X 600 G',NULL,0.00,NULL,0,1,4,4,'2020-11-18 15:52:09','2020-11-18 15:52:09'),(3383,'BARBA STATHIS FROZEN RICE MEXICANA 15 X 600 G',45.00,22.50,'BARBA STATHIS FROZEN RICE MEXICANA 15 X 600 G',NULL,0.00,NULL,0,1,4,4,'2020-11-18 15:52:10','2020-11-18 15:52:10'),(3384,'BARBA STATHIS FROZEN BROWN RICE WITH CHICKPEAS, RAISINS AND PEAS 15 X 600 G',45.00,22.50,'BARBA STATHIS FROZEN BROWN RICE WITH CHICKPEAS, RAISINS AND PEAS 15 X 600 G',NULL,0.00,NULL,0,1,4,4,'2020-11-18 15:52:10','2020-11-18 15:52:10'),(3385,'BARBA STATHIS FROZEN CURCUMA RICE WITH PEPPERS 15 X 600 G',45.00,22.50,'BARBA STATHIS FROZEN CURCUMA RICE WITH PEPPERS 15 X 600 G',NULL,0.00,NULL,0,1,4,4,'2020-11-18 15:52:10','2020-11-18 15:52:10'),(3386,'BARBA STATHIS-PEAS (24X450)',51.12,25.56,'BARBA STATHIS-PEAS (24X450)',NULL,0.00,NULL,0,1,4,4,'2020-11-18 15:52:11','2020-11-18 15:52:11'),(3387,'BARBA STATHIS-OKRA EXTRA (20 X 450)',90.00,45.00,'BARBA STATHIS-OKRA EXTRA (20 X 450)',NULL,0.00,NULL,0,1,4,4,'2020-11-18 15:52:11','2020-11-18 15:52:11'),(3388,'BARBA STATHIS-FLAT GREEN BEANS (20 X 450)',51.20,25.60,'BARBA STATHIS-FLAT GREEN BEANS (20 X 450)',NULL,0.00,NULL,0,1,4,4,'2020-11-18 15:52:11','2020-11-18 15:52:11'),(3389,'BARBA STATHIS-ROUND GREEN BEANS (20 X 450)',51.20,25.60,'BARBA STATHIS-ROUND GREEN BEANS (20 X 450)',NULL,0.00,NULL,0,1,4,4,'2020-11-18 15:52:11','2020-11-18 15:52:11'),(3390,'BARBA STATHIS-BORLOTTI BEANS (20 X 450)',56.40,28.20,'BARBA STATHIS-BORLOTTI BEANS (20 X 450)',NULL,0.00,NULL,0,1,4,4,'2020-11-18 15:52:12','2020-11-18 15:52:12'),(3391,'BARBA STATHIS-ARTICHOKES (12 X 600)',71.76,35.88,'BARBA STATHIS-ARTICHOKES (12 X 600)',NULL,0.00,NULL,0,1,4,4,'2020-11-18 15:52:12','2020-11-18 15:52:12'),(3392,'BARBA STATHIS-ARTICHOKES ALA POLITA (10 X 600)',43.90,21.95,'BARBA STATHIS-ARTICHOKES ALA POLITA (10 X 600)',NULL,0.00,NULL,0,1,4,4,'2020-11-18 15:52:12','2020-11-18 15:52:12'),(3393,'BARBA STATHIS-PEAS WITH ARTICHOKES (10 X 600)',38.70,19.35,'BARBA STATHIS-PEAS WITH ARTICHOKES (10 X 600)',NULL,0.00,NULL,0,1,4,4,'2020-11-18 15:52:13','2020-11-18 15:52:13'),(3394,'BARBA STATHIS-GREEK OVEN POTATOE WEDGES (10 X 1000)',43.90,21.95,'BARBA STATHIS-GREEK OVEN POTATOE WEDGES (10 X 1000)',NULL,0.00,NULL,0,1,4,4,'2020-11-18 15:52:13','2020-11-18 15:52:13'),(3395,'BARBA STATHIS-COUNTRY STYLE POTATOES (10 X 1000)',54.40,27.20,'BARBA STATHIS-COUNTRY STYLE POTATOES (10 X 1000)',NULL,0.00,NULL,0,1,4,4,'2020-11-18 15:52:13','2020-11-18 15:52:13'),(3396,'BARBA STATHIS GRILLED VEGETABLES 10 X 500GR',38.00,19.00,'BARBA STATHIS GRILLED VEGETABLES 10 X 500GR',NULL,0.00,NULL,0,1,4,4,'2020-11-18 15:52:13','2020-11-18 15:52:13'),(3397,'BARBA STATHIS LEAVES SPINACH PORTIONS 10 X 1KG',52.40,26.20,'BARBA STATHIS LEAVES SPINACH PORTIONS 10 X 1KG',NULL,0.00,NULL,0,1,4,4,'2020-11-18 15:52:14','2020-11-18 15:52:14'),(3398,'BARBASTATHIS-CHICORY (10X600GR)',48.20,24.10,'BARBASTATHIS-CHICORY (10X600GR)',NULL,0.00,NULL,0,1,4,4,'2020-11-18 15:52:14','2020-11-18 15:52:14'),(3399,'BARBA STATHIS BROCOLI 10X750G',48.20,24.10,'BARBA STATHIS BROCOLI 10X750G',NULL,0.00,NULL,0,1,4,4,'2020-11-18 15:52:14','2020-11-18 15:52:14'),(3400,'BARBA STATHIS-LEEKS 10X1 KG',55.00,27.50,'BARBA STATHIS-LEEKS 10X1 KG',NULL,0.00,NULL,0,1,4,4,'2020-11-18 15:52:14','2020-11-18 15:52:14'),(3401,'BARBA STATHIS-BEETROOTS 15X600 G',60.00,30.00,'BARBA STATHIS-BEETROOTS 15X600 G',NULL,0.00,NULL,0,1,4,4,'2020-11-18 15:52:15','2020-11-18 15:52:15'),(3402,'BARBA STATHIS-BRUSSEL SPROUTS 20X450 GR',48.20,24.10,'BARBA STATHIS-BRUSSEL SPROUTS 20X450 GR',NULL,0.00,NULL,0,1,4,4,'2020-11-18 15:52:15','2020-11-18 15:52:15'),(3403,'BARBA STATHIS-BRIAM 10X1 KG',55.00,27.50,'BARBA STATHIS-BRIAM 10X1 KG',NULL,0.00,NULL,0,1,4,4,'2020-11-18 15:52:15','2020-11-18 15:52:15'),(3404,'LUTOSA ONION RINGS 16 X 600 GR',44.80,22.40,'LUTOSA ONION RINGS 16 X 600 GR',NULL,0.00,NULL,0,1,4,4,'2020-11-18 15:52:15','2020-11-18 15:52:15'),(3405,'BARBA STATHIS FROZEN ORZO WITH PEPPERS AND TOMATO 15 X 500 G',47.25,23.63,'BARBA STATHIS FROZEN ORZO WITH PEPPERS AND TOMATO 15 X 500 G',NULL,0.00,NULL,0,1,4,4,'2020-11-18 15:52:16','2020-11-18 15:52:16'),(3406,'BARBA STATHIS FROZEN ORZO WITH MUSHROOMS 15 X 500 G',47.25,23.63,'BARBA STATHIS FROZEN ORZO WITH MUSHROOMS 15 X 500 G',NULL,0.00,NULL,0,1,4,4,'2020-11-18 15:52:16','2020-11-18 15:52:16'),(3407,'BARBA STATHIS FROZEN PENNE WITH PEAS AND ZUCCHINI 15 X 500 G',47.25,23.63,'BARBA STATHIS FROZEN PENNE WITH PEAS AND ZUCCHINI 15 X 500 G',NULL,0.00,NULL,0,1,4,4,'2020-11-18 15:52:16','2020-11-18 15:52:16'),(3408,'BARBA STATHIS FROZEN PENNE WITH SPINACH 15 X 500 G',47.25,23.63,'BARBA STATHIS FROZEN PENNE WITH SPINACH 15 X 500 G',NULL,0.00,NULL,0,1,4,4,'2020-11-18 15:52:16','2020-11-18 15:52:16'),(3409,'BARBA STATHIS FROZEN CORKSCREW PASTA WITH MUSHROOMS & CARROT 15 X 500 G',47.25,23.63,'BARBA STATHIS FROZEN CORKSCREW PASTA WITH MUSHROOMS & CARROT 15 X 500 G',NULL,0.00,NULL,0,1,4,4,'2020-11-18 15:52:17','2020-11-18 15:52:17'),(3410,'BARBA STATHIS SLIGHTLY CONCENTRATED TOMATO JUICE 12X500GR',13.20,6.60,'BARBA STATHIS SLIGHTLY CONCENTRATED TOMATO JUICE 12X500GR',NULL,0.00,NULL,0,1,4,4,'2020-11-18 15:52:17','2020-11-18 15:52:17'),(3411,'BARBA STATHIS SPINACH WITH RICE 14X600GR',39.20,19.60,'BARBA STATHIS SPINACH WITH RICE 14X600GR',NULL,0.00,NULL,0,1,4,4,'2020-11-18 15:52:17','2020-11-18 15:52:17'),(3412,'BARBA STATHIS GREEN PEAS EXTRA 16X400GR',34.08,17.04,'BARBA STATHIS GREEN PEAS EXTRA 16X400GR',NULL,0.00,NULL,0,1,4,4,'2020-11-18 15:52:18','2020-11-18 15:52:18'),(3413,'BARBA STATHIS CHOPPED SPINACH LEAVES 10X1000GR',42.00,21.00,'BARBA STATHIS CHOPPED SPINACH LEAVES 10X1000GR',NULL,0.00,NULL,0,1,4,4,'2020-11-18 15:52:18','2020-11-18 15:52:18'),(3414,'BARBA STATHIS CHICKPEAS 10X600GR',32.50,16.25,'BARBA STATHIS CHICKPEAS 10X600GR',NULL,0.00,NULL,0,1,4,4,'2020-11-18 15:52:18','2020-11-18 15:52:18'),(3415,'BARBA STATHIS ORGANIC MIX VEGETABLES 20X450GR',55.00,27.50,'BARBA STATHIS ORGANIC MIX VEGETABLES 20X450GR',NULL,0.00,NULL,0,1,4,4,'2020-11-18 15:52:18','2020-11-18 15:52:18'),(3416,'BARBA STATHIS ORGANIC FLAT BEANS 20X450GR',55.00,27.50,'BARBA STATHIS ORGANIC FLAT BEANS 20X450GR',NULL,0.00,NULL,0,1,4,4,'2020-11-18 15:52:19','2020-11-18 15:52:19'),(3417,'BARBA STATHIS ORGANIC GREEN BEANS 20X450GR',55.00,27.50,'BARBA STATHIS ORGANIC GREEN BEANS 20X450GR',NULL,0.00,NULL,0,1,4,4,'2020-11-18 15:52:19','2020-11-18 15:52:19'),(3418,'BARBA STATHIS CORN SALAD 16X450GR',33.60,16.80,'BARBA STATHIS CORN SALAD 16X450GR',NULL,0.00,NULL,0,1,4,4,'2020-11-18 15:52:19','2020-11-18 15:52:19'),(3419,'BARBA STATHIS MIXED VEGETABLES 20X450GR',42.00,21.00,'BARBA STATHIS MIXED VEGETABLES 20X450GR',NULL,0.00,NULL,0,1,4,4,'2020-11-18 15:52:19','2020-11-18 15:52:19'),(3420,'XRISI ZIMI CRUST PIE WITH FETA METSOVOU AND GRAVIERA CRITIS 6X850GR (287)',40.50,20.25,'XRISI ZIMI CRUST PIE WITH FETA METSOVOU AND GRAVIERA CRITIS 6X850GR (287)',NULL,0.00,NULL,0,1,4,4,'2020-11-18 15:52:20','2020-11-18 15:52:20'),(3421,'XRISI ZIMI CRUST PIE WITH SPINACH LEAKS MIZITHRA & FETA 6X850GR (285)',40.50,20.25,'XRISI ZIMI CRUST PIE WITH SPINACH LEAKS MIZITHRA & FETA 6X850GR (285)',NULL,0.00,NULL,0,1,4,4,'2020-11-18 15:52:20','2020-11-18 15:52:20'),(3422,'XRISI ZIMI HOMEMADE PIE WITH KASERI AND GRAVIERA 6X850GR (296)',37.80,18.90,'XRISI ZIMI HOMEMADE PIE WITH KASERI AND GRAVIERA 6X850GR (296)',NULL,0.00,NULL,0,1,4,4,'2020-11-18 15:52:21','2020-11-18 15:52:21'),(3423,'XRISI ZIMI HOMEMADE GREEN PIE VEGAN 6X850GR (292)',37.80,18.90,'XRISI ZIMI HOMEMADE GREEN PIE VEGAN 6X850GR (292)',NULL,0.00,NULL,0,1,4,4,'2020-11-18 15:52:21','2020-11-18 15:52:21'),(3424,'XRISI ZIMI DOUGH BITES FETA MIZITHRA 6X920GR (225)',27.00,13.50,'XRISI ZIMI DOUGH BITES FETA MIZITHRA 6X920GR (225)',NULL,0.00,NULL,0,1,4,4,'2020-11-18 15:52:21','2020-11-18 15:52:21'),(3425,'XRISI ZIMI CROISSANTS WITH BUTTER 12X300GR (601)',27.00,13.50,'XRISI ZIMI CROISSANTS WITH BUTTER 12X300GR (601)',NULL,0.00,NULL,0,1,4,4,'2020-11-18 15:52:21','2020-11-18 15:52:21'),(3426,'XRISI ZIMI CROISSANTS WITH PRALINE 10X480GR (602)',37.50,18.75,'XRISI ZIMI CROISSANTS WITH PRALINE 10X480GR (602)',NULL,0.00,NULL,0,1,4,4,'2020-11-18 15:52:21','2020-11-18 15:52:21'),(3427,'XRISI ZIMI PIZZA MARGARITA 5X(2X470)GR (176)',35.00,17.50,'XRISI ZIMI PIZZA MARGARITA 5X(2X470)GR (176)',NULL,0.00,NULL,0,1,4,4,'2020-11-18 15:52:22','2020-11-18 15:52:22'),(3428,'XRISI ZIMI BATZINA PIE WITH CHEESE AND SPINACH 12X500GR (281)',58.80,29.40,'XRISI ZIMI BATZINA PIE WITH CHEESE AND SPINACH 12X500GR (281)',NULL,0.00,NULL,0,1,4,4,'2020-11-18 15:52:22','2020-11-18 15:52:22'),(3429,'XRISI ZIMI BATZINA PIE WITH CHEESE AND ZUCCHINI 12X500GR (280)',58.80,29.40,'XRISI ZIMI BATZINA PIE WITH CHEESE AND ZUCCHINI 12X500GR (280)',NULL,0.00,NULL,0,1,4,4,'2020-11-18 15:52:22','2020-11-18 15:52:22'),(3430,'XRISI ZIMI HOMEMADE MINI BITES WITH FETA CHEESE & DOMOKOS KATIKI CHEESE 10X750GR',55.00,27.50,'XRISI ZIMI HOMEMADE MINI BITES WITH FETA CHEESE & DOMOKOS KATIKI CHEESE 10X750GR',NULL,0.00,NULL,0,1,4,4,'2020-11-18 15:52:22','2020-11-18 15:52:22'),(3431,'XRISI ZIMI HOMEMADE MINI BITES WITH SPINACH, ENDIVE, LEEK  & MIZITHRA CHEESE 10X750GR',55.00,27.50,'XRISI ZIMI HOMEMADE MINI BITES WITH SPINACH, ENDIVE, LEEK  & MIZITHRA CHEESE 10X750GR',NULL,0.00,NULL,0,1,4,4,'2020-11-18 15:52:22','2020-11-18 15:52:22'),(3432,'CAPTAINS BASIL 6 X 60GR',12.86,6.43,'CAPTAINS BASIL 6 X 60GR',NULL,0.00,NULL,0,1,4,4,'2020-11-18 15:52:23','2020-11-18 15:52:23'),(3433,'CAPTAINS LAUREL LEAVES 6 X 25GR',12.86,6.43,'CAPTAINS LAUREL LEAVES 6 X 25GR',NULL,0.00,NULL,0,1,4,4,'2020-11-18 15:52:23','2020-11-18 15:52:23'),(3434,'CAPTAINS OREGANO 6 X 100GR',16.01,8.01,'CAPTAINS OREGANO 6 X 100GR',NULL,0.00,NULL,0,1,4,4,'2020-11-18 15:52:23','2020-11-18 15:52:23'),(3435,'CAPTAINS SPEARMINT 6 X 30GR',12.86,6.43,'CAPTAINS SPEARMINT 6 X 30GR',NULL,0.00,NULL,0,1,4,4,'2020-11-18 15:52:23','2020-11-18 15:52:23'),(3436,'ROSEHILL BEEF CUBES 24 X 25PCS',31.25,15.63,'ROSEHILL BEEF CUBES 24 X 25PCS',NULL,0.00,NULL,0,1,4,4,'2020-11-18 15:52:23','2020-11-18 15:52:23'),(3437,'CAPTAINS WHOLE MAHLEP 32X5GR',28.80,14.40,'CAPTAINS WHOLE MAHLEP 32X5GR',NULL,0.00,NULL,0,1,4,4,'2020-11-18 15:52:24','2020-11-18 15:52:24'),(3438,'CAPTAINS MASTIC 24X5GR',54.50,27.25,'CAPTAINS MASTIC 24X5GR',NULL,0.00,NULL,0,1,4,4,'2020-11-18 15:52:24','2020-11-18 15:52:24'),(3439,'GREEK OREGANO 8KG (32x250gr)',99.00,49.50,'GREEK OREGANO 8KG (32x250gr)',NULL,0.00,NULL,0,1,4,4,'2020-11-18 15:52:24','2020-11-18 15:52:24'),(3440,'CAPTAINS VANILLA 24X1.5GR',16.80,8.40,'CAPTAINS VANILLA 24X1.5GR',NULL,0.00,NULL,0,1,4,4,'2020-11-18 15:52:24','2020-11-18 15:52:24'),(3441,'CAPTAINS VANILLA SUGAR 40X10GR',17.06,8.53,'CAPTAINS VANILLA SUGAR 40X10GR',NULL,0.00,NULL,0,1,4,4,'2020-11-18 15:52:24','2020-11-18 15:52:24'),(3442,'CAPTAINS VANILLA SUGAR WITH CINNAMON 40X10GR',17.06,8.53,'CAPTAINS VANILLA SUGAR WITH CINNAMON 40X10GR',NULL,0.00,NULL,0,1,4,4,'2020-11-18 15:52:24','2020-11-18 15:52:24'),(3443,'CAPTAINS VANILLA SUGAR WITH LEMON 40X10GR',17.06,8.53,'CAPTAINS VANILLA SUGAR WITH LEMON 40X10GR',NULL,0.00,NULL,0,1,4,4,'2020-11-18 15:52:25','2020-11-18 15:52:25'),(3444,'CAPTAINS VANILLA SUGAR WITH ORANGE 40X10GR',17.06,8.53,'CAPTAINS VANILLA SUGAR WITH ORANGE 40X10GR',NULL,0.00,NULL,0,1,4,4,'2020-11-18 15:52:25','2020-11-18 15:52:25'),(3445,'OREGANO BUNCH 12X40GR',19.95,9.98,'OREGANO BUNCH 12X40GR',NULL,0.00,NULL,0,1,4,4,'2020-11-18 15:52:25','2020-11-18 15:52:25'),(3446,'LAUREL BAY LEAVES 12X40GR',21.95,10.98,'LAUREL BAY LEAVES 12X40GR',NULL,0.00,NULL,0,1,4,4,'2020-11-18 15:52:25','2020-11-18 15:52:25'),(3447,'CAPTAINS-GROUND MAHLEP 32 X 5 GR',28.80,14.40,'CAPTAINS-GROUND MAHLEP 32 X 5 GR',NULL,0.00,NULL,0,1,4,4,'2020-11-18 15:52:25','2020-11-18 15:52:25'),(3448,'CRETAN LIFE OREGANO 15 X 40 G',24.00,12.00,'CRETAN LIFE OREGANO 15 X 40 G',NULL,0.00,NULL,0,1,4,4,'2020-11-18 15:52:26','2020-11-18 15:52:26'),(3449,'CRETAN LIFE THYME 15 X 30 G',24.00,12.00,'CRETAN LIFE THYME 15 X 30 G',NULL,0.00,NULL,0,1,4,4,'2020-11-18 15:52:26','2020-11-18 15:52:26'),(3450,'CRETAN LIFE ROSEMARY 15 X 40 G',24.00,12.00,'CRETAN LIFE ROSEMARY 15 X 40 G',NULL,0.00,NULL,0,1,4,4,'2020-11-18 15:52:26','2020-11-18 15:52:26'),(3451,'CRETAN LIFE BASIL 15 X 40 G',24.00,12.00,'CRETAN LIFE BASIL 15 X 40 G',NULL,0.00,NULL,0,1,4,4,'2020-11-18 15:52:26','2020-11-18 15:52:26'),(3452,'CRETAN LIFE LAUREL 15 X 15 G',24.00,12.00,'CRETAN LIFE LAUREL 15 X 15 G',NULL,0.00,NULL,0,1,4,4,'2020-11-18 15:52:26','2020-11-18 15:52:26'),(3453,'CRETAN LIFE MOUNTAIN TEA (MALOTIRA) 12 X 15 G',26.00,13.00,'CRETAN LIFE MOUNTAIN TEA (MALOTIRA) 12 X 15 G',NULL,0.00,NULL,0,1,4,4,'2020-11-18 15:52:27','2020-11-18 15:52:27'),(3454,'MYLOS - GREEK LOUKANIKO',9.50,4.75,'MYLOS - GREEK LOUKANIKO',NULL,0.00,NULL,0,1,4,4,'2020-11-18 15:52:27','2020-11-18 15:52:27'),(3455,'MYLOS GREEK SPICY LOUKANIKO BY KG',8.95,4.48,'MYLOS GREEK SPICY LOUKANIKO BY KG',NULL,0.00,NULL,0,1,4,4,'2020-11-18 15:52:27','2020-11-18 15:52:27'),(3456,'MYLOS- GREEK SALAMI',9.36,4.68,'MYLOS- GREEK SALAMI',NULL,0.00,NULL,0,1,4,4,'2020-11-18 15:52:27','2020-11-18 15:52:27'),(3457,'MYLOS-MORTADELLA',8.95,4.48,'MYLOS-MORTADELLA',NULL,0.00,NULL,0,1,4,4,'2020-11-18 15:52:27','2020-11-18 15:52:27'),(3458,'MYLOS-GENOVA SALAMI MILD',14.49,7.25,'MYLOS-GENOVA SALAMI MILD',NULL,0.00,NULL,0,1,4,4,'2020-11-18 15:52:27','2020-11-18 15:52:27'),(3459,'MYLOS GENOVA SALAMI HOT',14.49,7.25,'MYLOS GENOVA SALAMI HOT',NULL,0.00,NULL,0,1,4,4,'2020-11-18 15:52:28','2020-11-18 15:52:28'),(3460,'MYLOS - GREEK CHICKEN LOUKANIKO PER KG',9.95,4.98,'MYLOS - GREEK CHICKEN LOUKANIKO PER KG',NULL,0.00,NULL,0,1,4,4,'2020-11-18 15:52:28','2020-11-18 15:52:28'),(3461,'REA MILD ITALIAN SAUSAGE FROZEN 8 X 900 G',66.25,33.13,'REA MILD ITALIAN SAUSAGE FROZEN 8 X 900 G',NULL,0.00,NULL,0,1,4,4,'2020-11-18 15:52:28','2020-11-18 15:52:28'),(3462,'REA HOT ITALIAN SAUSAGE FROZEN 8 X 900 G',66.25,33.13,'REA HOT ITALIAN SAUSAGE FROZEN 8 X 900 G',NULL,0.00,NULL,0,1,4,4,'2020-11-18 15:52:28','2020-11-18 15:52:28'),(3463,'CAPICOLLO COOKED MILD',14.49,7.25,'CAPICOLLO COOKED MILD',NULL,0.00,NULL,0,1,4,4,'2020-11-18 15:52:28','2020-11-18 15:52:28'),(3464,'CAPICOLLO COOKED HOT',14.49,7.25,'CAPICOLLO COOKED HOT',NULL,0.00,NULL,0,1,4,4,'2020-11-18 15:52:28','2020-11-18 15:52:28'),(3465,'KALLONI - RED BELL PEPPER STUFFED WITH CHEESE MIX 4 X 1.8 KG',89.00,44.50,'KALLONI - RED BELL PEPPER STUFFED WITH CHEESE MIX 4 X 1.8 KG',NULL,0.00,NULL,0,1,4,4,'2020-11-18 15:52:29','2020-11-18 15:52:29'),(3466,'KALLONI - ARTICHOKES STUFFED WITH CHEESE MIX 4 X 1.8 KG',115.00,57.50,'KALLONI - ARTICHOKES STUFFED WITH CHEESE MIX 4 X 1.8 KG',NULL,0.00,NULL,0,1,4,4,'2020-11-18 15:52:29','2020-11-18 15:52:29'),(3467,'KALLONI - GREEN OLIVES STUFFED WITH CHEESE MIX 4 X 1.8 KG',99.00,49.50,'KALLONI - GREEN OLIVES STUFFED WITH CHEESE MIX 4 X 1.8 KG',NULL,0.00,NULL,0,1,4,4,'2020-11-18 15:52:29','2020-11-18 15:52:29'),(3468,'KALLONI - RED CHERRY PEPPER STUFFED WITH CHEESE MIX 12 X 250G',42.00,21.00,'KALLONI - RED CHERRY PEPPER STUFFED WITH CHEESE MIX 12 X 250G',NULL,0.00,NULL,0,1,4,4,'2020-11-18 15:52:29','2020-11-18 15:52:29'),(3469,'KALLONI - GREEN OLIVES STUFFED WITH CHEESE MIX 12 X 250G',42.00,21.00,'KALLONI - GREEN OLIVES STUFFED WITH CHEESE MIX 12 X 250G',NULL,0.00,NULL,0,1,4,4,'2020-11-18 15:52:29','2020-11-18 15:52:29'),(3470,'KALLONI - RED BELL PEPPER STUFFED WITH CHEESE 12 X 250G',42.00,21.00,'KALLONI - RED BELL PEPPER STUFFED WITH CHEESE 12 X 250G',NULL,0.00,NULL,0,1,4,4,'2020-11-18 15:52:30','2020-11-18 15:52:30'),(3471,'KALLONI - RED FLORINIS PEPPER STUFFED WITH CHEESE MIX 12 X 250G',42.00,21.00,'KALLONI - RED FLORINIS PEPPER STUFFED WITH CHEESE MIX 12 X 250G',NULL,0.00,NULL,0,1,4,4,'2020-11-18 15:52:30','2020-11-18 15:52:30'),(3472,'KALLONI - GREEN BELL PEPPER STUFFED WITH CHEESE MIX 12 X 250G',42.00,21.00,'KALLONI - GREEN BELL PEPPER STUFFED WITH CHEESE MIX 12 X 250G',NULL,0.00,NULL,0,1,4,4,'2020-11-18 15:52:30','2020-11-18 15:52:30'),(3473,'KALLONI - GREEN PEPPER (MAKEDONIKO) STUFFED WITH CHEESE MIX 12 X 250G',42.00,21.00,'KALLONI - GREEN PEPPER (MAKEDONIKO) STUFFED WITH CHEESE MIX 12 X 250G',NULL,0.00,NULL,0,1,4,4,'2020-11-18 15:52:30','2020-11-18 15:52:30'),(3474,'KALLONI - MIX BELL PEPPER STUFFED WITH CHEESE 12 X 250G',42.00,21.00,'KALLONI - MIX BELL PEPPER STUFFED WITH CHEESE 12 X 250G',NULL,0.00,NULL,0,1,4,4,'2020-11-18 15:52:30','2020-11-18 15:52:30'),(3475,'KALLONI - ARTICHOKES STUFFED WITH CHEESE MIX 12 X 250G',57.00,28.50,'KALLONI - ARTICHOKES STUFFED WITH CHEESE MIX 12 X 250G',NULL,0.00,NULL,0,1,4,4,'2020-11-18 15:52:31','2020-11-18 15:52:31'),(3476,'YERVANTS BASTOURMA REGULAR BY KG',31.50,15.75,'YERVANTS BASTOURMA REGULAR BY KG',NULL,0.00,NULL,0,1,4,4,'2020-11-18 15:52:31','2020-11-18 15:52:31'),(3477,'LOUX LEMONADE 6 X 1.5L',13.23,6.62,'LOUX LEMONADE 6 X 1.5L',NULL,0.00,NULL,0,1,4,4,'2020-11-18 15:52:31','2020-11-18 15:52:31'),(3478,'LOUX ORANGEADE 6 X 1.5L',13.23,6.62,'LOUX ORANGEADE 6 X 1.5L',NULL,0.00,NULL,0,1,4,4,'2020-11-18 15:52:31','2020-11-18 15:52:31'),(3479,'LOUX SOUR CHERRY 6 X 1.5L',13.23,6.62,'LOUX SOUR CHERRY 6 X 1.5L',NULL,0.00,NULL,0,1,4,4,'2020-11-18 15:52:31','2020-11-18 15:52:31'),(3480,'ZAGORI GLASS MINERAL WATER 12 X 1LT',19.90,9.95,'ZAGORI GLASS MINERAL WATER 12 X 1LT',NULL,0.00,NULL,0,1,4,4,'2020-11-18 15:52:32','2020-11-18 15:52:32'),(3481,'ZAGORI MINERAL WATER PLASTIC 12 X 1LT',10.76,5.38,'ZAGORI MINERAL WATER PLASTIC 12 X 1LT',NULL,0.00,NULL,0,1,4,4,'2020-11-18 15:52:32','2020-11-18 15:52:32'),(3482,'ZAGORI MINERAL WATER PLASTIC BOTTLES 24X500ML',9.25,4.63,'ZAGORI MINERAL WATER PLASTIC BOTTLES 24X500ML',NULL,0.00,NULL,0,1,4,4,'2020-11-18 15:52:32','2020-11-18 15:52:32'),(3483,'ZAGORI MINERAL WATER 6 X 1.5L..(52016270199620)',5.25,2.63,'ZAGORI MINERAL WATER 6 X 1.5L..(52016270199620)',NULL,0.00,NULL,0,1,4,4,'2020-11-18 15:52:32','2020-11-18 15:52:32'),(3484,'ZAGORI CARBONATED WATER 12 X 750ML(5201627019938)',17.25,8.63,'ZAGORI CARBONATED WATER 12 X 750ML(5201627019938)',NULL,0.00,NULL,0,1,4,4,'2020-11-18 15:52:32','2020-11-18 15:52:32'),(3485,'LOUX MIX MADARIN 6 X 1.5L',13.23,6.62,'LOUX MIX MADARIN 6 X 1.5L',NULL,0.00,NULL,0,1,4,4,'2020-11-18 15:52:32','2020-11-18 15:52:32'),(3486,'LOUX COLA 6 X 1.5L',13.23,6.62,'LOUX COLA 6 X 1.5L',NULL,0.00,NULL,0,1,4,4,'2020-11-18 15:52:33','2020-11-18 15:52:33'),(3487,'LOUX GAZOZA 6 X 1.5L',13.23,6.62,'LOUX GAZOZA 6 X 1.5L',NULL,0.00,NULL,0,1,4,4,'2020-11-18 15:52:33','2020-11-18 15:52:33'),(3488,'ZAGORI CARBONATED WATER 6 X 1.5LTRS',6.04,3.02,'ZAGORI CARBONATED WATER 6 X 1.5LTRS',NULL,0.00,NULL,0,1,4,4,'2020-11-18 15:52:33','2020-11-18 15:52:33'),(3489,'LOUX ORANGE DRINK 6 X 330ML',4.20,2.10,'LOUX ORANGE DRINK 6 X 330ML',NULL,0.00,NULL,0,1,4,4,'2020-11-18 15:52:33','2020-11-18 15:52:33'),(3490,'LOUX LEMON DRINK 6 X 330ML',4.20,2.10,'LOUX LEMON DRINK 6 X 330ML',NULL,0.00,NULL,0,1,4,4,'2020-11-18 15:52:33','2020-11-18 15:52:33'),(3491,'LOUX ORANGE (NON CARBONATED) 6 X 1.5 LTRS',13.23,6.62,'LOUX ORANGE (NON CARBONATED) 6 X 1.5 LTRS',NULL,0.00,NULL,0,1,4,4,'2020-11-18 15:52:34','2020-11-18 15:52:34'),(3492,'LOUX SOUR CHERRY 6 X 330ML',4.20,2.10,'LOUX SOUR CHERRY 6 X 330ML',NULL,0.00,NULL,0,1,4,4,'2020-11-18 15:52:34','2020-11-18 15:52:34'),(3493,'LOUX 330ML NON CARBONATED ORANGE DRINK 6X330ML',4.20,2.10,'LOUX 330ML NON CARBONATED ORANGE DRINK 6X330ML',NULL,0.00,NULL,0,1,4,4,'2020-11-18 15:52:34','2020-11-18 15:52:34'),(3494,'LOUX 330ML GAZOZA  DRINK 6X330ML',4.20,2.10,'LOUX 330ML GAZOZA  DRINK 6X330ML',NULL,0.00,NULL,0,1,4,4,'2020-11-18 15:52:34','2020-11-18 15:52:34'),(3495,'LOUX COLA 6x330 ML',4.20,2.10,'LOUX COLA 6x330 ML',NULL,0.00,NULL,0,1,4,4,'2020-11-18 15:52:34','2020-11-18 15:52:34'),(3496,'LOUX LEMON PLUS\'N\'LIGHT TEA 6X330ML',4.73,2.37,'LOUX LEMON PLUS\'N\'LIGHT TEA 6X330ML',NULL,0.00,NULL,0,1,4,4,'2020-11-18 15:52:34','2020-11-18 15:52:34'),(3497,'LOUX PEACH PLUS\'N\'LIGHT TEA 6X330ML',4.73,2.37,'LOUX PEACH PLUS\'N\'LIGHT TEA 6X330ML',NULL,0.00,NULL,0,1,4,4,'2020-11-18 15:52:35','2020-11-18 15:52:35'),(3498,'LOUX RED FRUITS PLUS\'N\'LIGHT TEA 6X330ML',4.73,2.37,'LOUX RED FRUITS PLUS\'N\'LIGHT TEA 6X330ML',NULL,0.00,NULL,0,1,4,4,'2020-11-18 15:52:35','2020-11-18 15:52:35'),(3499,'ZAGORI SPARKLING CARBONATED WATER 24 X 330ML',18.25,9.13,'ZAGORI SPARKLING CARBONATED WATER 24 X 330ML',NULL,0.00,NULL,0,1,4,4,'2020-11-18 15:52:35','2020-11-18 15:52:35'),(3500,'ZAGORI SPARKLING GREEN APPLE WATER 16X500ML',9.95,4.98,'ZAGORI SPARKLING GREEN APPLE WATER 16X500ML',NULL,0.00,NULL,0,1,4,4,'2020-11-18 15:52:35','2020-11-18 15:52:35'),(3501,'ZAGORI SPARKLING LEMON WATER 16X500ML',9.95,4.98,'ZAGORI SPARKLING LEMON WATER 16X500ML',NULL,0.00,NULL,0,1,4,4,'2020-11-18 15:52:35','2020-11-18 15:52:35'),(3502,'ZAGORI NATURAL MINERAL WATER TWIN PACK 2X5LIT',3.50,1.75,'ZAGORI NATURAL MINERAL WATER TWIN PACK 2X5LIT',NULL,0.00,NULL,0,1,4,4,'2020-11-18 15:52:35','2020-11-18 15:52:35'),(3503,'LOUX NATURAL ORANGE JUICE 12 X 1 L.',25.80,12.90,'LOUX NATURAL ORANGE JUICE 12 X 1 L.',NULL,0.00,NULL,0,1,4,4,'2020-11-18 15:52:36','2020-11-18 15:52:36'),(3504,'LOUX APPLE, ORANGE AND CARROT NECTAR 12 X 1 L.',25.80,12.90,'LOUX APPLE, ORANGE AND CARROT NECTAR 12 X 1 L.',NULL,0.00,NULL,0,1,4,4,'2020-11-18 15:52:36','2020-11-18 15:52:36'),(3505,'LOUX NATURAL MULTIVITAMIN JUICE 12 X 1 L.',25.80,12.90,'LOUX NATURAL MULTIVITAMIN JUICE 12 X 1 L.',NULL,0.00,NULL,0,1,4,4,'2020-11-18 15:52:36','2020-11-18 15:52:36'),(3506,'LOUX PEACH FRUIT JUICE 12 X 1 L',25.80,12.90,'LOUX PEACH FRUIT JUICE 12 X 1 L',NULL,0.00,NULL,0,1,4,4,'2020-11-18 15:52:36','2020-11-18 15:52:36'),(3507,'ZAGORI CARBONATED NATURAL MINERAL WATER 12X500ML',6.95,3.48,'ZAGORI CARBONATED NATURAL MINERAL WATER 12X500ML',NULL,0.00,NULL,0,1,4,4,'2020-11-18 15:52:36','2020-11-18 15:52:36'),(3508,'LOUX TONIC 12X500ML',8.95,4.48,'LOUX TONIC 12X500ML',NULL,0.00,NULL,0,1,4,4,'2020-11-18 15:52:37','2020-11-18 15:52:37'),(3509,'SAMARIA SPARKLING MASTICHA WATER 12X330ML',20.00,10.00,'SAMARIA SPARKLING MASTICHA WATER 12X330ML',NULL,0.00,NULL,0,1,4,4,'2020-11-18 15:52:37','2020-11-18 15:52:37'),(3510,'SAMARIA BALSAMIC VINEGAR OF CRETE WITH GRAPE SYRUP 12X250ML',48.00,24.00,'SAMARIA BALSAMIC VINEGAR OF CRETE WITH GRAPE SYRUP 12X250ML',NULL,0.00,NULL,0,1,4,4,'2020-11-18 15:52:37','2020-11-18 15:52:37'),(3511,'SAMARIA TRADITIONAL GRAPE SYRUP OF CRETE 12X250ML',57.00,28.50,'SAMARIA TRADITIONAL GRAPE SYRUP OF CRETE 12X250ML',NULL,0.00,NULL,0,1,4,4,'2020-11-18 15:52:37','2020-11-18 15:52:37'),(3512,'DICTAMUS KARTERAKI CHAI TEABAGS 12 X (1 X 10G)',24.00,12.00,'DICTAMUS KARTERAKI CHAI TEABAGS 12 X (1 X 10G)',NULL,0.00,NULL,0,1,4,4,'2020-11-18 15:52:37','2020-11-18 15:52:37'),(3513,'DICTAMUS CRETAN CHAMOMILE TEABAGS 12 X (10 X 1 G)',24.00,12.00,'DICTAMUS CRETAN CHAMOMILE TEABAGS 12 X (10 X 1 G)',NULL,0.00,NULL,0,1,4,4,'2020-11-18 15:52:38','2020-11-18 15:52:38'),(3514,'DICTAMUS CRETAN DICTAMNUS TEABAGS 12 X (10 X 1 G)',24.00,12.00,'DICTAMUS CRETAN DICTAMNUS TEABAGS 12 X (10 X 1 G)',NULL,0.00,NULL,0,1,4,4,'2020-11-18 15:52:38','2020-11-18 15:52:38'),(3515,'DICTAMUS KARTERAKI GREEN TEABAGS 12 X (10 X 1 G)',24.00,12.00,'DICTAMUS KARTERAKI GREEN TEABAGS 12 X (10 X 1 G)',NULL,0.00,NULL,0,1,4,4,'2020-11-18 15:52:38','2020-11-18 15:52:38'),(3516,'DICTAMUS CRETAN LEMON VERBENA TEABAGS 12 X (10 X 1 G)',24.00,12.00,'DICTAMUS CRETAN LEMON VERBENA TEABAGS 12 X (10 X 1 G)',NULL,0.00,NULL,0,1,4,4,'2020-11-18 15:52:38','2020-11-18 15:52:38'),(3517,'DICTAMUS CRETAN PEPERMINT TEABAGS 12 X (10 X 1 G)',24.00,12.00,'DICTAMUS CRETAN PEPERMINT TEABAGS 12 X (10 X 1 G)',NULL,0.00,NULL,0,1,4,4,'2020-11-18 15:52:38','2020-11-18 15:52:38'),(3518,'DICTAMUS CRETAN SAGE TEABAGS 12 X (10 X 1 G)',24.00,12.00,'DICTAMUS CRETAN SAGE TEABAGS 12 X (10 X 1 G)',NULL,0.00,NULL,0,1,4,4,'2020-11-18 15:52:38','2020-11-18 15:52:38'),(3519,'DICTAMUS KARTERAKI TRADITIONAL TEABAGS 12 X (10 X 1 G)',24.00,12.00,'DICTAMUS KARTERAKI TRADITIONAL TEABAGS 12 X (10 X 1 G)',NULL,0.00,NULL,0,1,4,4,'2020-11-18 15:52:39','2020-11-18 15:52:39'),(3520,'MINUTE MAID ORANGE JUICE HOME SQUEEZED STYLE 8 X 1.75 L',24.60,12.30,'MINUTE MAID ORANGE JUICE HOME SQUEEZED STYLE 8 X 1.75 L',NULL,0.00,NULL,0,1,4,4,'2020-11-18 15:52:39','2020-11-18 15:52:39'),(3521,'MINUTE MAID ORANGE JUICE ORIGINAL  8 X 1.75 L',24.60,12.30,'MINUTE MAID ORANGE JUICE ORIGINAL  8 X 1.75 L',NULL,0.00,NULL,0,1,4,4,'2020-11-18 15:52:39','2020-11-18 15:52:39'),(3522,'MINUTE MAID ORANGE JUICE HEARTWISE 8 X 1.75 L',24.50,12.25,'MINUTE MAID ORANGE JUICE HEARTWISE 8 X 1.75 L',NULL,0.00,NULL,0,1,4,4,'2020-11-18 15:52:39','2020-11-18 15:52:39'),(3523,'FIVE ALIVE CITRUS JUICE 8 X 1.75 L',22.10,11.05,'FIVE ALIVE CITRUS JUICE 8 X 1.75 L',NULL,0.00,NULL,0,1,4,4,'2020-11-18 15:52:39','2020-11-18 15:52:39'),(3524,'FIVE ALIVE PASSIONATE PEACH CITRUS 8 X 1.75 L',22.10,11.05,'FIVE ALIVE PASSIONATE PEACH CITRUS 8 X 1.75 L',NULL,0.00,NULL,0,1,4,4,'2020-11-18 15:52:40','2020-11-18 15:52:40'),(3525,'FRUITOPIA FRUIT INTEGRATION 8 X 1.75 L',19.90,9.95,'FRUITOPIA FRUIT INTEGRATION 8 X 1.75 L',NULL,0.00,NULL,0,1,4,4,'2020-11-18 15:52:40','2020-11-18 15:52:40'),(3526,'FRUITOPIA STRAWBERRY PASSION AWARENESS 8 X 1.75 L',19.90,9.95,'FRUITOPIA STRAWBERRY PASSION AWARENESS 8 X 1.75 L',NULL,0.00,NULL,0,1,4,4,'2020-11-18 15:52:40','2020-11-18 15:52:40'),(3527,'FRUITOPIA KIWI KARMA 8 X 1.75 L',19.90,9.95,'FRUITOPIA KIWI KARMA 8 X 1.75 L',NULL,0.00,NULL,0,1,4,4,'2020-11-18 15:52:40','2020-11-18 15:52:40'),(3528,'FEDON SOFT MOUSTOKOULOURA WITH SESAME RAISIN 10 X 400GR',33.08,16.54,'FEDON SOFT MOUSTOKOULOURA WITH SESAME RAISIN 10 X 400GR',NULL,0.00,NULL,0,1,4,4,'2020-11-18 15:52:41','2020-11-18 15:52:41'),(3529,'FEDON SOFT MOUSTOKOULOURA 10 X 400GR',33.08,16.54,'FEDON SOFT MOUSTOKOULOURA 10 X 400GR',NULL,0.00,NULL,0,1,4,4,'2020-11-18 15:52:41','2020-11-18 15:52:41'),(3530,'FEDON MINI MOUSTOKOULOURA (8 x 300GR)',20.95,10.48,'FEDON MINI MOUSTOKOULOURA (8 x 300GR)',NULL,0.00,NULL,0,1,4,4,'2020-11-18 15:52:41','2020-11-18 15:52:41'),(3531,'FEDON MINI TWIST VANILLA COOKIES (200GR x 12)',25.20,12.60,'FEDON MINI TWIST VANILLA COOKIES (200GR x 12)',NULL,0.00,NULL,0,1,4,4,'2020-11-18 15:52:41','2020-11-18 15:52:41'),(3532,'FEDON MINI TWISTS CINAMON  COOKIES( 200GR x 12 )',25.20,12.60,'FEDON MINI TWISTS CINAMON  COOKIES( 200GR x 12 )',NULL,0.00,NULL,0,1,4,4,'2020-11-18 15:52:41','2020-11-18 15:52:41'),(3533,'FEDON MINI TWISTS ORANGE COOKIES( 200GR x 12)',25.20,12.60,'FEDON MINI TWISTS ORANGE COOKIES( 200GR x 12)',NULL,0.00,NULL,0,1,4,4,'2020-11-18 15:52:41','2020-11-18 15:52:41'),(3534,'FEDONHONEY WALNUT COOKIES (12X350GR)',41.95,20.98,'FEDONHONEY WALNUT COOKIES (12X350GR)',NULL,0.00,NULL,0,1,4,4,'2020-11-18 15:52:42','2020-11-18 15:52:42'),(3535,'FEDON APPLE CINNAMON COOKIES  (12 X 350GR)',37.80,18.90,'FEDON APPLE CINNAMON COOKIES  (12 X 350GR)',NULL,0.00,NULL,0,1,4,4,'2020-11-18 15:52:42','2020-11-18 15:52:42'),(3536,'FEDON GRISSINIES WITH WHOLEMEAL FLOUR (14x125GR)',19.90,9.95,'FEDON GRISSINIES WITH WHOLEMEAL FLOUR (14x125GR)',NULL,0.00,NULL,0,1,4,4,'2020-11-18 15:52:42','2020-11-18 15:52:42'),(3537,'FEDON GRISSINIES WITH SESAME (14 x 125GR)',19.90,9.95,'FEDON GRISSINIES WITH SESAME (14 x 125GR)',NULL,0.00,NULL,0,1,4,4,'2020-11-18 15:52:42','2020-11-18 15:52:42'),(3538,'FEDON GREEK BRIOCHE(TSOUREKI) FILLED WITH COCOA CREAM  (8x420GR)',28.00,14.00,'FEDON GREEK BRIOCHE(TSOUREKI) FILLED WITH COCOA CREAM  (8x420GR)',NULL,0.00,NULL,0,1,4,4,'2020-11-18 15:52:42','2020-11-18 15:52:42'),(3539,'FEDON GREEK BRIOCHE(TSOUREKI) FILLED WITH COCOA PRALINE (28x95GR)',28.00,14.00,'FEDON GREEK BRIOCHE(TSOUREKI) FILLED WITH COCOA PRALINE (28x95GR)',NULL,0.00,NULL,0,1,4,4,'2020-11-18 15:52:43','2020-11-18 15:52:43'),(3540,'FEDON TRADITIONAL SWEET CAKE(TSOUREKI) (8X400GR)',28.00,14.00,'FEDON TRADITIONAL SWEET CAKE(TSOUREKI) (8X400GR)',NULL,0.00,NULL,0,1,4,4,'2020-11-18 15:52:43','2020-11-18 15:52:43'),(3541,'FEDON KOURABIEDES WITH ALMONDS (15x350Gr)',75.00,37.50,'FEDON KOURABIEDES WITH ALMONDS (15x350Gr)',NULL,0.00,NULL,0,1,4,4,'2020-11-18 15:52:43','2020-11-18 15:52:43'),(3542,'FEDON MELOMAKARONA (12x400gr)',54.00,27.00,'FEDON MELOMAKARONA (12x400gr)',NULL,0.00,NULL,0,1,4,4,'2020-11-18 15:52:43','2020-11-18 15:52:43'),(3543,'FEDON CHRISTMAS TRANDITIONAL SWEET CAKE (CLASSIC) (12x450gr)',54.00,27.00,'FEDON CHRISTMAS TRANDITIONAL SWEET CAKE (CLASSIC) (12x450gr)',NULL,0.00,NULL,0,1,4,4,'2020-11-18 15:52:44','2020-11-18 15:52:44'),(3544,'FEDON MINI KOURABIEDES WITH ALMONDS (12x350Gr)',60.00,30.00,'FEDON MINI KOURABIEDES WITH ALMONDS (12x350Gr)',NULL,0.00,NULL,0,1,4,4,'2020-11-18 15:52:44','2020-11-18 15:52:44'),(3545,'FEDON RING BREADSTICKS (12x150Gr)',19.95,9.98,'FEDON RING BREADSTICKS (12x150Gr)',NULL,0.00,NULL,0,1,4,4,'2020-11-18 15:52:44','2020-11-18 15:52:44'),(3546,'FEDON RING BREADSTICKS WHOLEWHEAT (12x150Gr)',19.95,9.98,'FEDON RING BREADSTICKS WHOLEWHEAT (12x150Gr)',NULL,0.00,NULL,0,1,4,4,'2020-11-18 15:52:44','2020-11-18 15:52:44'),(3547,'FEDON RING BREADSTICKS MULTICEREAL (12x150Gr)',19.95,9.98,'FEDON RING BREADSTICKS MULTICEREAL (12x150Gr)',NULL,0.00,NULL,0,1,4,4,'2020-11-18 15:52:44','2020-11-18 15:52:44'),(3548,'FEDON RING BREADSTICKS WITH CORN (12x150Gr)',19.95,9.98,'FEDON RING BREADSTICKS WITH CORN (12x150Gr)',NULL,0.00,NULL,0,1,4,4,'2020-11-18 15:52:44','2020-11-18 15:52:44'),(3549,'FEDON TRADITIONAL COOKIES (ZAKINTHINO) 8X300GR',29.40,14.70,'FEDON TRADITIONAL COOKIES (ZAKINTHINO) 8X300GR',NULL,0.00,NULL,0,1,4,4,'2020-11-18 15:52:45','2020-11-18 15:52:45'),(3550,'FEDON SWEET BREAD WITH CRANBERRIES 8 X 280 G',20.00,10.00,'FEDON SWEET BREAD WITH CRANBERRIES 8 X 280 G',NULL,0.00,NULL,0,1,4,4,'2020-11-18 15:52:45','2020-11-18 15:52:45'),(3551,'FEDON BAKLAVA VARIETY 6X600gr',39.95,19.98,'FEDON BAKLAVA VARIETY 6X600gr',NULL,0.00,NULL,0,1,4,4,'2020-11-18 15:52:45','2020-11-18 15:52:45'),(3552,'FEDON BREADSTICK MULTIGRAIN-MULTICEREAL 12 X 250 GR',33.00,16.50,'FEDON BREADSTICK MULTIGRAIN-MULTICEREAL 12 X 250 GR',NULL,0.00,NULL,0,1,4,4,'2020-11-18 15:52:45','2020-11-18 15:52:45'),(3553,'FEDON BREADSTICKS WITH CORN 12 X 250 GR',33.00,16.50,'FEDON BREADSTICKS WITH CORN 12 X 250 GR',NULL,0.00,NULL,0,1,4,4,'2020-11-18 15:52:45','2020-11-18 15:52:45'),(3554,'FEDON STRAWBERRY PIE 6X370GR',20.00,10.00,'FEDON STRAWBERRY PIE 6X370GR',NULL,0.00,NULL,0,1,4,4,'2020-11-18 15:52:46','2020-11-18 15:52:46'),(3555,'FEDON APRICOT PIE 6X370GR',20.00,10.00,'FEDON APRICOT PIE 6X370GR',NULL,0.00,NULL,0,1,4,4,'2020-11-18 15:52:46','2020-11-18 15:52:46'),(3556,'TERKENLIS CHOCOLATE COATED GREEK BRIOCHE (TSOUREKI) WITH CHOCOLATE PASTE FILLING 6 X 700 G',107.00,53.50,'TERKENLIS CHOCOLATE COATED GREEK BRIOCHE (TSOUREKI) WITH CHOCOLATE PASTE FILLING 6 X 700 G',NULL,0.00,NULL,0,1,4,4,'2020-11-18 15:52:46','2020-11-18 15:52:46'),(3557,'TERKENLIS WHITE CHOCOLATE COATED GREEK BRIOCHE (TSOUREKI) WITH CHESTNUT CREAM FILLING 6 X 700 G',107.00,53.50,'TERKENLIS WHITE CHOCOLATE COATED GREEK BRIOCHE (TSOUREKI) WITH CHESTNUT CREAM FILLING 6 X 700 G',NULL,0.00,NULL,0,1,4,4,'2020-11-18 15:52:46','2020-11-18 15:52:46'),(3558,'TERKENLIS KOURABIE WITH OREO COOKIE AND DARK COATING 12 X 350 GR',132.00,66.00,'TERKENLIS KOURABIE WITH OREO COOKIE AND DARK COATING 12 X 350 GR',NULL,0.00,NULL,0,1,4,4,'2020-11-18 15:52:46','2020-11-18 15:52:46'),(3559,'TERKENLIS MELOMAKARONA FILLED WITH HAZELNUT PRALINE CREAM AND DARK COATING 12 X 600GR',180.00,90.00,'TERKENLIS MELOMAKARONA FILLED WITH HAZELNUT PRALINE CREAM AND DARK COATING 12 X 600GR',NULL,0.00,NULL,0,1,4,4,'2020-11-18 15:52:47','2020-11-18 15:52:47'),(3560,'TERKENLIS MELOMAKARONA FILLED WITH CHESTNUT CREAM AND WHITE COATING 12 X 600GR',180.00,90.00,'TERKENLIS MELOMAKARONA FILLED WITH CHESTNUT CREAM AND WHITE COATING 12 X 600GR',NULL,0.00,NULL,0,1,4,4,'2020-11-18 15:52:47','2020-11-18 15:52:47'),(3561,'TERKENLIS TSOUREKI WITH CHOCOLATE CREAM FILLING BITE FB 15 X 185GR',50.00,25.00,'TERKENLIS TSOUREKI WITH CHOCOLATE CREAM FILLING BITE FB 15 X 185GR',NULL,0.00,NULL,0,1,4,4,'2020-11-18 15:52:47','2020-11-18 15:52:47'),(3562,'TERKENLIS TSOUREKI WITH CHESTNUT CREAM FILLING BITE FB 15 X 185GR',50.00,25.00,'TERKENLIS TSOUREKI WITH CHESTNUT CREAM FILLING BITE FB 15 X 185GR',NULL,0.00,NULL,0,1,4,4,'2020-11-18 15:52:47','2020-11-18 15:52:47'),(3563,'TERKENLIS TSOUREKI GREEK AUTHENTIC BRIOCHE 6 X 500 GR',75.00,37.50,'TERKENLIS TSOUREKI GREEK AUTHENTIC BRIOCHE 6 X 500 GR',NULL,0.00,NULL,0,1,4,4,'2020-11-18 15:52:47','2020-11-18 15:52:47'),(3564,'TERKENLIS CHOCOLATE CAKE DARK COATING 7 X 580 GR',68.25,34.13,'TERKENLIS CHOCOLATE CAKE DARK COATING 7 X 580 GR',NULL,0.00,NULL,0,1,4,4,'2020-11-18 15:52:47','2020-11-18 15:52:47'),(3565,'TERKENLIS VANILLA CAKE WHITE COATING 7 X 580 GR',68.25,34.13,'TERKENLIS VANILLA CAKE WHITE COATING 7 X 580 GR',NULL,0.00,NULL,0,1,4,4,'2020-11-18 15:52:48','2020-11-18 15:52:48'),(3566,'TERKENLIS KARIDOPITA 5 X 800 GR',48.75,24.38,'TERKENLIS KARIDOPITA 5 X 800 GR',NULL,0.00,NULL,0,1,4,4,'2020-11-18 15:52:48','2020-11-18 15:52:48'),(3567,'TERKENLIS PORTOKALOPITA 5 X 800 GR',48.75,24.38,'TERKENLIS PORTOKALOPITA 5 X 800 GR',NULL,0.00,NULL,0,1,4,4,'2020-11-18 15:52:48','2020-11-18 15:52:48'),(3568,'ARANCINI -MARGHERITA( 4 X 10 X 150GR)',74.00,37.00,'ARANCINI -MARGHERITA( 4 X 10 X 150GR)',NULL,0.00,NULL,0,1,4,4,'2020-11-18 15:52:48','2020-11-18 15:52:48'),(3569,'ARANCINI - SICILIANA (4 X 10 X 150GR)',76.35,38.18,'ARANCINI - SICILIANA (4 X 10 X 150GR)',NULL,0.00,NULL,0,1,4,4,'2020-11-18 15:52:48','2020-11-18 15:52:48'),(3570,'MINI ARANCINI - MARGHERITA (10 X 10 X 50GR)',66.00,33.00,'MINI ARANCINI - MARGHERITA (10 X 10 X 50GR)',NULL,0.00,NULL,0,1,4,4,'2020-11-18 15:52:49','2020-11-18 15:52:49'),(3571,'MINI ARANCINI-PORCINI (10 X 10 X 50GR)',66.00,33.00,'MINI ARANCINI-PORCINI (10 X 10 X 50GR)',NULL,0.00,NULL,0,1,4,4,'2020-11-18 15:52:49','2020-11-18 15:52:49'),(3572,'MINI ARANCINI - RICOTTA (10 X 10 X 50GR)',66.00,33.00,'MINI ARANCINI - RICOTTA (10 X 10 X 50GR)',NULL,0.00,NULL,0,1,4,4,'2020-11-18 15:52:49','2020-11-18 15:52:49'),(3573,'CUCINA  MINI ARANCINI MOZZARELA 10X10X50GR',66.00,33.00,'CUCINA  MINI ARANCINI MOZZARELA 10X10X50GR',NULL,0.00,NULL,0,1,4,4,'2020-11-18 15:52:50','2020-11-18 15:52:50'),(3574,'CUCINA MINI ARANCINI MARGHERITA 7.5KG',90.00,45.00,'CUCINA MINI ARANCINI MARGHERITA 7.5KG',NULL,0.00,NULL,0,1,4,4,'2020-11-18 15:52:50','2020-11-18 15:52:50'),(3575,'CUCINA  ARANCINI SICILIANA 7.5KG',90.00,45.00,'CUCINA  ARANCINI SICILIANA 7.5KG',NULL,0.00,NULL,0,1,4,4,'2020-11-18 15:52:50','2020-11-18 15:52:50'),(3576,'VRETTOS TOULOUBAKIA 10 X 600 G',50.00,25.00,'VRETTOS TOULOUBAKIA 10 X 600 G',NULL,0.00,NULL,0,1,4,4,'2020-11-18 15:52:50','2020-11-18 15:52:50'),(3577,'SAVOIDAKIS FROZEN COUNTRY BREAD LOOP 13 X 390 G',22.75,11.38,'SAVOIDAKIS FROZEN COUNTRY BREAD LOOP 13 X 390 G',NULL,0.00,NULL,0,1,4,4,'2020-11-18 15:52:50','2020-11-18 15:52:50'),(3578,'SAVOIDAKIS FROZEN COUNTRY BREAD LOAF 14 X 380 G',21.70,10.85,'SAVOIDAKIS FROZEN COUNTRY BREAD LOAF 14 X 380 G',NULL,0.00,NULL,0,1,4,4,'2020-11-18 15:52:51','2020-11-18 15:52:51'),(3579,'SAVOIDAKIS FROZEN COUNTRY BREAD LOAF \'METSOVO\' 12 X 430 G',21.00,10.50,'SAVOIDAKIS FROZEN COUNTRY BREAD LOAF \'METSOVO\' 12 X 430 G',NULL,0.00,NULL,0,1,4,4,'2020-11-18 15:52:51','2020-11-18 15:52:51'),(3580,'SAVOIDAKIS FROZEN CORN BREAD15 X 380 G',28.50,14.25,'SAVOIDAKIS FROZEN CORN BREAD15 X 380 G',NULL,0.00,NULL,0,1,4,4,'2020-11-18 15:52:51','2020-11-18 15:52:51'),(3581,'SAVOIDAKIS FROZEN WHITE BAGUETTE 18 X 300 G',22.50,11.25,'SAVOIDAKIS FROZEN WHITE BAGUETTE 18 X 300 G',NULL,0.00,NULL,0,1,4,4,'2020-11-18 15:52:51','2020-11-18 15:52:51'),(3582,'SAVOIDAKIS FROZEN OLIVE BAGUETTE 18 X 300 G',29.70,14.85,'SAVOIDAKIS FROZEN OLIVE BAGUETTE 18 X 300 G',NULL,0.00,NULL,0,1,4,4,'2020-11-18 15:52:51','2020-11-18 15:52:51'),(3583,'SAVOIDAKIS FROZEN MULTIGRAIN BAGUETTE 8 X 350 G',16.80,8.40,'SAVOIDAKIS FROZEN MULTIGRAIN BAGUETTE 8 X 350 G',NULL,0.00,NULL,0,1,4,4,'2020-11-18 15:52:51','2020-11-18 15:52:51'),(3584,'SAVOIDAKIS ORANGE BISCUITS 10 X 290 G',52.50,26.25,'SAVOIDAKIS ORANGE BISCUITS 10 X 290 G',NULL,0.00,NULL,0,1,4,4,'2020-11-18 15:52:52','2020-11-18 15:52:52'),(3585,'SAVOIDAKIS KALOUDI ALMOND BISCUITS 10 X 290 G',52.50,26.25,'SAVOIDAKIS KALOUDI ALMOND BISCUITS 10 X 290 G',NULL,0.00,NULL,0,1,4,4,'2020-11-18 15:52:52','2020-11-18 15:52:52'),(3586,'SAVOIDAKIS OLIVE OIL COOKIES WITH SESAME SEEDS 4 X 1.25 KG',50.00,25.00,'SAVOIDAKIS OLIVE OIL COOKIES WITH SESAME SEEDS 4 X 1.25 KG',NULL,0.00,NULL,0,1,4,4,'2020-11-18 15:52:52','2020-11-18 15:52:52'),(3587,'SAVOIDAKIS CINNAMON, ORANGE, ALMOND BISCUITS 4 X 1.25 KG',84.00,42.00,'SAVOIDAKIS CINNAMON, ORANGE, ALMOND BISCUITS 4 X 1.25 KG',NULL,0.00,NULL,0,1,4,4,'2020-11-18 15:52:52','2020-11-18 15:52:52'),(3588,'-ARTEMIS VINE LEAVES 6 X 2KG',50.00,25.00,'-ARTEMIS VINE LEAVES 6 X 2KG',NULL,0.00,NULL,0,1,4,4,'2020-11-18 15:52:52','2020-11-18 15:52:52'),(3589,'-PALIRRIA EGGPLANT PULP 3 X 4.2KG',44.00,22.00,'-PALIRRIA EGGPLANT PULP 3 X 4.2KG',NULL,0.00,NULL,0,1,4,4,'2020-11-18 15:52:53','2020-11-18 15:52:53'),(3590,'ONASSIS STUFFED VINE LEAVES WITH RICE(24 x 280GR)',52.92,26.46,'ONASSIS STUFFED VINE LEAVES WITH RICE(24 x 280GR)',NULL,0.00,NULL,0,1,4,4,'2020-11-18 15:52:53','2020-11-18 15:52:53'),(3591,'ONASSIS GIANT BEANS IN TOMATO SAUCE (24 x 280 GR)',52.92,26.46,'ONASSIS GIANT BEANS IN TOMATO SAUCE (24 x 280 GR)',NULL,0.00,NULL,0,1,4,4,'2020-11-18 15:52:53','2020-11-18 15:52:53'),(3592,'ONASSIS OKRA IN TOMATO SAUCE (24 x 280GR)',73.45,36.73,'ONASSIS OKRA IN TOMATO SAUCE (24 x 280GR)',NULL,0.00,NULL,0,1,4,4,'2020-11-18 15:52:53','2020-11-18 15:52:53'),(3593,'ONASSIS GREEN BEANS BAKED IN TOMATO SAUCE (24 x 280GR)',57.70,28.85,'ONASSIS GREEN BEANS BAKED IN TOMATO SAUCE (24 x 280GR)',NULL,0.00,NULL,0,1,4,4,'2020-11-18 15:52:54','2020-11-18 15:52:54'),(3594,'ONASSIS BAKED EGGPLANTS IMAM (24 x 280GR)',52.92,26.46,'ONASSIS BAKED EGGPLANTS IMAM (24 x 280GR)',NULL,0.00,NULL,0,1,4,4,'2020-11-18 15:52:54','2020-11-18 15:52:54'),(3595,'ONASSIS GIANT BEANS IN TOMATO SAUCE (6 x 2 KG)',54.60,27.30,'ONASSIS GIANT BEANS IN TOMATO SAUCE (6 x 2 KG)',NULL,0.00,NULL,0,1,4,4,'2020-11-18 15:52:54','2020-11-18 15:52:54'),(3596,'ONASSIS GIGANTES IN WATER 6 X 2KG',50.40,25.20,'ONASSIS GIGANTES IN WATER 6 X 2KG',NULL,0.00,NULL,0,1,4,4,'2020-11-18 15:52:54','2020-11-18 15:52:54'),(3597,'YIOTIS CLASSIC VANILLA PUDDING 24 X 160 G',25.15,12.58,'YIOTIS CLASSIC VANILLA PUDDING 24 X 160 G',NULL,0.00,NULL,0,1,4,4,'2020-11-18 15:52:54','2020-11-18 15:52:54'),(3598,'YIOTIS CLASSIC CHOCOLATE PUDDING 24 X 160 G',25.15,12.58,'YIOTIS CLASSIC CHOCOLATE PUDDING 24 X 160 G',NULL,0.00,NULL,0,1,4,4,'2020-11-18 15:52:55','2020-11-18 15:52:55'),(3599,'YIOTIS INSTANT RICE PUDDING (14 X 105GR)',15.75,7.88,'YIOTIS INSTANT RICE PUDDING (14 X 105GR)',NULL,0.00,NULL,0,1,4,4,'2020-11-18 15:52:55','2020-11-18 15:52:55'),(3600,'YIOTIS CREME CARAMEL (24 X 70GR)(5201002066697)',31.45,15.73,'YIOTIS CREME CARAMEL (24 X 70GR)(5201002066697)',NULL,0.00,NULL,0,1,4,4,'2020-11-18 15:52:55','2020-11-18 15:52:55'),(3601,'YIOTIS INSTANT YEAST (20 X 3 X 8GR)',22.58,11.29,'YIOTIS INSTANT YEAST (20 X 3 X 8GR)',NULL,0.00,NULL,0,1,4,4,'2020-11-18 15:52:55','2020-11-18 15:52:55'),(3602,'YIOTIS DUMPLINGS PLAIN (12 X 255GR)',26.20,13.10,'YIOTIS DUMPLINGS PLAIN (12 X 255GR)',NULL,0.00,NULL,0,1,4,4,'2020-11-18 15:52:55','2020-11-18 15:52:55'),(3603,'YIOTIS CREPES (12 X 300GR)',21.00,10.50,'YIOTIS CREPES (12 X 300GR)',NULL,0.00,NULL,0,1,4,4,'2020-11-18 15:52:56','2020-11-18 15:52:56'),(3604,'YIOTIS BECHEMEL SAUCE MIX (12 X 162GR)(5201002067236)',27.72,13.86,'YIOTIS BECHEMEL SAUCE MIX (12 X 162GR)(5201002067236)',NULL,0.00,NULL,0,1,4,4,'2020-11-18 15:52:56','2020-11-18 15:52:56'),(3605,'-YIOTIS MIX FOR MASHED POTATOES 10 X 125G',16.80,8.40,'-YIOTIS MIX FOR MASHED POTATOES 10 X 125G',NULL,0.00,NULL,0,1,4,4,'2020-11-18 15:52:56','2020-11-18 15:52:56'),(3606,'YIOTIS GARNI VANILLA (24 X 80GR)',37.80,18.90,'YIOTIS GARNI VANILLA (24 X 80GR)',NULL,0.00,NULL,0,1,4,4,'2020-11-18 15:52:56','2020-11-18 15:52:56'),(3607,'YIOTIS GARNI CHOCOLATE FLAVOR 12 X 200G',31.45,15.73,'YIOTIS GARNI CHOCOLATE FLAVOR 12 X 200G',NULL,0.00,NULL,0,1,4,4,'2020-11-18 15:52:56','2020-11-18 15:52:56'),(3608,'YIOTIS VARIETY 6 FLAVORS CLASSIC PUDDING 12 X 260G',30.00,15.00,'YIOTIS VARIETY 6 FLAVORS CLASSIC PUDDING 12 X 260G',NULL,0.00,NULL,0,1,4,4,'2020-11-18 15:52:56','2020-11-18 15:52:56'),(3609,'YIOTIS COCOA 20 X 125G',52.45,26.23,'YIOTIS COCOA 20 X 125G',NULL,0.00,NULL,0,1,4,4,'2020-11-18 15:52:57','2020-11-18 15:52:57'),(3610,'YIOTIS CORN STARCH 24 X 200G',31.50,15.75,'YIOTIS CORN STARCH 24 X 200G',NULL,0.00,NULL,0,1,4,4,'2020-11-18 15:52:57','2020-11-18 15:52:57'),(3611,'YIOTIS MARBLE CAKE MIX 6 X 500 G',18.90,9.45,'YIOTIS MARBLE CAKE MIX 6 X 500 G',NULL,0.00,NULL,0,1,4,4,'2020-11-18 15:52:57','2020-11-18 15:52:57'),(3612,'YIOTIS TRADITIONAL DESSERT KIT BOUGATSA 5 X 648 G',36.75,18.38,'YIOTIS TRADITIONAL DESSERT KIT BOUGATSA 5 X 648 G',NULL,0.00,NULL,0,1,4,4,'2020-11-18 15:52:57','2020-11-18 15:52:57'),(3613,'YIOTIS TRADITIONAL DESSERT KIT RAVANI 5 X 495 G',21.00,10.50,'YIOTIS TRADITIONAL DESSERT KIT RAVANI 5 X 495 G',NULL,0.00,NULL,0,1,4,4,'2020-11-18 15:52:57','2020-11-18 15:52:57'),(3614,'YIOTIS VANILLA PASTRY CREAM 12 X 117 G',15.75,7.88,'YIOTIS VANILLA PASTRY CREAM 12 X 117 G',NULL,0.00,NULL,0,1,4,4,'2020-11-18 15:52:57','2020-11-18 15:52:57'),(3615,'YIOTIS CHOCOLATE PASTRY CREAM 12 X 200 G',25.20,12.60,'YIOTIS CHOCOLATE PASTRY CREAM 12 X 200 G',NULL,0.00,NULL,0,1,4,4,'2020-11-18 15:52:58','2020-11-18 15:52:58'),(3616,'YIOTIS PRALINE PASTRY CREAM 12 X 130 G',18.90,9.45,'YIOTIS PRALINE PASTRY CREAM 12 X 130 G',NULL,0.00,NULL,0,1,4,4,'2020-11-18 15:52:58','2020-11-18 15:52:58'),(3617,'YIOTIS MILLEFEUILLE PASTRY CREAM 12 X 170 G',18.90,9.45,'YIOTIS MILLEFEUILLE PASTRY CREAM 12 X 170 G',NULL,0.00,NULL,0,1,4,4,'2020-11-18 15:52:58','2020-11-18 15:52:58'),(3618,'YIOTIS CHEESECAKE PASTRY CREAM 12 X 200 G',25.20,12.60,'YIOTIS CHEESECAKE PASTRY CREAM 12 X 200 G',NULL,0.00,NULL,0,1,4,4,'2020-11-18 15:52:58','2020-11-18 15:52:58'),(3619,'YIOTIS INSTANT DESSERT KIT CHERRY 6X383GR',30.00,15.00,'YIOTIS INSTANT DESSERT KIT CHERRY 6X383GR',NULL,0.00,NULL,0,1,4,4,'2020-11-18 15:52:58','2020-11-18 15:52:58'),(3620,'YIOTIS INSTANT DESSERT KIT STRAWBERRY 6X383GR',30.00,15.00,'YIOTIS INSTANT DESSERT KIT STRAWBERRY 6X383GR',NULL,0.00,NULL,0,1,4,4,'2020-11-18 15:52:59','2020-11-18 15:52:59'),(3621,'YIOTIS INSTANT DESSERT KIT MILLEFEULLE 5X532GR',30.00,15.00,'YIOTIS INSTANT DESSERT KIT MILLEFEULLE 5X532GR',NULL,0.00,NULL,0,1,4,4,'2020-11-18 15:52:59','2020-11-18 15:52:59'),(3622,'RI KRI HEARTMADE VANILLA-CHERRY ICE CREAM 6X1.5LIT',29.40,14.70,'RI KRI HEARTMADE VANILLA-CHERRY ICE CREAM 6X1.5LIT',NULL,0.00,NULL,0,1,4,4,'2020-11-18 15:52:59','2020-11-18 15:52:59'),(3623,'KRI KRI HEARTMADE VANILLA-COCOA ICE CREAM 6X1.5LIT',29.40,14.70,'KRI KRI HEARTMADE VANILLA-COCOA ICE CREAM 6X1.5LIT',NULL,0.00,NULL,0,1,4,4,'2020-11-18 15:52:59','2020-11-18 15:52:59'),(3624,'KRI KRI HEARTMADE STRACIATELLA ICE CREAM 6X1.5LIT',29.40,14.70,'KRI KRI HEARTMADE STRACIATELLA ICE CREAM 6X1.5LIT',NULL,0.00,NULL,0,1,4,4,'2020-11-18 15:52:59','2020-11-18 15:52:59'),(3625,'KRI KRI HEARTMADE COOKIES ICE CREAM 6X1.5LIT',29.40,14.70,'KRI KRI HEARTMADE COOKIES ICE CREAM 6X1.5LIT',NULL,0.00,NULL,0,1,4,4,'2020-11-18 15:52:59','2020-11-18 15:52:59'),(3626,'KRI KRI HEARTMADE KAIMAKI ICE CREAM 6X1.5LIT',29.40,14.70,'KRI KRI HEARTMADE KAIMAKI ICE CREAM 6X1.5LIT',NULL,0.00,NULL,0,1,4,4,'2020-11-18 15:53:00','2020-11-18 15:53:00'),(3627,'KRI KRI MULTI STICKS ION ALMOND 6X280GR',29.40,14.70,'KRI KRI MULTI STICKS ION ALMOND 6X280GR',NULL,0.00,NULL,0,1,4,4,'2020-11-18 15:53:00','2020-11-18 15:53:00'),(3628,'KRI KRI MULTI STICKS ION MILK 6X280GR',29.40,14.70,'KRI KRI MULTI STICKS ION MILK 6X280GR',NULL,0.00,NULL,0,1,4,4,'2020-11-18 15:53:00','2020-11-18 15:53:00'),(3629,'KRI KRI MULTI CONE ION ALMOND MILK 6X270GR',29.40,14.70,'KRI KRI MULTI CONE ION ALMOND MILK 6X270GR',NULL,0.00,NULL,0,1,4,4,'2020-11-18 15:53:00','2020-11-18 15:53:00'),(3630,'SUNBEC TABLE SALT 24 X 1KG',13.85,6.93,'SUNBEC TABLE SALT 24 X 1KG',NULL,0.00,NULL,0,1,4,4,'2020-11-18 15:53:00','2020-11-18 15:53:00'),(3631,'SUNBEC SEA SALT 24 X 1KG',18.95,9.48,'SUNBEC SEA SALT 24 X 1KG',NULL,0.00,NULL,0,1,4,4,'2020-11-18 15:53:01','2020-11-18 15:53:01'),(3632,'SUNBEC RAW SUGAR 24 X 500GR',31.85,15.93,'SUNBEC RAW SUGAR 24 X 500GR',NULL,0.00,NULL,0,1,4,4,'2020-11-18 15:53:01','2020-11-18 15:53:01'),(3633,'ARISTON FINE SEA SALT 30 X 200GR',16.99,8.50,'ARISTON FINE SEA SALT 30 X 200GR',NULL,0.00,NULL,0,1,4,4,'2020-11-18 15:53:01','2020-11-18 15:53:01'),(3634,'CHION FINE SEA SALT 15 X 750GR',16.95,8.48,'CHION FINE SEA SALT 15 X 750GR',NULL,0.00,NULL,0,1,4,4,'2020-11-18 15:53:01','2020-11-18 15:53:01'),(3635,'CHION SEA SALT  COARSE SALT 8 X 850GR',21.95,10.98,'CHION SEA SALT  COARSE SALT 8 X 850GR',NULL,0.00,NULL,0,1,4,4,'2020-11-18 15:53:01','2020-11-18 15:53:01'),(3636,'SUNBEC 50% LESS SODIUM SEA SALT 24 X 160 G',22.00,11.00,'SUNBEC 50% LESS SODIUM SEA SALT 24 X 160 G',NULL,0.00,NULL,0,1,4,4,'2020-11-18 15:53:02','2020-11-18 15:53:02'),(3637,'ARISTON TABLE SALT 5 X 3 X 750 GR - COSTCO',14.00,7.00,'ARISTON TABLE SALT 5 X 3 X 750 GR - COSTCO',NULL,0.00,NULL,0,1,4,4,'2020-11-18 15:53:02','2020-11-18 15:53:02'),(3638,'ARISTON RED WINE VINEGAR (30x390ML)',23.95,11.98,'ARISTON RED WINE VINEGAR (30x390ML)',NULL,0.00,NULL,0,1,4,4,'2020-11-18 15:53:02','2020-11-18 15:53:02'),(3639,'ARISTON BALSAMIC VINEGAR WITH HONEY(12x250ML)',35.95,17.98,'ARISTON BALSAMIC VINEGAR WITH HONEY(12x250ML)',NULL,0.00,NULL,0,1,4,4,'2020-11-18 15:53:02','2020-11-18 15:53:02'),(3640,'ARISTON WHITE WINE VINEGAR(12X500ML)(10690345001038)',22.95,11.48,'ARISTON WHITE WINE VINEGAR(12X500ML)(10690345001038)',NULL,0.00,NULL,0,1,4,4,'2020-11-18 15:53:03','2020-11-18 15:53:03'),(3641,'ARISTON BALSAMIC VINEGAR 12 X 500 ML(10690345001007)',23.95,11.98,'ARISTON BALSAMIC VINEGAR 12 X 500 ML(10690345001007)',NULL,0.00,NULL,0,1,4,4,'2020-11-18 15:53:03','2020-11-18 15:53:03'),(3642,'SUNBEC 50% LESS SODIUM SEA SALT 12 X 400 G',21.00,10.50,'SUNBEC 50% LESS SODIUM SEA SALT 12 X 400 G',NULL,0.00,NULL,0,1,4,4,'2020-11-18 15:53:03','2020-11-18 15:53:03'),(3643,'ARISTON APPLE VINEGAR 12 X 500 ML',23.95,11.98,'ARISTON APPLE VINEGAR 12 X 500 ML',NULL,0.00,NULL,0,1,4,4,'2020-11-18 15:53:03','2020-11-18 15:53:03'),(3644,'ARISTON RED WINE VINEGAR 12 X 500 ML(10690345001014)',22.95,11.48,'ARISTON RED WINE VINEGAR 12 X 500 ML(10690345001014)',NULL,0.00,NULL,0,1,4,4,'2020-11-18 15:53:04','2020-11-18 15:53:04'),(3645,'ARISTON RED WINE VINEGAR 12 X 1 LT',25.20,12.60,'ARISTON RED WINE VINEGAR 12 X 1 LT',NULL,0.00,NULL,0,1,4,4,'2020-11-18 15:53:04','2020-11-18 15:53:04'),(3646,'REDPATH DARK BROWN SUGAR 20 X 1 KG',40.95,20.48,'REDPATH DARK BROWN SUGAR 20 X 1 KG',NULL,0.00,NULL,0,1,4,4,'2020-11-18 15:53:04','2020-11-18 15:53:04'),(3647,'REDPATH GOLDEN SUGAR 20 X 1 KG',40.95,20.48,'REDPATH GOLDEN SUGAR 20 X 1 KG',NULL,0.00,NULL,0,1,4,4,'2020-11-18 15:53:04','2020-11-18 15:53:04'),(3648,'REDPATH ICING SUGAR 10 X 1KG',24.50,12.25,'REDPATH ICING SUGAR 10 X 1KG',NULL,0.00,NULL,0,1,4,4,'2020-11-18 15:53:04','2020-11-18 15:53:04'),(3649,'SUNBEC RAW SUGAR TUBES 12 X 40 STICKS (160G)',18.00,9.00,'SUNBEC RAW SUGAR TUBES 12 X 40 STICKS (160G)',NULL,0.00,NULL,0,1,4,4,'2020-11-18 15:53:05','2020-11-18 15:53:05'),(3650,'REDPATH WHITE SUGAR 10 X 2 KGS',27.00,13.50,'REDPATH WHITE SUGAR 10 X 2 KGS',NULL,0.00,NULL,0,1,4,4,'2020-11-18 15:53:05','2020-11-18 15:53:05'),(3651,'SUNBEC WHITE SUGAR STICKS 12 X 40 STICKS (160G)',17.20,8.60,'SUNBEC WHITE SUGAR STICKS 12 X 40 STICKS (160G)',NULL,0.00,NULL,0,1,4,4,'2020-11-18 15:53:05','2020-11-18 15:53:05'),(3652,'PAN VINEGAR WITH ROSEMARY & THYME 12x250ML',19.80,9.90,'PAN VINEGAR WITH ROSEMARY & THYME 12x250ML',NULL,0.00,NULL,0,1,4,4,'2020-11-18 15:53:05','2020-11-18 15:53:05'),(3653,'PAN BALSAMIC VINEGAR WITH POMEGRANATE 12x250ML',33.00,16.50,'PAN BALSAMIC VINEGAR WITH POMEGRANATE 12x250ML',NULL,0.00,NULL,0,1,4,4,'2020-11-18 15:53:06','2020-11-18 15:53:06'),(3654,'PAN BALSAMIC CREAM 12 X 250 ML',33.00,16.50,'PAN BALSAMIC CREAM 12 X 250 ML',NULL,0.00,NULL,0,1,4,4,'2020-11-18 15:53:06','2020-11-18 15:53:06'),(3655,'ARISTON-WHITE BALSAMIC VINEGAR 12 X 500ML',23.95,11.98,'ARISTON-WHITE BALSAMIC VINEGAR 12 X 500ML',NULL,0.00,NULL,0,1,4,4,'2020-11-18 15:53:06','2020-11-18 15:53:06'),(3656,'PAN BALSAMIC VINEGAR WITH FIG 12X 250 G',35.95,17.98,'PAN BALSAMIC VINEGAR WITH FIG 12X 250 G',NULL,0.00,NULL,0,1,4,4,'2020-11-18 15:53:06','2020-11-18 15:53:06'),(3657,'ARISTON LEMON SEASONING 30 X 390 ML',19.50,9.75,'ARISTON LEMON SEASONING 30 X 390 ML',NULL,0.00,NULL,0,1,4,4,'2020-11-18 15:53:06','2020-11-18 15:53:06'),(3658,'SUNBEC SIFTON #8 SALT IN BAGS 20KG',12.00,6.00,'SUNBEC SIFTON #8 SALT IN BAGS 20KG',NULL,0.00,NULL,0,1,4,4,'2020-11-18 15:53:07','2020-11-18 15:53:07'),(3659,'PAN SMOOTH MUSTARD 12 X 275 G',25.20,12.60,'PAN SMOOTH MUSTARD 12 X 275 G',NULL,0.00,NULL,0,1,4,4,'2020-11-18 15:53:07','2020-11-18 15:53:07'),(3660,'PAN SPICY MUSTARD 12 X 275 G',25.20,12.60,'PAN SPICY MUSTARD 12 X 275 G',NULL,0.00,NULL,0,1,4,4,'2020-11-18 15:53:08','2020-11-18 15:53:08'),(3661,'PAN MUSTARD WITH OLIVE PASTE 12 X 275 G',25.20,12.60,'PAN MUSTARD WITH OLIVE PASTE 12 X 275 G',NULL,0.00,NULL,0,1,4,4,'2020-11-18 15:53:08','2020-11-18 15:53:08'),(3662,'BRAVA HONEY MUSTARD MILD 12X460GR',27.00,13.50,'BRAVA HONEY MUSTARD MILD 12X460GR',NULL,0.00,NULL,0,1,4,4,'2020-11-18 15:53:08','2020-11-18 15:53:08'),(3663,'BRAVA MAYONNAISE 12X500ML',25.20,12.60,'BRAVA MAYONNAISE 12X500ML',NULL,0.00,NULL,0,1,4,4,'2020-11-18 15:53:09','2020-11-18 15:53:09'),(3664,'BRAVA KETCHUP TOP DOWN 12X500GR',21.00,10.50,'BRAVA KETCHUP TOP DOWN 12X500GR',NULL,0.00,NULL,0,1,4,4,'2020-11-18 15:53:09','2020-11-18 15:53:09'),(3665,'BRAVA DIJONNAISE SAUCE 12X450ML',30.00,15.00,'BRAVA DIJONNAISE SAUCE 12X450ML',NULL,0.00,NULL,0,1,4,4,'2020-11-18 15:53:09','2020-11-18 15:53:09'),(3666,'BRAVA BLUE CHEESE SAUCE 12X450ML',30.00,15.00,'BRAVA BLUE CHEESE SAUCE 12X450ML',NULL,0.00,NULL,0,1,4,4,'2020-11-18 15:53:09','2020-11-18 15:53:09'),(3667,'BRAVA GARLIC SAUCE 12X450ML',30.00,15.00,'BRAVA GARLIC SAUCE 12X450ML',NULL,0.00,NULL,0,1,4,4,'2020-11-18 15:53:09','2020-11-18 15:53:09'),(3668,'BRAVA CAESARS SAUCE 12X450ML',30.00,15.00,'BRAVA CAESARS SAUCE 12X450ML',NULL,0.00,NULL,0,1,4,4,'2020-11-18 15:53:09','2020-11-18 15:53:09'),(3669,'BRAVA WASABI SAUCE 12X450ML',30.00,15.00,'BRAVA WASABI SAUCE 12X450ML',NULL,0.00,NULL,0,1,4,4,'2020-11-18 15:53:10','2020-11-18 15:53:10'),(3670,'SIMPLY ORANGE PULP FREE 6X1.54L',18.50,9.25,'SIMPLY ORANGE PULP FREE 6X1.54L',NULL,0.00,NULL,0,1,4,4,'2020-11-18 15:53:10','2020-11-18 15:53:10'),(3671,'SIMPLY ORANGE W/PULP 6X1.54L',18.50,9.25,'SIMPLY ORANGE W/PULP 6X1.54L',NULL,0.00,NULL,0,1,4,4,'2020-11-18 15:53:10','2020-11-18 15:53:10'),(3672,'SIMPLY ORANGE LOTS OF PULP 6X1.54L',18.50,9.25,'SIMPLY ORANGE LOTS OF PULP 6X1.54L',NULL,0.00,NULL,0,1,4,4,'2020-11-18 15:53:10','2020-11-18 15:53:10'),(3673,'SIMPLY APPLE 6X1.54L',18.50,9.25,'SIMPLY APPLE 6X1.54L',NULL,0.00,NULL,0,1,4,4,'2020-11-18 15:53:10','2020-11-18 15:53:10'),(3674,'SIMPLY FG LEMONADE 6X1.54L',18.50,9.25,'SIMPLY FG LEMONADE 6X1.54L',NULL,0.00,NULL,0,1,4,4,'2020-11-18 15:53:11','2020-11-18 15:53:11'),(3675,'SIMPLY WATERMELON 6X1.54L',18.50,9.25,'SIMPLY WATERMELON 6X1.54L',NULL,0.00,NULL,0,1,4,4,'2020-11-18 15:53:11','2020-11-18 15:53:11'),(3676,'SIMPLY MILK ALMOND ORIGINAL 4X1.5LIT',14.75,7.38,'SIMPLY MILK ALMOND ORIGINAL 4X1.5LIT',NULL,0.00,NULL,0,1,4,4,'2020-11-18 15:53:11','2020-11-18 15:53:11'),(3677,'SIMPLY MILK ALMOND UNSWEETENED 4X1.5LIT',14.75,7.38,'SIMPLY MILK ALMOND UNSWEETENED 4X1.5LIT',NULL,0.00,NULL,0,1,4,4,'2020-11-18 15:53:11','2020-11-18 15:53:11'),(3678,'SIMPLY MILK ALMOND VANILLA 4X1.5LIT',14.75,7.38,'SIMPLY MILK ALMOND VANILLA 4X1.5LIT',NULL,0.00,NULL,0,1,4,4,'2020-11-18 15:53:12','2020-11-18 15:53:12'),(3679,'OLYMPUS MYZITHRA CHEESE 10KG',60.00,30.00,'OLYMPUS MYZITHRA CHEESE 10KG',NULL,0.00,NULL,0,1,4,4,'2020-11-18 15:53:12','2020-11-18 15:53:12'),(3680,'ITALPASTA SPAGHETTI 20 X 450 G',16.00,8.00,'ITALPASTA SPAGHETTI 20 X 450 G',NULL,0.00,NULL,0,1,4,4,'2020-11-18 15:53:12','2020-11-18 15:53:12'),(3681,'ITALPASTA SPAGHETTINI 20 X 450 G',16.00,8.00,'ITALPASTA SPAGHETTINI 20 X 450 G',NULL,0.00,NULL,0,1,4,4,'2020-11-18 15:53:12','2020-11-18 15:53:12'),(3682,'ITALPASTA FETTUCCINE 20 X 450 G',16.00,8.00,'ITALPASTA FETTUCCINE 20 X 450 G',NULL,0.00,NULL,0,1,4,4,'2020-11-18 15:53:12','2020-11-18 15:53:12'),(3683,'ITALPASTA ELBOWS 20 X 450 G',16.00,8.00,'ITALPASTA ELBOWS 20 X 450 G',NULL,0.00,NULL,0,1,4,4,'2020-11-18 15:53:13','2020-11-18 15:53:13'),(3684,'ITALPASTA ROTINI 20 X 450 G',16.00,8.00,'ITALPASTA ROTINI 20 X 450 G',NULL,0.00,NULL,0,1,4,4,'2020-11-18 15:53:13','2020-11-18 15:53:13'),(3685,'ITALPASTA RIGATONI 20 X 450 G',16.00,8.00,'ITALPASTA RIGATONI 20 X 450 G',NULL,0.00,NULL,0,1,4,4,'2020-11-18 15:53:13','2020-11-18 15:53:13'),(3686,'ITALPASTA PENNE RIGATE 20 X 450 G',16.00,8.00,'ITALPASTA PENNE RIGATE 20 X 450 G',NULL,0.00,NULL,0,1,4,4,'2020-11-18 15:53:13','2020-11-18 15:53:13'),(3687,'ITALPASTA ORZO 20 X 450 G',16.00,8.00,'ITALPASTA ORZO 20 X 450 G',NULL,0.00,NULL,0,1,4,4,'2020-11-18 15:53:13','2020-11-18 15:53:13'),(3688,'ITALPASTA FUSILLI 20 X 450 G',16.00,8.00,'ITALPASTA FUSILLI 20 X 450 G',NULL,0.00,NULL,0,1,4,4,'2020-11-18 15:53:14','2020-11-18 15:53:14'),(3689,'ITALPASTA SCOOBI DOO PASTA 20 X 450 G',16.00,8.00,'ITALPASTA SCOOBI DOO PASTA 20 X 450 G',NULL,0.00,NULL,0,1,4,4,'2020-11-18 15:53:14','2020-11-18 15:53:14'),(3690,'ITALPASTA FINE EGG NOODLES 12 X 340 G',18.65,9.33,'ITALPASTA FINE EGG NOODLES 12 X 340 G',NULL,0.00,NULL,0,1,4,4,'2020-11-18 15:53:14','2020-11-18 15:53:14'),(3691,'OLYMPIA GYRO LOAF 24LBS',156.00,78.00,'OLYMPIA GYRO LOAF 24LBS',NULL,0.00,NULL,0,1,4,4,'2020-11-18 15:53:14','2020-11-18 15:53:14'),(3692,'OLYMPIA GYRO 4 X 10LB',185.00,92.50,'OLYMPIA GYRO 4 X 10LB',NULL,0.00,NULL,0,1,4,4,'2020-11-18 15:53:14','2020-11-18 15:53:14'),(3693,'OLYMPIA GYRO SLICED 4 X 5LB',114.00,57.00,'OLYMPIA GYRO SLICED 4 X 5LB',NULL,0.00,NULL,0,1,4,4,'2020-11-18 15:53:14','2020-11-18 15:53:14'),(3694,'ITALPASTA MEDIUM EGG NOODLES 12 X 340 G',18.65,9.33,'ITALPASTA MEDIUM EGG NOODLES 12 X 340 G',NULL,0.00,NULL,0,1,4,4,'2020-11-18 15:53:15','2020-11-18 15:53:15'),(3695,'ITALPASTA BROAD EGG NOODLES 12 X 340 G',18.65,9.33,'ITALPASTA BROAD EGG NOODLES 12 X 340 G',NULL,0.00,NULL,0,1,4,4,'2020-11-18 15:53:15','2020-11-18 15:53:15'),(3696,'ITALPASTA EXTRA BROAD EGG NOODLES 12 X 340 G',18.65,9.33,'ITALPASTA EXTRA BROAD EGG NOODLES 12 X 340 G',NULL,0.00,NULL,0,1,4,4,'2020-11-18 15:53:15','2020-11-18 15:53:15'),(3697,'ITALPASTA CAPELLINI 12 X 900 G',19.25,9.63,'ITALPASTA CAPELLINI 12 X 900 G',NULL,0.00,NULL,0,1,4,4,'2020-11-18 15:53:15','2020-11-18 15:53:15'),(3698,'ITALPASTA SPAGHETTI 12 X 900 G',19.25,9.63,'ITALPASTA SPAGHETTI 12 X 900 G',NULL,0.00,NULL,0,1,4,4,'2020-11-18 15:53:15','2020-11-18 15:53:15'),(3699,'ITALPASTA SPAGHETTINI 12 X 900 G',19.25,9.63,'ITALPASTA SPAGHETTINI 12 X 900 G',NULL,0.00,NULL,0,1,4,4,'2020-11-18 15:53:15','2020-11-18 15:53:15'),(3700,'ITALPASTA LINGUINE 12 X 900 G',19.25,9.63,'ITALPASTA LINGUINE 12 X 900 G',NULL,0.00,NULL,0,1,4,4,'2020-11-18 15:53:16','2020-11-18 15:53:16'),(3701,'ITALPASTA VERMICELLI 12 X 900 G',19.25,9.63,'ITALPASTA VERMICELLI 12 X 900 G',NULL,0.00,NULL,0,1,4,4,'2020-11-18 15:53:16','2020-11-18 15:53:16'),(3702,'ITALPASTA FETTUCCINE 12 X 900 G',19.25,9.63,'ITALPASTA FETTUCCINE 12 X 900 G',NULL,0.00,NULL,0,1,4,4,'2020-11-18 15:53:16','2020-11-18 15:53:16'),(3703,'ITALPASTA ELBOWS 12 X 900 G',19.25,9.63,'ITALPASTA ELBOWS 12 X 900 G',NULL,0.00,NULL,0,1,4,4,'2020-11-18 15:53:16','2020-11-18 15:53:16'),(3704,'ITALPASTA BUCATINI 12 X 900 G',19.25,9.63,'ITALPASTA BUCATINI 12 X 900 G',NULL,0.00,NULL,0,1,4,4,'2020-11-18 15:53:16','2020-11-18 15:53:16'),(3705,'ITALPASTA ROTINI 12 X 900 G',19.25,9.63,'ITALPASTA ROTINI 12 X 900 G',NULL,0.00,NULL,0,1,4,4,'2020-11-18 15:53:17','2020-11-18 15:53:17'),(3706,'ITALPASTA FUSILLI 12 X 900 G',19.25,9.63,'ITALPASTA FUSILLI 12 X 900 G',NULL,0.00,NULL,0,1,4,4,'2020-11-18 15:53:17','2020-11-18 15:53:17'),(3707,'ITALPASTA PENNE LISCE 12 X 900 G',19.25,9.63,'ITALPASTA PENNE LISCE 12 X 900 G',NULL,0.00,NULL,0,1,4,4,'2020-11-18 15:53:17','2020-11-18 15:53:17'),(3708,'ITALPASTA PENNE RIGATE 12 X 900 G',19.25,9.63,'ITALPASTA PENNE RIGATE 12 X 900 G',NULL,0.00,NULL,0,1,4,4,'2020-11-18 15:53:17','2020-11-18 15:53:17'),(3709,'ITALPASTA RIGATONI 12 X 900 G',19.25,9.63,'ITALPASTA RIGATONI 12 X 900 G',NULL,0.00,NULL,0,1,4,4,'2020-11-18 15:53:17','2020-11-18 15:53:17'),(3710,'ITALPASTA DITALI 12 X 900 G',19.25,9.63,'ITALPASTA DITALI 12 X 900 G',NULL,0.00,NULL,0,1,4,4,'2020-11-18 15:53:18','2020-11-18 15:53:18'),(3711,'ITALPASTA BABY SHELLS 12 X 900 G',19.25,9.63,'ITALPASTA BABY SHELLS 12 X 900 G',NULL,0.00,NULL,0,1,4,4,'2020-11-18 15:53:18','2020-11-18 15:53:18'),(3712,'ITALPASTA SMALL SHELLS 12 X 900 G',19.25,9.63,'ITALPASTA SMALL SHELLS 12 X 900 G',NULL,0.00,NULL,0,1,4,4,'2020-11-18 15:53:18','2020-11-18 15:53:18'),(3713,'ITALPASTA LARGE SHELLS 12 X 900 G',19.25,9.63,'ITALPASTA LARGE SHELLS 12 X 900 G',NULL,0.00,NULL,0,1,4,4,'2020-11-18 15:53:18','2020-11-18 15:53:18'),(3714,'ITALPASTA ACINI DI PEPE 12 X 900 G',19.25,9.63,'ITALPASTA ACINI DI PEPE 12 X 900 G',NULL,0.00,NULL,0,1,4,4,'2020-11-18 15:53:18','2020-11-18 15:53:18'),(3715,'ITALPASTA ALPHABETS 12 X 900G',19.25,9.63,'ITALPASTA ALPHABETS 12 X 900G',NULL,0.00,NULL,0,1,4,4,'2020-11-18 15:53:19','2020-11-18 15:53:19'),(3716,'ITALPASTA ORZO 12 X 900 G',19.25,9.63,'ITALPASTA ORZO 12 X 900 G',NULL,0.00,NULL,0,1,4,4,'2020-11-18 15:53:19','2020-11-18 15:53:19'),(3717,'ITALPASTA STARS 12 X 900 G',19.25,9.63,'ITALPASTA STARS 12 X 900 G',NULL,0.00,NULL,0,1,4,4,'2020-11-18 15:53:19','2020-11-18 15:53:19'),(3718,'ITALPASTA TUBETTI 12 X 900 G',19.25,9.63,'ITALPASTA TUBETTI 12 X 900 G',NULL,0.00,NULL,0,1,4,4,'2020-11-18 15:53:19','2020-11-18 15:53:19'),(3719,'ITALPASTA PENNINE LISCE 12 X 900 G',19.25,9.63,'ITALPASTA PENNINE LISCE 12 X 900 G',NULL,0.00,NULL,0,1,4,4,'2020-11-18 15:53:19','2020-11-18 15:53:19'),(3720,'ITALPASTA PENNINE RIGATE 12 X 900 G',19.25,9.63,'ITALPASTA PENNINE RIGATE 12 X 900 G',NULL,0.00,NULL,0,1,4,4,'2020-11-18 15:53:20','2020-11-18 15:53:20'),(3721,'ITALPASTA SCOOBI DOO PASTA 12 X 900 G',19.25,9.63,'ITALPASTA SCOOBI DOO PASTA 12 X 900 G',NULL,0.00,NULL,0,1,4,4,'2020-11-18 15:53:20','2020-11-18 15:53:20'),(3722,'ITALPASTA BOCCONCINI 12 X 900 G',19.25,9.63,'ITALPASTA BOCCONCINI 12 X 900 G',NULL,0.00,NULL,0,1,4,4,'2020-11-18 15:53:20','2020-11-18 15:53:20'),(3723,'ITALPASTA LARGE BOW TIES 12 X 700 G',22.50,11.25,'ITALPASTA LARGE BOW TIES 12 X 700 G',NULL,0.00,NULL,0,1,4,4,'2020-11-18 15:53:20','2020-11-18 15:53:20'),(3724,'ITALPASTA GLUTEN FREE SPAGHETTI 12 X 340 G',27.29,13.65,'ITALPASTA GLUTEN FREE SPAGHETTI 12 X 340 G',NULL,0.00,NULL,0,1,4,4,'2020-11-18 15:53:20','2020-11-18 15:53:20'),(3725,'ITALPASTA GLUTEN FREE PENNE RIGATE 12 X 340 G',27.29,13.65,'ITALPASTA GLUTEN FREE PENNE RIGATE 12 X 340 G',NULL,0.00,NULL,0,1,4,4,'2020-11-18 15:53:21','2020-11-18 15:53:21'),(3726,'ITALPASTA GLUTEN FREE FUSILLI 12 X 340 G',27.29,13.65,'ITALPASTA GLUTEN FREE FUSILLI 12 X 340 G',NULL,0.00,NULL,0,1,4,4,'2020-11-18 15:53:21','2020-11-18 15:53:21'),(3727,'ITALPASTA GLUTEN FREE ELBOWS 12 X 340 G',27.29,13.65,'ITALPASTA GLUTEN FREE ELBOWS 12 X 340 G',NULL,0.00,NULL,0,1,4,4,'2020-11-18 15:53:21','2020-11-18 15:53:21'),(3728,'ITALPASTA GLUTEN FREE LASAGNA 12 X 250 G',41.00,20.50,'ITALPASTA GLUTEN FREE LASAGNA 12 X 250 G',NULL,0.00,NULL,0,1,4,4,'2020-11-18 15:53:21','2020-11-18 15:53:21'),(3729,'ITALPASTA LASAGNA 12 X 500 G',20.00,10.00,'ITALPASTA LASAGNA 12 X 500 G',NULL,0.00,NULL,0,1,4,4,'2020-11-18 15:53:21','2020-11-18 15:53:21'),(3730,'ITALPASTA OVEN READY LASAGNA 12 X 375 G',20.00,10.00,'ITALPASTA OVEN READY LASAGNA 12 X 375 G',NULL,0.00,NULL,0,1,4,4,'2020-11-18 15:53:21','2020-11-18 15:53:21'),(3731,'ITALPASTA WHOLESOME GRAIN WHOLE WHEAT LASAGNA 12 X 375 G',20.00,10.00,'ITALPASTA WHOLESOME GRAIN WHOLE WHEAT LASAGNA 12 X 375 G',NULL,0.00,NULL,0,1,4,4,'2020-11-18 15:53:22','2020-11-18 15:53:22'),(3732,'ITALPASTA SPINACH LASAGNA 12 X 375 G',20.00,10.00,'ITALPASTA SPINACH LASAGNA 12 X 375 G',NULL,0.00,NULL,0,1,4,4,'2020-11-18 15:53:22','2020-11-18 15:53:22'),(3733,'ITALPASTA JUMBO SHELLS 12 X 340 G',25.00,12.50,'ITALPASTA JUMBO SHELLS 12 X 340 G',NULL,0.00,NULL,0,1,4,4,'2020-11-18 15:53:22','2020-11-18 15:53:22'),(3734,'ITALPASTA OVEN READY CANNELLONI 12 X 250 G',25.00,12.50,'ITALPASTA OVEN READY CANNELLONI 12 X 250 G',NULL,0.00,NULL,0,1,4,4,'2020-11-18 15:53:22','2020-11-18 15:53:22'),(3735,'ITALPASTA MANICOTTI 12 X 225 G',25.00,12.50,'ITALPASTA MANICOTTI 12 X 225 G',NULL,0.00,NULL,0,1,4,4,'2020-11-18 15:53:22','2020-11-18 15:53:22'),(3736,'ITALPASTA ARBORIO RICE 12 X 750 G',26.25,13.13,'ITALPASTA ARBORIO RICE 12 X 750 G',NULL,0.00,NULL,0,1,4,4,'2020-11-18 15:53:23','2020-11-18 15:53:23'),(3737,'ITALPASTA MAC & CHEESE 24 X 200 G',13.00,6.50,'ITALPASTA MAC & CHEESE 24 X 200 G',NULL,0.00,NULL,0,1,4,4,'2020-11-18 15:53:23','2020-11-18 15:53:23'),(3738,'ITALPASTA CANNED CRUSHED TOMATOES 24 X 796 ML',28.75,14.38,'ITALPASTA CANNED CRUSHED TOMATOES 24 X 796 ML',NULL,0.00,NULL,0,1,4,4,'2020-11-18 15:53:23','2020-11-18 15:53:23'),(3739,'ITALPASTA CANNED WHOLE PEELED TOMATOES 24 X 796 ML',28.75,14.38,'ITALPASTA CANNED WHOLE PEELED TOMATOES 24 X 796 ML',NULL,0.00,NULL,0,1,4,4,'2020-11-18 15:53:23','2020-11-18 15:53:23'),(3740,'ITALPASTA CANNED DICED TOMATOES 24 X 796 ML',28.75,14.38,'ITALPASTA CANNED DICED TOMATOES 24 X 796 ML',NULL,0.00,NULL,0,1,4,4,'2020-11-18 15:53:23','2020-11-18 15:53:23'),(3741,'ITALPASTA CANNED DICED TOMATOES WITH ITALIAN SEASONING 24 X 796ML',28.50,14.25,'ITALPASTA CANNED DICED TOMATOES WITH ITALIAN SEASONING 24 X 796ML',NULL,0.00,NULL,0,1,4,4,'2020-11-18 15:53:24','2020-11-18 15:53:24'),(3742,'ITALPASTA CANNED CRUSHED TOMATOES NO SALT ADDED 6 X 2.84 L.',29.50,14.75,'ITALPASTA CANNED CRUSHED TOMATOES NO SALT ADDED 6 X 2.84 L.',NULL,0.00,NULL,0,1,4,4,'2020-11-18 15:53:24','2020-11-18 15:53:24'),(3743,'ITALPASTA CANNED WHOLE PEELED TOMATOES NO SALT ADDED 6 X 2.84 L.',29.50,14.75,'ITALPASTA CANNED WHOLE PEELED TOMATOES NO SALT ADDED 6 X 2.84 L.',NULL,0.00,NULL,0,1,4,4,'2020-11-18 15:53:24','2020-11-18 15:53:24'),(3744,'ITALPASTA CANNED DICED TOMATOES NO SALT ADDED 6 X 2.84 L.',29.50,14.75,'ITALPASTA CANNED DICED TOMATOES NO SALT ADDED 6 X 2.84 L.',NULL,0.00,NULL,0,1,4,4,'2020-11-18 15:53:24','2020-11-18 15:53:24'),(3745,'ITALPASTA CANNED ITALIAN WHOLE PLUM TOMATOES 6 X 2.84 L.',29.50,14.75,'ITALPASTA CANNED ITALIAN WHOLE PLUM TOMATOES 6 X 2.84 L.',NULL,0.00,NULL,0,1,4,4,'2020-11-18 15:53:24','2020-11-18 15:53:24'),(3746,'ITALPASTA PIZZA SAUCE 24 X 213 ML',21.50,10.75,'ITALPASTA PIZZA SAUCE 24 X 213 ML',NULL,0.00,NULL,0,1,4,4,'2020-11-18 15:53:24','2020-11-18 15:53:24'),(3747,'ITALPASTA PASTA SAUCE 12 X 680 ML',18.75,9.38,'ITALPASTA PASTA SAUCE 12 X 680 ML',NULL,0.00,NULL,0,1,4,4,'2020-11-18 15:53:25','2020-11-18 15:53:25'),(3748,'ITALPASTA TOMATO BASIL PASTA SAUCE 12 X 680 ML',18.75,9.38,'ITALPASTA TOMATO BASIL PASTA SAUCE 12 X 680 ML',NULL,0.00,NULL,0,1,4,4,'2020-11-18 15:53:25','2020-11-18 15:53:25'),(3749,'ITALPASTA HOT & SPICY PASTA SAUCE 12 X 680 ML',18.75,9.38,'ITALPASTA HOT & SPICY PASTA SAUCE 12 X 680 ML',NULL,0.00,NULL,0,1,4,4,'2020-11-18 15:53:25','2020-11-18 15:53:25'),(3750,'ITALPASTA SWEET GARLIC PASTA SAUCE 12 X 680 ML',18.75,9.38,'ITALPASTA SWEET GARLIC PASTA SAUCE 12 X 680 ML',NULL,0.00,NULL,0,1,4,4,'2020-11-18 15:53:25','2020-11-18 15:53:25'),(3751,'ITALPASTA PASSATA CLASSICA 12 X 680 ML',16.75,8.38,'ITALPASTA PASSATA CLASSICA 12 X 680 ML',NULL,0.00,NULL,0,1,4,4,'2020-11-18 15:53:25','2020-11-18 15:53:25'),(3752,'ITALPASTA TOMATO PASTE 48 X 156 ML',33.00,16.50,'ITALPASTA TOMATO PASTE 48 X 156 ML',NULL,0.00,NULL,0,1,4,4,'2020-11-18 15:53:26','2020-11-18 15:53:26'),(3753,'ITALPASTA RED BALSAMIC VINEGAR 6 X 350 ML',20.00,10.00,'ITALPASTA RED BALSAMIC VINEGAR 6 X 350 ML',NULL,0.00,NULL,0,1,4,4,'2020-11-18 15:53:26','2020-11-18 15:53:26'),(3754,'ITALPASTA WHITE BALSAMIC VINEGAR 6 X 350 ML',20.00,10.00,'ITALPASTA WHITE BALSAMIC VINEGAR 6 X 350 ML',NULL,0.00,NULL,0,1,4,4,'2020-11-18 15:53:26','2020-11-18 15:53:26'),(3755,'ITALPASTA EXTRA-VIRGIN OLIVE OIL 12 X 1 L.',90.00,45.00,'ITALPASTA EXTRA-VIRGIN OLIVE OIL 12 X 1 L.',NULL,0.00,NULL,0,1,4,4,'2020-11-18 15:53:26','2020-11-18 15:53:26'),(3756,'ITALPASTA ITALIAN STYLE BREADCRUMBS 12 X 227 G',19.75,9.88,'ITALPASTA ITALIAN STYLE BREADCRUMBS 12 X 227 G',NULL,0.00,NULL,0,1,4,4,'2020-11-18 15:53:26','2020-11-18 15:53:26'),(3757,'ITALPASTA ITALIAN STYLE BREADCRUMBS 12 X 680 G',33.50,16.75,'ITALPASTA ITALIAN STYLE BREADCRUMBS 12 X 680 G',NULL,0.00,NULL,0,1,4,4,'2020-11-18 15:53:26','2020-11-18 15:53:26'),(3758,'ITALPASTA FLAT ANCHOVIES 25 X 56 G',50.00,25.00,'ITALPASTA FLAT ANCHOVIES 25 X 56 G',NULL,0.00,NULL,0,1,4,4,'2020-11-18 15:53:27','2020-11-18 15:53:27'),(3759,'ITALPASTA FLAT ANCHOVIES 24 X 369 G',200.00,100.00,'ITALPASTA FLAT ANCHOVIES 24 X 369 G',NULL,0.00,NULL,0,1,4,4,'2020-11-18 15:53:27','2020-11-18 15:53:27'),(3760,'ALESSI MILANESE STYLE RISOTTO WITH SAFRAN 6 X 227 G',17.50,8.75,'ALESSI MILANESE STYLE RISOTTO WITH SAFRAN 6 X 227 G',NULL,0.00,NULL,0,1,4,4,'2020-11-18 15:53:27','2020-11-18 15:53:27'),(3761,'ALESSI MUSHROOM RISOTTO 6 X 227 G',17.50,8.75,'ALESSI MUSHROOM RISOTTO 6 X 227 G',NULL,0.00,NULL,0,1,4,4,'2020-11-18 15:53:27','2020-11-18 15:53:27'),(3762,'ALESSI RISOTTO POMODORO 6 X 227 G',17.50,8.75,'ALESSI RISOTTO POMODORO 6 X 227 G',NULL,0.00,NULL,0,1,4,4,'2020-11-18 15:53:27','2020-11-18 15:53:27'),(3763,'MUTTI TOMATO PASTE 12 X 156 ML',28.00,14.00,'MUTTI TOMATO PASTE 12 X 156 ML',NULL,0.00,NULL,0,1,4,4,'2020-11-18 15:53:28','2020-11-18 15:53:28'),(3764,'MUTTI FINELY CHOPPED TOMATOES 12 X 398 ML',18.95,9.48,'MUTTI FINELY CHOPPED TOMATOES 12 X 398 ML',NULL,0.00,NULL,0,1,4,4,'2020-11-18 15:53:28','2020-11-18 15:53:28'),(3765,'MUTTI WHOLE PEELED TOMATOES 6 X 2.97 KG',39.50,19.75,'MUTTI WHOLE PEELED TOMATOES 6 X 2.97 KG',NULL,0.00,NULL,0,1,4,4,'2020-11-18 15:53:28','2020-11-18 15:53:28'),(3766,'MUTTI WHOLE PEELED TOMATOES 12 X 798 ML',29.50,14.75,'MUTTI WHOLE PEELED TOMATOES 12 X 798 ML',NULL,0.00,NULL,0,1,4,4,'2020-11-18 15:53:28','2020-11-18 15:53:28'),(3767,'MUTTI CHERRY TOMATOES 12 X 398 ML',23.90,11.95,'MUTTI CHERRY TOMATOES 12 X 398 ML',NULL,0.00,NULL,0,1,4,4,'2020-11-18 15:53:28','2020-11-18 15:53:28'),(3768,'MUTTI TOMATO PUREE GLASS BOTTLE 12 X 680 ML',28.70,14.35,'MUTTI TOMATO PUREE GLASS BOTTLE 12 X 680 ML',NULL,0.00,NULL,0,1,4,4,'2020-11-18 15:53:29','2020-11-18 15:53:29'),(3769,'MUTTI TOMATO PUREE WITH FRESH BASIL 12 X 680 ML',23.70,11.85,'MUTTI TOMATO PUREE WITH FRESH BASIL 12 X 680 ML',NULL,0.00,NULL,0,1,4,4,'2020-11-18 15:53:29','2020-11-18 15:53:29'),(3770,'MUTTI PIZZA SAUCE WITH SPICES 12 X 398 ML',23.90,11.95,'MUTTI PIZZA SAUCE WITH SPICES 12 X 398 ML',NULL,0.00,NULL,0,1,4,4,'2020-11-18 15:53:29','2020-11-18 15:53:29'),(3771,'VITALE OVEN READY LASAGNA 12 X 375 G',13.00,6.50,'VITALE OVEN READY LASAGNA 12 X 375 G',NULL,0.00,NULL,0,1,4,4,'2020-11-18 15:53:29','2020-11-18 15:53:29'),(3772,'GALVANINA SPARKLING MINERAL WATER 12 X 1 L.',10.00,5.00,'GALVANINA SPARKLING MINERAL WATER 12 X 1 L.',NULL,0.00,NULL,0,1,4,4,'2020-11-18 15:53:30','2020-11-18 15:53:30'),(3773,'GALVANINA STILL MINERAL WATER 12 X 1 L.',10.00,5.00,'GALVANINA STILL MINERAL WATER 12 X 1 L.',NULL,0.00,NULL,0,1,4,4,'2020-11-18 15:53:30','2020-11-18 15:53:30'),(3774,'BAULI CROISSANT CHOCOLATE 12 X 300 G',33.00,16.50,'BAULI CROISSANT CHOCOLATE 12 X 300 G',NULL,0.00,NULL,0,1,4,4,'2020-11-18 15:53:30','2020-11-18 15:53:30'),(3775,'BAULI CROISSANT VANILLA 12 X 300 G',33.00,16.50,'BAULI CROISSANT VANILLA 12 X 300 G',NULL,0.00,NULL,0,1,4,4,'2020-11-18 15:53:30','2020-11-18 15:53:30'),(3776,'COSTA D\'ORO EXTRA VIRGIN OLIVE OIL 8 X 1 L',80.19,40.10,'COSTA D\'ORO EXTRA VIRGIN OLIVE OIL 8 X 1 L',NULL,0.00,NULL,0,1,4,4,'2020-11-18 15:53:30','2020-11-18 15:53:30'),(3777,'COSTA D\'ORO ORGANIC EXTRA VIRGIN OLIVE OIL 6 X 750 ML',61.89,30.95,'COSTA D\'ORO ORGANIC EXTRA VIRGIN OLIVE OIL 6 X 750 ML',NULL,0.00,NULL,0,1,4,4,'2020-11-18 15:53:30','2020-11-18 15:53:30'),(3778,'COSTA D\'ORO IL GREZZO 100% ITALIAN UNFILTERED EXTRA VIRGIN OLIVE OIL 6 X 750 ML',83.75,41.88,'COSTA D\'ORO IL GREZZO 100% ITALIAN UNFILTERED EXTRA VIRGIN OLIVE OIL 6 X 750 ML',NULL,0.00,NULL,0,1,4,4,'2020-11-18 15:53:31','2020-11-18 15:53:31'),(3779,'ITALPASTA ASSORTED SOUP MIX (72 X 6OZ)',135.00,67.50,'ITALPASTA ASSORTED SOUP MIX (72 X 6OZ)',NULL,0.00,NULL,0,1,4,4,'2020-11-18 15:53:31','2020-11-18 15:53:31'),(3780,'MUTTI FINELY CHOPPED TOMATOES 12 X 796 ML',29.95,14.98,'MUTTI FINELY CHOPPED TOMATOES 12 X 796 ML',NULL,0.00,NULL,0,1,4,4,'2020-11-18 15:53:31','2020-11-18 15:53:31'),(3781,'MUTTI SIMPLY SUGO TOMATO SAUCE with BASILAND ONION 6 X 398 ML',19.80,9.90,'MUTTI SIMPLY SUGO TOMATO SAUCE with BASILAND ONION 6 X 398 ML',NULL,0.00,NULL,0,1,4,4,'2020-11-18 15:53:31','2020-11-18 15:53:31'),(3782,'MUTTI SIMPLY SUGO TOMATO SAUCE with GRILLED VEGETABLES 6 X 398 ML',19.80,9.90,'MUTTI SIMPLY SUGO TOMATO SAUCE with GRILLED VEGETABLES 6 X 398 ML',NULL,0.00,NULL,0,1,4,4,'2020-11-18 15:53:31','2020-11-18 15:53:31'),(3783,'ALESSI FARRO BEETS & SPINACH 6 X 7 OZ',17.50,8.75,'ALESSI FARRO BEETS & SPINACH 6 X 7 OZ',NULL,0.00,NULL,0,1,4,4,'2020-11-18 15:53:32','2020-11-18 15:53:32'),(3784,'ALESSI FARRO BUTTERNUT SQUASH & KALE 6 X 7 OZ',17.50,8.75,'ALESSI FARRO BUTTERNUT SQUASH & KALE 6 X 7 OZ',NULL,0.00,NULL,0,1,4,4,'2020-11-18 15:53:32','2020-11-18 15:53:32'),(3785,'ALESSI FARRO 4 CHEESES 6 X 7 OZ',17.50,8.75,'ALESSI FARRO 4 CHEESES 6 X 7 OZ',NULL,0.00,NULL,0,1,4,4,'2020-11-18 15:53:32','2020-11-18 15:53:32'),(3786,'MUTTI SIMPLY SUGO TOMATO SAUCE with PARMIGIANO 6 X 398 ML',19.80,9.90,'MUTTI SIMPLY SUGO TOMATO SAUCE with PARMIGIANO 6 X 398 ML',NULL,0.00,NULL,0,1,4,4,'2020-11-18 15:53:32','2020-11-18 15:53:32'),(3787,'MUTTI TRIPLE CONCENTRATED TOMATO PASTE 12 X 156 ML',32.00,16.00,'MUTTI TRIPLE CONCENTRATED TOMATO PASTE 12 X 156 ML',NULL,0.00,NULL,0,1,4,4,'2020-11-18 15:53:32','2020-11-18 15:53:32'),(3788,'ITALPASTA ORZO 12 X 450 G BOXES',16.00,8.00,'ITALPASTA ORZO 12 X 450 G BOXES',NULL,0.00,NULL,0,1,4,4,'2020-11-18 15:53:33','2020-11-18 15:53:33'),(3789,'ITALPASTA ACINI DI PEPE 12 X 450 G BOXES',16.00,8.00,'ITALPASTA ACINI DI PEPE 12 X 450 G BOXES',NULL,0.00,NULL,0,1,4,4,'2020-11-18 15:53:33','2020-11-18 15:53:33'),(3790,'ITALPASTA ALPHABETS 12 X 450 G BOXES',16.00,8.00,'ITALPASTA ALPHABETS 12 X 450 G BOXES',NULL,0.00,NULL,0,1,4,4,'2020-11-18 15:53:33','2020-11-18 15:53:33'),(3791,'ITALPASTA SHELLS 12 X 450 G BOXES',16.00,8.00,'ITALPASTA SHELLS 12 X 450 G BOXES',NULL,0.00,NULL,0,1,4,4,'2020-11-18 15:53:33','2020-11-18 15:53:33'),(3792,'ALESSI LENTIL SOUP (6 x 6 OZ)',17.50,8.75,'ALESSI LENTIL SOUP (6 x 6 OZ)',NULL,0.00,NULL,0,1,4,4,'2020-11-18 15:53:33','2020-11-18 15:53:33'),(3793,'ALESSI WHITE BEAN SOUP (6 x 6 OZ)',17.50,8.75,'ALESSI WHITE BEAN SOUP (6 x 6 OZ)',NULL,0.00,NULL,0,1,4,4,'2020-11-18 15:53:34','2020-11-18 15:53:34'),(3794,'ALESSI SICILIAN CHICKEN NOODLE SOUP (6 x 6 OZ)',17.50,8.75,'ALESSI SICILIAN CHICKEN NOODLE SOUP (6 x 6 OZ)',NULL,0.00,NULL,0,1,4,4,'2020-11-18 15:53:34','2020-11-18 15:53:34'),(3795,'ALESSI MINESTRONE SOUP (6 X 6 OZ)',17.50,8.75,'ALESSI MINESTRONE SOUP (6 X 6 OZ)',NULL,0.00,NULL,0,1,4,4,'2020-11-18 15:53:34','2020-11-18 15:53:34'),(3796,'CHICKEN BURGERS (10 X 907GR)',72.24,36.12,'CHICKEN BURGERS (10 X 907GR)',NULL,0.00,NULL,0,1,4,4,'2020-11-18 15:53:34','2020-11-18 15:53:34'),(3797,'CHICKEN STUFFED WITH SWISS (12 X 284GR)',36.00,18.00,'CHICKEN STUFFED WITH SWISS (12 X 284GR)',NULL,0.00,NULL,0,1,4,4,'2020-11-18 15:53:34','2020-11-18 15:53:34'),(3798,'CHICKEN STUFFED WITH BROCOLLI AND CHEESE (12 X 284GR)',36.00,18.00,'CHICKEN STUFFED WITH BROCOLLI AND CHEESE (12 X 284GR)',NULL,0.00,NULL,0,1,4,4,'2020-11-18 15:53:35','2020-11-18 15:53:35'),(3799,'MOZZARELLA STICKS (12 X 500GR)',67.00,33.50,'MOZZARELLA STICKS (12 X 500GR)',NULL,0.00,NULL,0,1,4,4,'2020-11-18 15:53:35','2020-11-18 15:53:35'),(3800,'SUNRISE POULTRY FULLY COOKED BREADED CHICKEN NUGGETS 12 X 800 G',74.00,37.00,'SUNRISE POULTRY FULLY COOKED BREADED CHICKEN NUGGETS 12 X 800 G',NULL,0.00,NULL,0,1,4,4,'2020-11-18 15:53:35','2020-11-18 15:53:35'),(3801,'SUNRISE POULTRY FULLY COOKED CHICKEN STRIPS 12 X 800 G',74.00,37.00,'SUNRISE POULTRY FULLY COOKED CHICKEN STRIPS 12 X 800 G',NULL,0.00,NULL,0,1,4,4,'2020-11-18 15:53:35','2020-11-18 15:53:35'),(3802,'SUNRISE POULTRY FULLY COOKED CHICKEN BURGERS 12 X 800 G',74.00,37.00,'SUNRISE POULTRY FULLY COOKED CHICKEN BURGERS 12 X 800 G',NULL,0.00,NULL,0,1,4,4,'2020-11-18 15:53:35','2020-11-18 15:53:35'),(3803,'SUNRISE POULTRY SOUTHERN STYLE FULLY COOKED POPCORN CHICKEN 12 X 800 G',74.00,37.00,'SUNRISE POULTRY SOUTHERN STYLE FULLY COOKED POPCORN CHICKEN 12 X 800 G',NULL,0.00,NULL,0,1,4,4,'2020-11-18 15:53:35','2020-11-18 15:53:35'),(3804,'ROMAN LASAGNA WITH MEAT SAUCE 6 X 2.27KG',83.25,41.63,'ROMAN LASAGNA WITH MEAT SAUCE 6 X 2.27KG',NULL,0.00,NULL,0,1,4,4,'2020-11-18 15:53:36','2020-11-18 15:53:36'),(3805,'ROMAN LASAGNA WITH MEAT SAUCE AND 4 CHEESES 6 X 2.27KG',83.25,41.63,'ROMAN LASAGNA WITH MEAT SAUCE AND 4 CHEESES 6 X 2.27KG',NULL,0.00,NULL,0,1,4,4,'2020-11-18 15:53:36','2020-11-18 15:53:36'),(3806,'ROMAN CHEESE CANNELONI WITH SAUCE 12 X 907GR',81.85,40.93,'ROMAN CHEESE CANNELONI WITH SAUCE 12 X 907GR',NULL,0.00,NULL,0,1,4,4,'2020-11-18 15:53:36','2020-11-18 15:53:36'),(3807,'ROMAN CHEESE RAVIOLI 8 X 1.13KG',61.85,30.93,'ROMAN CHEESE RAVIOLI 8 X 1.13KG',NULL,0.00,NULL,0,1,4,4,'2020-11-18 15:53:36','2020-11-18 15:53:36'),(3808,'ROMAN SPINACH AND CHEESE RAVIOLI 8 X 1.13KG',81.19,40.60,'ROMAN SPINACH AND CHEESE RAVIOLI 8 X 1.13KG',NULL,0.00,NULL,0,1,4,4,'2020-11-18 15:53:36','2020-11-18 15:53:36'),(3809,'ROMAN ITALIAN SAUSAGE RAVIOLI 8 X 1.13KG',81.19,40.60,'ROMAN ITALIAN SAUSAGE RAVIOLI 8 X 1.13KG',NULL,0.00,NULL,0,1,4,4,'2020-11-18 15:53:37','2020-11-18 15:53:37'),(3810,'ROMAN 3-CHEESE RAVIOLI 8 X 1.13KG',81.19,40.60,'ROMAN 3-CHEESE RAVIOLI 8 X 1.13KG',NULL,0.00,NULL,0,1,4,4,'2020-11-18 15:53:37','2020-11-18 15:53:37'),(3811,'CASA MORENA FROZEN GNOCCHI STUFFED WITH ASPARAGUS AND RICOTTA 12 X 400 G',50.40,25.20,'CASA MORENA FROZEN GNOCCHI STUFFED WITH ASPARAGUS AND RICOTTA 12 X 400 G',NULL,0.00,NULL,0,1,4,4,'2020-11-18 15:53:37','2020-11-18 15:53:37'),(3812,'CASA MORENA FROZEN GNOCCHI STUFFED WITH PARIS MUSHROOM 12 X 400 G',50.40,25.20,'CASA MORENA FROZEN GNOCCHI STUFFED WITH PARIS MUSHROOM 12 X 400 G',NULL,0.00,NULL,0,1,4,4,'2020-11-18 15:53:37','2020-11-18 15:53:37'),(3813,'CASA MORENA FROZEN GNOCCI STUFFED WITH MOZZARELLA & TOMATO 12 X 400 G',50.40,25.20,'CASA MORENA FROZEN GNOCCI STUFFED WITH MOZZARELLA & TOMATO 12 X 400 G',NULL,0.00,NULL,0,1,4,4,'2020-11-18 15:53:37','2020-11-18 15:53:37'),(3814,'CASA MORENA FROZEN GNOCCI STUFFED PRIMAVERA 12 X 400 G',50.40,25.20,'CASA MORENA FROZEN GNOCCI STUFFED PRIMAVERA 12 X 400 G',NULL,0.00,NULL,0,1,4,4,'2020-11-18 15:53:38','2020-11-18 15:53:38'),(3815,'CASA MORENA HAZEL BITES 12 X 400 G',61.20,30.60,'CASA MORENA HAZEL BITES 12 X 400 G',NULL,0.00,NULL,0,1,4,4,'2020-11-18 15:53:38','2020-11-18 15:53:38'),(3816,'CASA MORENA GNOCCHI WITH ASPARAGUS 5 KG BOX',45.35,22.68,'CASA MORENA GNOCCHI WITH ASPARAGUS 5 KG BOX',NULL,0.00,NULL,0,1,4,4,'2020-11-18 15:53:38','2020-11-18 15:53:38'),(3817,'CASA MORENA HAZEL BITES 5KG BOX',60.00,30.00,'CASA MORENA HAZEL BITES 5KG BOX',NULL,0.00,NULL,0,1,4,4,'2020-11-18 15:53:38','2020-11-18 15:53:38'),(3818,'PIZZADELIC AMERICANA PIZZA 12 X 320 G',39.00,19.50,'PIZZADELIC AMERICANA PIZZA 12 X 320 G',NULL,0.00,NULL,0,1,4,4,'2020-11-18 15:53:38','2020-11-18 15:53:38'),(3819,'PIZZADELIC CHORIZO PIZZA 12 X 330 G',39.00,19.50,'PIZZADELIC CHORIZO PIZZA 12 X 330 G',NULL,0.00,NULL,0,1,4,4,'2020-11-18 15:53:38','2020-11-18 15:53:38'),(3820,'PIZZADELIC L\'ENFER PIZZA 12 X 350 G',39.00,19.50,'PIZZADELIC L\'ENFER PIZZA 12 X 350 G',NULL,0.00,NULL,0,1,4,4,'2020-11-18 15:53:39','2020-11-18 15:53:39'),(3821,'PATE 2000 - PIZZA DOUGH BALL 18 X 454 G',33.60,16.80,'PATE 2000 - PIZZA DOUGH BALL 18 X 454 G',NULL,0.00,NULL,0,1,4,4,'2020-11-18 15:53:39','2020-11-18 15:53:39'),(3822,'PATE 2000 - REGULAR PIE DOUGH 12 X 1 KG',50.70,25.35,'PATE 2000 - REGULAR PIE DOUGH 12 X 1 KG',NULL,0.00,NULL,0,1,4,4,'2020-11-18 15:53:39','2020-11-18 15:53:39'),(3823,'PATE 2000 - LOW SODIUM PIE DOUGH 12 X 1 KG',39.00,19.50,'PATE 2000 - LOW SODIUM PIE DOUGH 12 X 1 KG',NULL,0.00,NULL,0,1,4,4,'2020-11-18 15:53:39','2020-11-18 15:53:39'),(3824,'PATE 2000 - GLUTEN FREE PIE DOUGH 6 X 500 G',81.90,40.95,'PATE 2000 - GLUTEN FREE PIE DOUGH 6 X 500 G',NULL,0.00,NULL,0,1,4,4,'2020-11-18 15:53:39','2020-11-18 15:53:39'),(3825,'PATE 2000 - PIE CRUST 8 INCH 6 X 1.12 KG (4 PER UNIT)',52.65,26.33,'PATE 2000 - PIE CRUST 8 INCH 6 X 1.12 KG (4 PER UNIT)',NULL,0.00,NULL,0,1,4,4,'2020-11-18 15:53:40','2020-11-18 15:53:40'),(3826,'MINI APPETIZERS STUFFED WITH PEPPERS AND CHEESE 8 X 1KG',89.60,44.80,'MINI APPETIZERS STUFFED WITH PEPPERS AND CHEESE 8 X 1KG',NULL,0.00,NULL,0,1,4,4,'2020-11-18 15:53:40','2020-11-18 15:53:40'),(3827,'BURRITOS SPICY RED HOT BEEF (24 X 145 GR)',25.95,12.98,'BURRITOS SPICY RED HOT BEEF (24 X 145 GR)',NULL,0.00,NULL,0,1,4,4,'2020-11-18 15:53:40','2020-11-18 15:53:40'),(3828,'BURRITOS WITH BEANS AND BEEF (24 X 145GR)',25.95,12.98,'BURRITOS WITH BEANS AND BEEF (24 X 145GR)',NULL,0.00,NULL,0,1,4,4,'2020-11-18 15:53:40','2020-11-18 15:53:40'),(3829,'BURRITOS WITH CHEESE AND BEANS (24 X 145GR)',25.95,12.98,'BURRITOS WITH CHEESE AND BEANS (24 X 145GR)',NULL,0.00,NULL,0,1,4,4,'2020-11-18 15:53:40','2020-11-18 15:53:40'),(3830,'JJ WILK PEROGIES CHEDDAR (10 X 907GR)',26.95,13.48,'JJ WILK PEROGIES CHEDDAR (10 X 907GR)',NULL,0.00,NULL,0,1,4,4,'2020-11-18 15:53:41','2020-11-18 15:53:41'),(3831,'JJ WILK PEROGIES 3 CHEESE (10 X 907GR)',26.95,13.48,'JJ WILK PEROGIES 3 CHEESE (10 X 907GR)',NULL,0.00,NULL,0,1,4,4,'2020-11-18 15:53:41','2020-11-18 15:53:41'),(3832,'JJ WILK PEROGIES ONION (10 X 907GR)',26.95,13.48,'JJ WILK PEROGIES ONION (10 X 907GR)',NULL,0.00,NULL,0,1,4,4,'2020-11-18 15:53:41','2020-11-18 15:53:41'),(3833,'JJ WILK PEROGIES CHEDDAR WITH BACON (10 X 907GR)',26.95,13.48,'JJ WILK PEROGIES CHEDDAR WITH BACON (10 X 907GR)',NULL,0.00,NULL,0,1,4,4,'2020-11-18 15:53:41','2020-11-18 15:53:41'),(3834,'JJ WILK PEROGIES CHEDDAR WITH JALAPENO (10 X 907GR)',26.95,13.48,'JJ WILK PEROGIES CHEDDAR WITH JALAPENO (10 X 907GR)',NULL,0.00,NULL,0,1,4,4,'2020-11-18 15:53:41','2020-11-18 15:53:41'),(3835,'JJ WILK PEROGIES  SAUERKRAUT (10 X 907GR)',40.50,20.25,'JJ WILK PEROGIES  SAUERKRAUT (10 X 907GR)',NULL,0.00,NULL,0,1,4,4,'2020-11-18 15:53:42','2020-11-18 15:53:42'),(3836,'JJ WILK PEROGIES WITH COTTAGE CHEESE (10 X 907GR)',39.50,19.75,'JJ WILK PEROGIES WITH COTTAGE CHEESE (10 X 907GR)',NULL,0.00,NULL,0,1,4,4,'2020-11-18 15:53:42','2020-11-18 15:53:42'),(3837,'THE MANNA - RYE RUSK 12 X 600 GR',56.70,28.35,'THE MANNA - RYE RUSK 12 X 600 GR',NULL,0.00,NULL,0,1,4,4,'2020-11-18 15:53:42','2020-11-18 15:53:42'),(3838,'THE MANNA - WHEAT RUSK 12 X 600 GR',56.70,28.35,'THE MANNA - WHEAT RUSK 12 X 600 GR',NULL,0.00,NULL,0,1,4,4,'2020-11-18 15:53:42','2020-11-18 15:53:42'),(3839,'THE MANNA OLIVE OIL BISCUITS WITH CAROB 12 X 130GR',28.80,14.40,'THE MANNA OLIVE OIL BISCUITS WITH CAROB 12 X 130GR',NULL,0.00,NULL,0,1,4,4,'2020-11-18 15:53:42','2020-11-18 15:53:42'),(3840,'THE MANNA - OLIVE OIL RUSK 15 X 500 GR',70.88,35.44,'THE MANNA - OLIVE OIL RUSK 15 X 500 GR',NULL,0.00,NULL,0,1,4,4,'2020-11-18 15:53:43','2020-11-18 15:53:43'),(3841,'THE MANNA RUSKS WITH CAROB 16 X 350GR',75.50,37.75,'THE MANNA RUSKS WITH CAROB 16 X 350GR',NULL,0.00,NULL,0,1,4,4,'2020-11-18 15:53:43','2020-11-18 15:53:43'),(3842,'THE MANNA BARLEY ROLLS ROUND RUSKS 15 X 400 GR',52.50,26.25,'THE MANNA BARLEY ROLLS ROUND RUSKS 15 X 400 GR',NULL,0.00,NULL,0,1,4,4,'2020-11-18 15:53:43','2020-11-18 15:53:43'),(3843,'THE MANNA - OLIVE OIL BISCUIT 24 X 290 GR',88.15,44.08,'THE MANNA - OLIVE OIL BISCUIT 24 X 290 GR',NULL,0.00,NULL,0,1,4,4,'2020-11-18 15:53:44','2020-11-18 15:53:44'),(3844,'THE MANNA MINI BARLEY RUSK 22 X 400GR',75.08,37.54,'THE MANNA MINI BARLEY RUSK 22 X 400GR',NULL,0.00,NULL,0,1,4,4,'2020-11-18 15:53:44','2020-11-18 15:53:44'),(3845,'THE MANNA-BARLEY RUSK 12 X 600GR',56.70,28.35,'THE MANNA-BARLEY RUSK 12 X 600GR',NULL,0.00,NULL,0,1,4,4,'2020-11-18 15:53:44','2020-11-18 15:53:44'),(3846,'THE MANNA ALMOND BISCOTTI 12 X 160 GR',36.00,18.00,'THE MANNA ALMOND BISCOTTI 12 X 160 GR',NULL,0.00,NULL,0,1,4,4,'2020-11-18 15:53:44','2020-11-18 15:53:44'),(3847,'THE MANNA ORANGE BISCOTTI 12 X 160 GR',36.00,18.00,'THE MANNA ORANGE BISCOTTI 12 X 160 GR',NULL,0.00,NULL,0,1,4,4,'2020-11-18 15:53:44','2020-11-18 15:53:44'),(3848,'ANTICA NAPOLI PASSATA (12 X 700GR(24OZ)',12.95,6.48,'ANTICA NAPOLI PASSATA (12 X 700GR(24OZ)',NULL,0.00,NULL,0,1,4,4,'2020-11-18 15:53:44','2020-11-18 15:53:44'),(3849,'LORIS ALCOOL A FRICTION 70% 12X500ML',48.00,24.00,'LORIS ALCOOL A FRICTION 70% 12X500ML',NULL,0.00,NULL,0,1,4,4,'2020-11-18 15:53:45','2020-11-18 15:53:45'),(3850,'LORIS HAND SANITIZING GEL 48 X 115 ML',168.00,84.00,'LORIS HAND SANITIZING GEL 48 X 115 ML',NULL,0.00,NULL,0,1,4,4,'2020-11-18 15:53:45','2020-11-18 15:53:45'),(3851,'LORIS ANTISEPTIC WIPES (80 WIPES) 11 X 500 ML',110.00,55.00,'LORIS ANTISEPTIC WIPES (80 WIPES) 11 X 500 ML',NULL,0.00,NULL,0,1,4,4,'2020-11-18 15:53:45','2020-11-18 15:53:45'),(3852,'ROSE INCENSE (12 X 50GR)',12.60,6.30,'ROSE INCENSE (12 X 50GR)',NULL,0.00,NULL,0,1,4,4,'2020-11-18 15:53:45','2020-11-18 15:53:45'),(3853,'JASMINE INCENSE (12 X 50GR)',12.60,6.30,'JASMINE INCENSE (12 X 50GR)',NULL,0.00,NULL,0,1,4,4,'2020-11-18 15:53:45','2020-11-18 15:53:45'),(3854,'GARDENIA INCENSE (12 X 50GR)',12.60,6.30,'GARDENIA INCENSE (12 X 50GR)',NULL,0.00,NULL,0,1,4,4,'2020-11-18 15:53:46','2020-11-18 15:53:46'),(3855,'NATURAL INCENSE (12 X 50 GR)',12.60,6.30,'NATURAL INCENSE (12 X 50 GR)',NULL,0.00,NULL,0,1,4,4,'2020-11-18 15:53:46','2020-11-18 15:53:46'),(3856,'RED SHORT CROSS WITH BATTERIE (x 36 UNITS)',120.75,60.38,'RED SHORT CROSS WITH BATTERIE (x 36 UNITS)',NULL,0.00,NULL,0,1,4,4,'2020-11-18 15:53:46','2020-11-18 15:53:46'),(3857,'RED PARAFFIN WICKS (12 X 50GR)',12.60,6.30,'RED PARAFFIN WICKS (12 X 50GR)',NULL,0.00,NULL,0,1,4,4,'2020-11-18 15:53:46','2020-11-18 15:53:46'),(3858,'LORIS ANTISEPTIC ALCOHOL WIPES 24X51',102.00,51.00,'LORIS ANTISEPTIC ALCOHOL WIPES 24X51',NULL,0.00,NULL,0,1,4,4,'2020-11-18 15:53:46','2020-11-18 15:53:46'),(3859,'LORIS ANTISEPTIC SOLUTION 70% ISOPROPYL ALCOHOL USP WITH GLYCERINE 4LIT',35.00,17.50,'LORIS ANTISEPTIC SOLUTION 70% ISOPROPYL ALCOHOL USP WITH GLYCERINE 4LIT',NULL,0.00,NULL,0,1,4,4,'2020-11-18 15:53:47','2020-11-18 15:53:47'),(3860,'SMALL CHARCOAL (24 X 6)',4.67,2.34,'SMALL CHARCOAL (24 X 6)',NULL,0.00,NULL,0,1,4,4,'2020-11-18 15:53:47','2020-11-18 15:53:47'),(3861,'MEDIUM CHARCOAL (19 X 6)',5.20,2.60,'MEDIUM CHARCOAL (19 X 6)',NULL,0.00,NULL,0,1,4,4,'2020-11-18 15:53:47','2020-11-18 15:53:47'),(3862,'LARGE CHARCOAL (20 X 6)',10.45,5.23,'LARGE CHARCOAL (20 X 6)',NULL,0.00,NULL,0,1,4,4,'2020-11-18 15:53:47','2020-11-18 15:53:47'),(3863,'CANDLE 40T RED  3 X 10 X 262 GR',53.55,26.78,'CANDLE 40T RED  3 X 10 X 262 GR',NULL,0.00,NULL,0,1,4,4,'2020-11-18 15:53:47','2020-11-18 15:53:47'),(3864,'GOLD PLASTIC CANDLE 20 X 66 GR',96.00,48.00,'GOLD PLASTIC CANDLE 20 X 66 GR',NULL,0.00,NULL,0,1,4,4,'2020-11-18 15:53:48','2020-11-18 15:53:48'),(3865,'SILVER PLASTIC CANDLE 20 X 66 GR',96.00,48.00,'SILVER PLASTIC CANDLE 20 X 66 GR',NULL,0.00,NULL,0,1,4,4,'2020-11-18 15:53:48','2020-11-18 15:53:48'),(3866,'WHITE PLASTIC CANDLE 20 X 66 GR',96.00,48.00,'WHITE PLASTIC CANDLE 20 X 66 GR',NULL,0.00,NULL,0,1,4,4,'2020-11-18 15:53:48','2020-11-18 15:53:48'),(3867,'PARAFFIN OIL LAMP 6 X 476 GR',37.80,18.90,'PARAFFIN OIL LAMP 6 X 476 GR',NULL,0.00,NULL,0,1,4,4,'2020-11-18 15:53:48','2020-11-18 15:53:48'),(3868,'ANGEL LAMP OIL 20 X 798 GR',78.75,39.38,'ANGEL LAMP OIL 20 X 798 GR',NULL,0.00,NULL,0,1,4,4,'2020-11-18 15:53:49','2020-11-18 15:53:49'),(3869,'BIG CENSER',6.83,3.42,'BIG CENSER',NULL,0.00,NULL,0,1,4,4,'2020-11-18 15:53:49','2020-11-18 15:53:49'),(3870,'PRAYER ROPE 6 GR',17.33,8.67,'PRAYER ROPE 6 GR',NULL,0.00,NULL,0,1,4,4,'2020-11-18 15:53:49','2020-11-18 15:53:49'),(3871,'ELASTIC PRAYER ROPE 6 GR',17.33,8.67,'ELASTIC PRAYER ROPE 6 GR',NULL,0.00,NULL,0,1,4,4,'2020-11-18 15:53:49','2020-11-18 15:53:49'),(3872,'BIG RED CROSS WITH BATTERY 30 X 102 GR',110.25,55.13,'BIG RED CROSS WITH BATTERY 30 X 102 GR',NULL,0.00,NULL,0,1,4,4,'2020-11-18 15:53:50','2020-11-18 15:53:50'),(3873,'CHURCH PARAFFIN LAMP OIL-CANDLE 12UNITS',59.40,29.70,'CHURCH PARAFFIN LAMP OIL-CANDLE 12UNITS',NULL,0.00,NULL,0,1,4,4,'2020-11-18 15:53:50','2020-11-18 15:53:50'),(3874,'CHURCH YELLOW PARAFFIN WICKS 12X50GR',12.60,6.30,'CHURCH YELLOW PARAFFIN WICKS 12X50GR',NULL,0.00,NULL,0,1,4,4,'2020-11-18 15:53:50','2020-11-18 15:53:50'),(3875,'CHURCH NATURAN BEES WAX PARAFFIN WICKS 12X40GR',19.95,9.98,'CHURCH NATURAN BEES WAX PARAFFIN WICKS 12X40GR',NULL,0.00,NULL,0,1,4,4,'2020-11-18 15:53:50','2020-11-18 15:53:50'),(3876,'ELAA NATURAL OLIVE OIL SOAP BARS 24 X 100G',15.60,7.80,'ELAA NATURAL OLIVE OIL SOAP BARS 24 X 100G',NULL,0.00,NULL,0,1,4,4,'2020-11-18 15:53:51','2020-11-18 15:53:51'),(3877,'ELAA JASMINE OLIVE OIL SOAP BARS 24 X 100G',19.20,9.60,'ELAA JASMINE OLIVE OIL SOAP BARS 24 X 100G',NULL,0.00,NULL,0,1,4,4,'2020-11-18 15:53:51','2020-11-18 15:53:51'),(3878,'ELAA ROSE OLIVE OIL SOAP BARS 24 X 100G',19.20,9.60,'ELAA ROSE OLIVE OIL SOAP BARS 24 X 100G',NULL,0.00,NULL,0,1,4,4,'2020-11-18 15:53:51','2020-11-18 15:53:51'),(3879,'ELAA CHAMOMILE OLIVE OIL SOAP BARS 24 X 100G',19.20,9.60,'ELAA CHAMOMILE OLIVE OIL SOAP BARS 24 X 100G',NULL,0.00,NULL,0,1,4,4,'2020-11-18 15:53:51','2020-11-18 15:53:51'),(3880,'ELAA LAVENDER OLIVE OIL SOAP BARS 24 X 100G',19.20,9.60,'ELAA LAVENDER OLIVE OIL SOAP BARS 24 X 100G',NULL,0.00,NULL,0,1,4,4,'2020-11-18 15:53:52','2020-11-18 15:53:52'),(3881,'ELAA ALOE VERA OLIVE OIL SOAP BARS 24 X 100G',19.20,9.60,'ELAA ALOE VERA OLIVE OIL SOAP BARS 24 X 100G',NULL,0.00,NULL,0,1,4,4,'2020-11-18 15:53:52','2020-11-18 15:53:52'),(3882,'ELAA HONEY OLIVE OIL SOAP BARS 24 X 100G',19.20,9.60,'ELAA HONEY OLIVE OIL SOAP BARS 24 X 100G',NULL,0.00,NULL,0,1,4,4,'2020-11-18 15:53:52','2020-11-18 15:53:52'),(3883,'CAPTAINS-BLUE EGG DYE 12X2GR',18.00,9.00,'CAPTAINS-BLUE EGG DYE 12X2GR',NULL,0.00,NULL,0,1,4,4,'2020-11-18 15:53:52','2020-11-18 15:53:52'),(3884,'CAPTAINS-GREEN EGG DYE 12X2GR',18.00,9.00,'CAPTAINS-GREEN EGG DYE 12X2GR',NULL,0.00,NULL,0,1,4,4,'2020-11-18 15:53:53','2020-11-18 15:53:53'),(3885,'CAPTAINS- RED EGG DYE 25X2GR',37.50,18.75,'CAPTAINS- RED EGG DYE 25X2GR',NULL,0.00,NULL,0,1,4,4,'2020-11-18 15:53:53','2020-11-18 15:53:53'),(3886,'CAPTAINS-YELLOW EGG DYE 12X2GR',18.00,9.00,'CAPTAINS-YELLOW EGG DYE 12X2GR',NULL,0.00,NULL,0,1,4,4,'2020-11-18 15:53:53','2020-11-18 15:53:53'),(3887,'KRISTAlLI KEFALOGRAVIERA PER KG',18.95,9.48,'KRISTAlLI KEFALOGRAVIERA PER KG',NULL,0.00,NULL,0,1,4,4,'2020-11-18 15:53:53','2020-11-18 15:53:53'),(3888,'KRISTALLI BARREL FETA',11.95,5.98,'KRISTALLI BARREL FETA',NULL,0.00,NULL,0,1,4,4,'2020-11-18 15:53:53','2020-11-18 15:53:53'),(3889,'CANDIA NATURAL ALMONDS IN TRAY 8X250GR',39.20,19.60,'CANDIA NATURAL ALMONDS IN TRAY 8X250GR',NULL,0.00,NULL,0,1,4,4,'2020-11-18 15:53:54','2020-11-18 15:53:54'),(3890,'CANDIA NATURAL WALNUTS IN TRAY 8X200GR',34.00,17.00,'CANDIA NATURAL WALNUTS IN TRAY 8X200GR',NULL,0.00,NULL,0,1,4,4,'2020-11-18 15:53:54','2020-11-18 15:53:54'),(3891,'CANDIA ROASTED & SALTED PISTACHIOS IN TRAY 8X200GR',50.00,25.00,'CANDIA ROASTED & SALTED PISTACHIOS IN TRAY 8X200GR',NULL,0.00,NULL,0,1,4,4,'2020-11-18 15:53:54','2020-11-18 15:53:54'),(3892,'CANDIA ROASTED & SALTED CASHEWS IN TRAY 8X220GR',40.00,20.00,'CANDIA ROASTED & SALTED CASHEWS IN TRAY 8X220GR',NULL,0.00,NULL,0,1,4,4,'2020-11-18 15:53:54','2020-11-18 15:53:54'),(3893,'CANDIA STUDENT MIX (COCTAIL GEA) NO ADDED SALT IN TRAY 8X220GR',30.00,15.00,'CANDIA STUDENT MIX (COCTAIL GEA) NO ADDED SALT IN TRAY 8X220GR',NULL,0.00,NULL,0,1,4,4,'2020-11-18 15:53:54','2020-11-18 15:53:54'),(3894,'CANDIA BAR MIX SNACK IN TRAY 8X180GR',12.00,6.00,'CANDIA BAR MIX SNACK IN TRAY 8X180GR',NULL,0.00,NULL,0,1,4,4,'2020-11-18 15:53:55','2020-11-18 15:53:55'),(3895,'CANDIA BBQ MIX SNACK IN TRAY 8X150GR',14.00,7.00,'CANDIA BBQ MIX SNACK IN TRAY 8X150GR',NULL,0.00,NULL,0,1,4,4,'2020-11-18 15:53:55','2020-11-18 15:53:55'),(3896,'CANDIA CORN NUTS SNACK IN TRAY 8X180GR',11.20,5.60,'CANDIA CORN NUTS SNACK IN TRAY 8X180GR',NULL,0.00,NULL,0,1,4,4,'2020-11-18 15:53:55','2020-11-18 15:53:55'),(3897,'CANDIA BAKED & SALTED PEANUTS IN TRAY 8X250GR',16.00,8.00,'CANDIA BAKED & SALTED PEANUTS IN TRAY 8X250GR',NULL,0.00,NULL,0,1,4,4,'2020-11-18 15:53:55','2020-11-18 15:53:55'),(3898,'CANDIA ROASTED CHICKPEAS IN TRAY 8X220GR',15.20,7.60,'CANDIA ROASTED CHICKPEAS IN TRAY 8X220GR',NULL,0.00,NULL,0,1,4,4,'2020-11-18 15:53:56','2020-11-18 15:53:56'),(3899,'CANDIA UNSALTED SUNFLOWER SEEDS IN TRAY 8X140GR',8.00,4.00,'CANDIA UNSALTED SUNFLOWER SEEDS IN TRAY 8X140GR',NULL,0.00,NULL,0,1,4,4,'2020-11-18 15:53:56','2020-11-18 15:53:56'),(3900,'CANDIA SALTED SUNFLOWER SEEDS IN TRAY 8X140GR',8.00,4.00,'CANDIA SALTED SUNFLOWER SEEDS IN TRAY 8X140GR',NULL,0.00,NULL,0,1,4,4,'2020-11-18 15:53:56','2020-11-18 15:53:56'),(3901,'CANDIA CARAMELIZED PEANUTS WITH SESAME IN TRAY 8X220GR',20.00,10.00,'CANDIA CARAMELIZED PEANUTS WITH SESAME IN TRAY 8X220GR',NULL,0.00,NULL,0,1,4,4,'2020-11-18 15:53:56','2020-11-18 15:53:56'),(3902,'CANDIA  ALMONDS BLANCHED IN TRAY 8X250GR',44.00,22.00,'CANDIA  ALMONDS BLANCHED IN TRAY 8X250GR',NULL,0.00,NULL,0,1,4,4,'2020-11-18 15:53:57','2020-11-18 15:53:57'),(3903,'CANDIA  ALMONDS BLANCHED SILVERED IN TRAY 8X160GR',32.00,16.00,'CANDIA  ALMONDS BLANCHED SILVERED IN TRAY 8X160GR',NULL,0.00,NULL,0,1,4,4,'2020-11-18 15:53:57','2020-11-18 15:53:57'),(3904,'CANDIA  ALMONDS BLANCHED POWDER (RAW) IN TRAY 8X180GR',34.00,17.00,'CANDIA  ALMONDS BLANCHED POWDER (RAW) IN TRAY 8X180GR',NULL,0.00,NULL,0,1,4,4,'2020-11-18 15:53:57','2020-11-18 15:53:57'),(3905,'CANDIA  ALMONDS WITH BBQ FLAVOR (ROASTED) IN TRAY 8X220GR',38.00,19.00,'CANDIA  ALMONDS WITH BBQ FLAVOR (ROASTED) IN TRAY 8X220GR',NULL,0.00,NULL,0,1,4,4,'2020-11-18 15:53:57','2020-11-18 15:53:57'),(3906,'CANDIA PECAN HALVES (RAW) IN TRAY 8X200GR',52.00,26.00,'CANDIA PECAN HALVES (RAW) IN TRAY 8X200GR',NULL,0.00,NULL,0,1,4,4,'2020-11-18 15:53:57','2020-11-18 15:53:57'),(3907,'CANDIA PISTACHIOS ROASTED UNSALTED IN TRAY 8X200GR',50.00,25.00,'CANDIA PISTACHIOS ROASTED UNSALTED IN TRAY 8X200GR',NULL,0.00,NULL,0,1,4,4,'2020-11-18 15:53:58','2020-11-18 15:53:58'),(3908,'CANDIA CASHEWS ROASTED UNSALTED IN TRAY 8X220GR',50.00,25.00,'CANDIA CASHEWS ROASTED UNSALTED IN TRAY 8X220GR',NULL,0.00,NULL,0,1,4,4,'2020-11-18 15:53:58','2020-11-18 15:53:58'),(3909,'CANDIA COCONUT CRANBERRY  ALMOND MIX (RAW) IN TRAY 8X200GR',32.00,16.00,'CANDIA COCONUT CRANBERRY  ALMOND MIX (RAW) IN TRAY 8X200GR',NULL,0.00,NULL,0,1,4,4,'2020-11-18 15:53:58','2020-11-18 15:53:58'),(3910,'CANDIA CORN NUTS WITH BBQ FLAVOR IN TRAY 8X180GR',11.20,5.60,'CANDIA CORN NUTS WITH BBQ FLAVOR IN TRAY 8X180GR',NULL,0.00,NULL,0,1,4,4,'2020-11-18 15:53:58','2020-11-18 15:53:58'),(3911,'CANDIA PEANUTS (WITH SKIN) UNSALTED (RAW) IN TRAY 8X250GR',16.00,8.00,'CANDIA PEANUTS (WITH SKIN) UNSALTED (RAW) IN TRAY 8X250GR',NULL,0.00,NULL,0,1,4,4,'2020-11-18 15:53:58','2020-11-18 15:53:58'),(3912,'CANDIA SULTANA RAISINS (RAW) IN TRAY 8X250GR',21.20,10.60,'CANDIA SULTANA RAISINS (RAW) IN TRAY 8X250GR',NULL,0.00,NULL,0,1,4,4,'2020-11-18 15:53:58','2020-11-18 15:53:58'),(3913,'CANDIA BLACK CURRANTS (RAW) IN TRAY 8X220GR',16.80,8.40,'CANDIA BLACK CURRANTS (RAW) IN TRAY 8X220GR',NULL,0.00,NULL,0,1,4,4,'2020-11-18 15:53:59','2020-11-18 15:53:59'),(3914,'CANDIA WHITE CHICKPEAS ROASTED AND SALTED IN TRAY 8X220GR',16.00,8.00,'CANDIA WHITE CHICKPEAS ROASTED AND SALTED IN TRAY 8X220GR',NULL,0.00,NULL,0,1,4,4,'2020-11-18 15:53:59','2020-11-18 15:53:59'),(3915,'CANDIA CARAMELISED SWEET CHILLY PEPPER PEANUTS IN TRAY 8X220GR',16.00,8.00,'CANDIA CARAMELISED SWEET CHILLY PEPPER PEANUTS IN TRAY 8X220GR',NULL,0.00,NULL,0,1,4,4,'2020-11-18 15:53:59','2020-11-18 15:53:59'),(3916,'CANDIA HAZELNUTS ROASTED UNSALTED IN TRAY 8X200GR',36.00,18.00,'CANDIA HAZELNUTS ROASTED UNSALTED IN TRAY 8X200GR',NULL,0.00,NULL,0,1,4,4,'2020-11-18 15:53:59','2020-11-18 15:53:59'),(3917,'CANDIA SESAME SEEDS NATURAL (RAW) IN TRAY 8X250GR',16.00,8.00,'CANDIA SESAME SEEDS NATURAL (RAW) IN TRAY 8X250GR',NULL,0.00,NULL,0,1,4,4,'2020-11-18 15:53:59','2020-11-18 15:53:59'),(3918,'CANDIA PUMPKIN SEEDS ROASTED UNSALTED IN TRAY 8X160GR',18.00,9.00,'CANDIA PUMPKIN SEEDS ROASTED UNSALTED IN TRAY 8X160GR',NULL,0.00,NULL,0,1,4,4,'2020-11-18 15:54:00','2020-11-18 15:54:00'),(3919,'CANDIA PUMPKIN SEEDS ROASTED  SALTED IN TRAY 8X160GR',18.00,9.00,'CANDIA PUMPKIN SEEDS ROASTED  SALTED IN TRAY 8X160GR',NULL,0.00,NULL,0,1,4,4,'2020-11-18 15:54:00','2020-11-18 15:54:00'),(3920,'CANDIA CARAMELISED PEANUTS WITH CINNAMON IN TRAY 8X220GR',20.00,10.00,'CANDIA CARAMELISED PEANUTS WITH CINNAMON IN TRAY 8X220GR',NULL,0.00,NULL,0,1,4,4,'2020-11-18 15:54:00','2020-11-18 15:54:00'),(3921,'CANDIA CARAMELISED PEANUTS WITH COCOA IN TRAY 8X220GR',20.00,10.00,'CANDIA CARAMELISED PEANUTS WITH COCOA IN TRAY 8X220GR',NULL,0.00,NULL,0,1,4,4,'2020-11-18 15:54:00','2020-11-18 15:54:00'),(3922,'CANDIA CARAMELISED PEANUTS WITH COCONUT IN TRAY 8X220GR',20.00,10.00,'CANDIA CARAMELISED PEANUTS WITH COCONUT IN TRAY 8X220GR',NULL,0.00,NULL,0,1,4,4,'2020-11-18 15:54:00','2020-11-18 15:54:00'),(3923,'CANDIA DRIED PLUMS WITH KERNEL IN TRAY 32 X 120GR',36.80,18.40,'CANDIA DRIED PLUMS WITH KERNEL IN TRAY 32 X 120GR',NULL,0.00,NULL,0,1,4,4,'2020-11-18 15:54:01','2020-11-18 15:54:01'),(3924,'CANDIA DRIED APRICOTS IN TRAY 32 X 120GR',49.60,24.80,'CANDIA DRIED APRICOTS IN TRAY 32 X 120GR',NULL,0.00,NULL,0,1,4,4,'2020-11-18 15:54:01','2020-11-18 15:54:01'),(3925,'CANDIA DRIED DATES WITH KERNEL IN TRAY 32 X120 GR',44.80,22.40,'CANDIA DRIED DATES WITH KERNEL IN TRAY 32 X120 GR',NULL,0.00,NULL,0,1,4,4,'2020-11-18 15:54:01','2020-11-18 15:54:01'),(3926,'CANDIA DRIED CRANBERRIES IN TRAY 32 X 100GR',57.60,28.80,'CANDIA DRIED CRANBERRIES IN TRAY 32 X 100GR',NULL,0.00,NULL,0,1,4,4,'2020-11-18 15:54:01','2020-11-18 15:54:01'),(3927,'CANDIA DRIED GODJI BERRY IN TRAY 32 X 80GR',67.20,33.60,'CANDIA DRIED GODJI BERRY IN TRAY 32 X 80GR',NULL,0.00,NULL,0,1,4,4,'2020-11-18 15:54:02','2020-11-18 15:54:02'),(3928,'CANDIA DRIED PINEAPPLE IN TRAY 32 X 100GR',67.20,33.60,'CANDIA DRIED PINEAPPLE IN TRAY 32 X 100GR',NULL,0.00,NULL,0,1,4,4,'2020-11-18 15:54:02','2020-11-18 15:54:02'),(3929,'CANDIA DRIED PAPAYA IN TRAY 32 X 100GR',67.20,33.60,'CANDIA DRIED PAPAYA IN TRAY 32 X 100GR',NULL,0.00,NULL,0,1,4,4,'2020-11-18 15:54:02','2020-11-18 15:54:02'),(3930,'CANDIA MIXED NUTS WITH OREGANO IN TRAY 8 X 220 GR',30.00,15.00,'CANDIA MIXED NUTS WITH OREGANO IN TRAY 8 X 220 GR',NULL,0.00,NULL,0,1,4,4,'2020-11-18 15:54:02','2020-11-18 15:54:02'),(3931,'SARANTIS SPOON ORANGE SWEET (12X453GR)',62.95,31.48,'SARANTIS SPOON ORANGE SWEET (12X453GR)',NULL,0.00,NULL,0,1,4,4,'2020-11-18 15:54:03','2020-11-18 15:54:03'),(3932,'SARANTIS SPOON ROSE SWEET (12X453GR)',62.95,31.48,'SARANTIS SPOON ROSE SWEET (12X453GR)',NULL,0.00,NULL,0,1,4,4,'2020-11-18 15:54:03','2020-11-18 15:54:03'),(3933,'SARANTIS SPOON SWEET SOUR CHERRY (12X453GR)',62.95,31.48,'SARANTIS SPOON SWEET SOUR CHERRY (12X453GR)',NULL,0.00,NULL,0,1,4,4,'2020-11-18 15:54:03','2020-11-18 15:54:03'),(3934,'SARANTIS MASTIC (12X500GR)',40.90,20.45,'SARANTIS MASTIC (12X500GR)',NULL,0.00,NULL,0,1,4,4,'2020-11-18 15:54:03','2020-11-18 15:54:03'),(3935,'SARANTIS VANILLA  (12X500GR)',40.90,20.45,'SARANTIS VANILLA  (12X500GR)',NULL,0.00,NULL,0,1,4,4,'2020-11-18 15:54:04','2020-11-18 15:54:04'),(3936,'BATTERED ONION RINGS \'BPT\' 2LB OP',52.20,26.10,'BATTERED ONION RINGS \'BPT\' 2LB OP',NULL,0.00,NULL,0,1,4,4,'2020-11-18 15:54:04','2020-11-18 15:54:04'),(3937,'CALIFORNIA VEGETABLES IQF 1.75KG',27.50,13.75,'CALIFORNIA VEGETABLES IQF 1.75KG',NULL,0.00,NULL,0,1,4,4,'2020-11-18 15:54:04','2020-11-18 15:54:04'),(3938,'FINETTI HAZEL SPREAD 10KG',63.00,31.50,'FINETTI HAZEL SPREAD 10KG',NULL,0.00,NULL,0,1,4,4,'2020-11-18 15:54:04','2020-11-18 15:54:04'),(3939,'GREEK GIANT BEANS (12X500GR)',59.95,29.98,'GREEK GIANT BEANS (12X500GR)',NULL,0.00,NULL,0,1,4,4,'2020-11-18 15:54:04','2020-11-18 15:54:04'),(3940,'PIZZA 4 CHEESES 12 X 500 G',75.00,37.50,'PIZZA 4 CHEESES 12 X 500 G',NULL,0.00,NULL,0,1,4,4,'2020-11-18 15:54:05','2020-11-18 15:54:05'),(3941,'PIZZA ALL DRESSED 12 X 560 G',75.00,37.50,'PIZZA ALL DRESSED 12 X 560 G',NULL,0.00,NULL,0,1,4,4,'2020-11-18 15:54:05','2020-11-18 15:54:05'),(3942,'PIZZA BACON 12 X 550 G',75.00,37.50,'PIZZA BACON 12 X 550 G',NULL,0.00,NULL,0,1,4,4,'2020-11-18 15:54:05','2020-11-18 15:54:05'),(3943,'PIZZA PEPPERONI 12 X 530 G',75.00,37.50,'PIZZA PEPPERONI 12 X 530 G',NULL,0.00,NULL,0,1,4,4,'2020-11-18 15:54:05','2020-11-18 15:54:05'),(3944,'PIZZA SCHWARTZ\'S SMOKED MEAT 12 X 650 G',75.00,37.50,'PIZZA SCHWARTZ\'S SMOKED MEAT 12 X 650 G',NULL,0.00,NULL,0,1,4,4,'2020-11-18 15:54:05','2020-11-18 15:54:05'),(3945,'PIZZA VEGETARIAN 12 X 580 G',75.00,37.50,'PIZZA VEGETARIAN 12 X 580 G',NULL,0.00,NULL,0,1,4,4,'2020-11-18 15:54:06','2020-11-18 15:54:06'),(3946,'PIZZA WILD MUSHROOM  12 X 650 G',75.00,37.50,'PIZZA WILD MUSHROOM  12 X 650 G',NULL,0.00,NULL,0,1,4,4,'2020-11-18 15:54:06','2020-11-18 15:54:06'),(3947,'PIZZA FABULOUS DELUXE 12 X 650 G',75.00,37.50,'PIZZA FABULOUS DELUXE 12 X 650 G',NULL,0.00,NULL,0,1,4,4,'2020-11-18 15:54:06','2020-11-18 15:54:06'),(3948,'BIO 4 WINDOW CLEANER 12/950ML',12.00,6.00,'BIO 4 WINDOW CLEANER 12/950ML',NULL,0.00,NULL,0,1,4,4,'2020-11-18 15:54:06','2020-11-18 15:54:06'),(3949,'BRANDY DENATURED (40%) 6 X 2L',110.00,55.00,'BRANDY DENATURED (40%) 6 X 2L',NULL,0.00,NULL,0,1,4,4,'2020-11-18 15:54:07','2020-11-18 15:54:07'),(3950,'SKOTIDAKIS FETA PETROS 10KG',81.20,40.60,'SKOTIDAKIS FETA PETROS 10KG',NULL,0.00,NULL,0,1,4,4,'2020-11-18 15:54:07','2020-11-18 15:54:07'),(3951,'SKOTIDAKIS YOGURT 10KG',48.80,24.40,'SKOTIDAKIS YOGURT 10KG',NULL,0.00,NULL,0,1,4,4,'2020-11-18 15:54:08','2020-11-18 15:54:08'),(3952,'SKOTIDAKIS SOUR CREAM 16 L',55.98,27.99,'SKOTIDAKIS SOUR CREAM 16 L',NULL,0.00,NULL,0,1,4,4,'2020-11-18 15:54:08','2020-11-18 15:54:08'),(3953,'AGED FETA BARREL 12 X 800G',150.00,75.00,'AGED FETA BARREL 12 X 800G',NULL,0.00,NULL,0,1,4,4,'2020-11-18 15:54:08','2020-11-18 15:54:08'),(3954,'DIJON MUSTARD 4 X 4.75L',79.95,39.98,'DIJON MUSTARD 4 X 4.75L',NULL,0.00,NULL,0,1,4,4,'2020-11-18 15:54:08','2020-11-18 15:54:08'),(3955,'DODONI CRUMBLED FETA 12 X 150 G',36.00,18.00,'DODONI CRUMBLED FETA 12 X 150 G',NULL,0.00,NULL,0,1,4,4,'2020-11-18 15:54:08','2020-11-18 15:54:08'),(3956,'ELBISCO DOUBLE CREAM ROLLERS CHOCO 12 X 250G',25.15,12.58,'ELBISCO DOUBLE CREAM ROLLERS CHOCO 12 X 250G',NULL,0.00,NULL,0,1,4,4,'2020-11-18 15:54:09','2020-11-18 15:54:09'),(3957,'ELBISCO DOUBLE CREAM ROLLERS VANILLA 12 X 250GR',25.15,12.58,'ELBISCO DOUBLE CREAM ROLLERS VANILLA 12 X 250GR',NULL,0.00,NULL,0,1,4,4,'2020-11-18 15:54:09','2020-11-18 15:54:09'),(3958,'EUROPEAN ROMANO BLOCK BY KG',11.00,5.50,'EUROPEAN ROMANO BLOCK BY KG',NULL,0.00,NULL,0,1,4,4,'2020-11-18 15:54:09','2020-11-18 15:54:09'),(3959,'EUROPEAN PRESTIGE SPARKLING MINERAL WATER 12 X 1000ML',19.72,9.86,'EUROPEAN PRESTIGE SPARKLING MINERAL WATER 12 X 1000ML',NULL,0.00,NULL,0,1,4,4,'2020-11-18 15:54:09','2020-11-18 15:54:09'),(3960,'EUROPEAN PRESTIGE SPARKLING MINERAL WATER 12 X 750ML',22.18,11.09,'EUROPEAN PRESTIGE SPARKLING MINERAL WATER 12 X 750ML',NULL,0.00,NULL,0,1,4,4,'2020-11-18 15:54:10','2020-11-18 15:54:10'),(3961,'EUROPEAN PRESTIGE STILL MINERAL WATER 12 X 1000ML',19.72,9.86,'EUROPEAN PRESTIGE STILL MINERAL WATER 12 X 1000ML',NULL,0.00,NULL,0,1,4,4,'2020-11-18 15:54:10','2020-11-18 15:54:10'),(3962,'GOURMET GRILLE CHICKEN MEATBALLS 8 X 350 G',32.00,16.00,'GOURMET GRILLE CHICKEN MEATBALLS 8 X 350 G',NULL,0.00,NULL,0,1,4,4,'2020-11-18 15:54:10','2020-11-18 15:54:10'),(3963,'GOURMET GRILLE ITALIAN STYLE MEATBALLS 8 X 396 G',32.00,16.00,'GOURMET GRILLE ITALIAN STYLE MEATBALLS 8 X 396 G',NULL,0.00,NULL,0,1,4,4,'2020-11-18 15:54:10','2020-11-18 15:54:10'),(3964,'ION CHOCOLATE COATING BITTER 10 X (2X1KG)',225.75,112.88,'ION CHOCOLATE COATING BITTER 10 X (2X1KG)',NULL,0.00,NULL,0,1,4,4,'2020-11-18 15:54:10','2020-11-18 15:54:10'),(3965,'ION JOIN BROWNIES CHOCOLATE 10 X 84G',15.75,7.88,'ION JOIN BROWNIES CHOCOLATE 10 X 84G',NULL,0.00,NULL,0,1,4,4,'2020-11-18 15:54:11','2020-11-18 15:54:11'),(3966,'ION JOIN CHEESECAKE CHOCOLATE 10 X 84G',15.75,7.88,'ION JOIN CHEESECAKE CHOCOLATE 10 X 84G',NULL,0.00,NULL,0,1,4,4,'2020-11-18 15:54:11','2020-11-18 15:54:11'),(3967,'ION JOIN GIANDUJIA MILK W/ HAZELNUTS 10 X 84G',15.75,7.88,'ION JOIN GIANDUJIA MILK W/ HAZELNUTS 10 X 84G',NULL,0.00,NULL,0,1,4,4,'2020-11-18 15:54:11','2020-11-18 15:54:11'),(3968,'ION MILK CHOCOLATE PRALINA WITH ALMONDS 10 X 100 GR',19.90,9.95,'ION MILK CHOCOLATE PRALINA WITH ALMONDS 10 X 100 GR',NULL,0.00,NULL,0,1,4,4,'2020-11-18 15:54:11','2020-11-18 15:54:11'),(3969,'ION MILK WHITE CHOCOLATE W/ COOKIES 10 X 84G',15.75,7.88,'ION MILK WHITE CHOCOLATE W/ COOKIES 10 X 84G',NULL,0.00,NULL,0,1,4,4,'2020-11-18 15:54:11','2020-11-18 15:54:11'),(3970,'IONIKI ROUND THESSALOKIKI KOULOURI (50 x 90GR)',28.00,14.00,'IONIKI ROUND THESSALOKIKI KOULOURI (50 x 90GR)',NULL,0.00,NULL,0,1,4,4,'2020-11-18 15:54:12','2020-11-18 15:54:12'),(3971,'KANAKI COUNTRY STYLE FILO PASTRY WITH OLIVE OIL 5x2Kg',58.80,29.40,'KANAKI COUNTRY STYLE FILO PASTRY WITH OLIVE OIL 5x2Kg',NULL,0.00,NULL,0,1,4,4,'2020-11-18 15:54:12','2020-11-18 15:54:12'),(3972,'KANAKI COUNTRY STYLE THICK FILO PASTRY WITH OLIVE OIL 20X650GR',61.95,30.98,'KANAKI COUNTRY STYLE THICK FILO PASTRY WITH OLIVE OIL 20X650GR',NULL,0.00,NULL,0,1,4,4,'2020-11-18 15:54:12','2020-11-18 15:54:12'),(3973,'KANAKI FILO PASTRY VIRITOU EXTRA FINE WITH BUTTER & EGGS 20X450GR',61.95,30.98,'KANAKI FILO PASTRY VIRITOU EXTRA FINE WITH BUTTER & EGGS 20X450GR',NULL,0.00,NULL,0,1,4,4,'2020-11-18 15:54:12','2020-11-18 15:54:12'),(3974,'KANAKI FROZEN KATAIFI 12X450GR',50.40,25.20,'KANAKI FROZEN KATAIFI 12X450GR',NULL,0.00,NULL,0,1,4,4,'2020-11-18 15:54:12','2020-11-18 15:54:12'),(3975,'KANAKI FROZEN PIZZA DOUGH 12X650GR',44.10,22.05,'KANAKI FROZEN PIZZA DOUGH 12X650GR',NULL,0.00,NULL,0,1,4,4,'2020-11-18 15:54:13','2020-11-18 15:54:13'),(3976,'KANAKI FROZEN PUFF PASTRY ROUND 15X450GR',38.59,19.30,'KANAKI FROZEN PUFF PASTRY ROUND 15X450GR',NULL,0.00,NULL,0,1,4,4,'2020-11-18 15:54:13','2020-11-18 15:54:13'),(3977,'KANAKI FROZEN SHORTCRUST PASTRY ROUND PIECES 15X450GR',38.59,19.30,'KANAKI FROZEN SHORTCRUST PASTRY ROUND PIECES 15X450GR',NULL,0.00,NULL,0,1,4,4,'2020-11-18 15:54:13','2020-11-18 15:54:13'),(3978,'KRITON ARTOS - MINI BARLEY ROUND RUSKS WITH FLAXSEEDS 18 X 400GR',56.70,28.35,'KRITON ARTOS - MINI BARLEY ROUND RUSKS WITH FLAXSEEDS 18 X 400GR',NULL,0.00,NULL,0,1,4,4,'2020-11-18 15:54:13','2020-11-18 15:54:13'),(3979,'KRITON ARTOS - MINI WHEAT TOASTS WITH GRAVIERA AND FETA CHEESE 18 X 250GR',56.70,28.35,'KRITON ARTOS - MINI WHEAT TOASTS WITH GRAVIERA AND FETA CHEESE 18 X 250GR',NULL,0.00,NULL,0,1,4,4,'2020-11-18 15:54:13','2020-11-18 15:54:13'),(3980,'KRITON ARTOS MINI WHEAT RUSKS WITH SUNDRIED TOMATOES 18 X 400GR',56.70,28.35,'KRITON ARTOS MINI WHEAT RUSKS WITH SUNDRIED TOMATOES 18 X 400GR',NULL,0.00,NULL,0,1,4,4,'2020-11-18 15:54:14','2020-11-18 15:54:14'),(3981,'MAKEDONIKI BEETROOTS IN JAR 12 X 700 G',25.20,12.60,'MAKEDONIKI BEETROOTS IN JAR 12 X 700 G',NULL,0.00,NULL,0,1,4,4,'2020-11-18 15:54:14','2020-11-18 15:54:14'),(3982,'MAKEDONIKI PICKLED GHERKINS 10 X 500 G',21.00,10.50,'MAKEDONIKI PICKLED GHERKINS 10 X 500 G',NULL,0.00,NULL,0,1,4,4,'2020-11-18 15:54:14','2020-11-18 15:54:14'),(3983,'MAKEDONIKI PICKLED MACEDONIAN GOLDEN PEPPERS 10 X 400 G',21.00,10.50,'MAKEDONIKI PICKLED MACEDONIAN GOLDEN PEPPERS 10 X 400 G',NULL,0.00,NULL,0,1,4,4,'2020-11-18 15:54:14','2020-11-18 15:54:14'),(3984,'MAKEDONIKI PICKLED MIXED VEGETABLES 10 X 500 G',21.00,10.50,'MAKEDONIKI PICKLED MIXED VEGETABLES 10 X 500 G',NULL,0.00,NULL,0,1,4,4,'2020-11-18 15:54:14','2020-11-18 15:54:14'),(3985,'MAKEDONIKI STEAMED BEETROOT 10 X 500 G',18.00,9.00,'MAKEDONIKI STEAMED BEETROOT 10 X 500 G',NULL,0.00,NULL,0,1,4,4,'2020-11-18 15:54:14','2020-11-18 15:54:14'),(3986,'MAKEDONIKI SUNDRIED TOMATOES IN OIL 12 X 320 G',33.00,16.50,'MAKEDONIKI SUNDRIED TOMATOES IN OIL 12 X 320 G',NULL,0.00,NULL,0,1,4,4,'2020-11-18 15:54:15','2020-11-18 15:54:15'),(3987,'MAKEDONIKI SWEET CORN ON THE COB 10 X 400 G',24.00,12.00,'MAKEDONIKI SWEET CORN ON THE COB 10 X 400 G',NULL,0.00,NULL,0,1,4,4,'2020-11-18 15:54:15','2020-11-18 15:54:15'),(3988,'MARCHOC CARAMEL & SEA SALT MILK CHOCOLATE BEVERAGE MIX 12 X 230 G',33.60,16.80,'MARCHOC CARAMEL & SEA SALT MILK CHOCOLATE BEVERAGE MIX 12 X 230 G',NULL,0.00,NULL,0,1,4,4,'2020-11-18 15:54:15','2020-11-18 15:54:15'),(3989,'MARCHOC CHILI & SPICES DARK CHOCOLATE BEVERAGE MIX 12 X 230 G',33.60,16.80,'MARCHOC CHILI & SPICES DARK CHOCOLATE BEVERAGE MIX 12 X 230 G',NULL,0.00,NULL,0,1,4,4,'2020-11-18 15:54:15','2020-11-18 15:54:15'),(3990,'MARCHOC ORANGE & CINNAMON MILK CHOCOLATE BEVERAGE MIX 12 X 230 G',33.60,16.80,'MARCHOC ORANGE & CINNAMON MILK CHOCOLATE BEVERAGE MIX 12 X 230 G',NULL,0.00,NULL,0,1,4,4,'2020-11-18 15:54:15','2020-11-18 15:54:15'),(3991,'MARCHOC RASPBERRY & POMAGRANATE WHITE CHOCOLATE DRINK MIX 12 X 230 G',33.60,16.80,'MARCHOC RASPBERRY & POMAGRANATE WHITE CHOCOLATE DRINK MIX 12 X 230 G',NULL,0.00,NULL,0,1,4,4,'2020-11-18 15:54:16','2020-11-18 15:54:16'),(3992,'MARCHOC STRAWBERRY FLAVOURED MILK CHOCOLATE BEVERAGE MIX 12 X 230 G',33.60,16.80,'MARCHOC STRAWBERRY FLAVOURED MILK CHOCOLATE BEVERAGE MIX 12 X 230 G',NULL,0.00,NULL,0,1,4,4,'2020-11-18 15:54:16','2020-11-18 15:54:16'),(3993,'MARCHOC SUGAR FREE MILK CHOCOLATE BEVERAGE MIX 12 X 230 G',33.60,16.80,'MARCHOC SUGAR FREE MILK CHOCOLATE BEVERAGE MIX 12 X 230 G',NULL,0.00,NULL,0,1,4,4,'2020-11-18 15:54:16','2020-11-18 15:54:16'),(3994,'MELI MELINO WILD FLOWERS & CONIFER TREES HONEY (MIEL) 12 X  1KG',146.95,73.48,'MELI MELINO WILD FLOWERS & CONIFER TREES HONEY (MIEL) 12 X  1KG',NULL,0.00,NULL,0,1,4,4,'2020-11-18 15:54:16','2020-11-18 15:54:16'),(3995,'MELI MELINO WILD FLOWERS & CONIFER TREES HONEY (MIEL)12 X  500GR',83.95,41.98,'MELI MELINO WILD FLOWERS & CONIFER TREES HONEY (MIEL)12 X  500GR',NULL,0.00,NULL,0,1,4,4,'2020-11-18 15:54:17','2020-11-18 15:54:17'),(3996,'MILANO LOUKANIKO (SAUSAGES) 1 X 10 LBS',70.00,35.00,'MILANO LOUKANIKO (SAUSAGES) 1 X 10 LBS',NULL,0.00,NULL,0,1,4,4,'2020-11-18 15:54:17','2020-11-18 15:54:17'),(3997,'MILANO MINI PEPPERONI 50 LBS',245.00,122.50,'MILANO MINI PEPPERONI 50 LBS',NULL,0.00,NULL,0,1,4,4,'2020-11-18 15:54:17','2020-11-18 15:54:17'),(3998,'MR PUFFS-BIG BOX ( 1 x 100 UNITS)',82.00,41.00,'MR PUFFS-BIG BOX ( 1 x 100 UNITS)',NULL,0.00,NULL,0,1,4,4,'2020-11-18 15:54:17','2020-11-18 15:54:17'),(3999,'MR PUFFS-CUPS(1 X 2400UNITS)',135.00,67.50,'MR PUFFS-CUPS(1 X 2400UNITS)',NULL,0.00,NULL,0,1,4,4,'2020-11-18 15:54:17','2020-11-18 15:54:17'),(4000,'MR PUFFS-LARGE BOX ( 1 x 125 UNITS)',63.75,31.88,'MR PUFFS-LARGE BOX ( 1 x 125 UNITS)',NULL,0.00,NULL,0,1,4,4,'2020-11-18 15:54:18','2020-11-18 15:54:18'),(4001,'MR PUFFS-LIDS (1 X 2000UNITS)',70.00,35.00,'MR PUFFS-LIDS (1 X 2000UNITS)',NULL,0.00,NULL,0,1,4,4,'2020-11-18 15:54:18','2020-11-18 15:54:18'),(4002,'MR PUFFS-MEDIUM BOX (1 x 100 UNITS)',55.00,27.50,'MR PUFFS-MEDIUM BOX (1 x 100 UNITS)',NULL,0.00,NULL,0,1,4,4,'2020-11-18 15:54:18','2020-11-18 15:54:18'),(4003,'MR PUFFS-SMALL BOX  (1 X 100 UNITS)',27.50,13.75,'MR PUFFS-SMALL BOX  (1 X 100 UNITS)',NULL,0.00,NULL,0,1,4,4,'2020-11-18 15:54:18','2020-11-18 15:54:18'),(4004,'MR PUFFS-SMALL BOX  (1 X 200 UNITS)',55.00,27.50,'MR PUFFS-SMALL BOX  (1 X 200 UNITS)',NULL,0.00,NULL,0,1,4,4,'2020-11-18 15:54:18','2020-11-18 15:54:18'),(4005,'MR PUFFS-SMALL NESTED BOX\'S 56CS X 140',77.00,38.50,'MR PUFFS-SMALL NESTED BOX\'S 56CS X 140',NULL,0.00,NULL,0,1,4,4,'2020-11-18 15:54:19','2020-11-18 15:54:19'),(4006,'NESCAFE 2.75 KG',140.00,70.00,'NESCAFE 2.75 KG',NULL,0.00,NULL,0,1,4,4,'2020-11-18 15:54:19','2020-11-18 15:54:19'),(4007,'NESCAFE \'FRAPPE\' SHAKERS 40 UNITS',150.00,75.00,'NESCAFE \'FRAPPE\' SHAKERS 40 UNITS',NULL,0.00,NULL,0,1,4,4,'2020-11-18 15:54:19','2020-11-18 15:54:19'),(4008,'NESTOS ROASTED RED PEPPERS IN JARS 12 X 500ML',36.70,18.35,'NESTOS ROASTED RED PEPPERS IN JARS 12 X 500ML',NULL,0.00,NULL,0,1,4,4,'2020-11-18 15:54:19','2020-11-18 15:54:19'),(4009,'OLD BAY SPICE 12*74G',45.00,22.50,'OLD BAY SPICE 12*74G',NULL,0.00,NULL,0,1,4,4,'2020-11-18 15:54:19','2020-11-18 15:54:19'),(4010,'OLYMPIA PITA BREAD THIN 5\'',27.50,13.75,'OLYMPIA PITA BREAD THIN 5\'',NULL,0.00,NULL,0,1,4,4,'2020-11-18 15:54:20','2020-11-18 15:54:20'),(4011,'ONASSIS GREEN PEAS IN TOMATO SAUCE (24 x 280GR)',57.70,28.85,'ONASSIS GREEN PEAS IN TOMATO SAUCE (24 x 280GR)',NULL,0.00,NULL,0,1,4,4,'2020-11-18 15:54:20','2020-11-18 15:54:20'),(4012,'PAN BALSAMIC CREAM WITH ORANGE & LEMON 12x250ML',33.00,16.50,'PAN BALSAMIC CREAM WITH ORANGE & LEMON 12x250ML',NULL,0.00,NULL,0,1,4,4,'2020-11-18 15:54:20','2020-11-18 15:54:20'),(4013,'PATE 2000 - PIZZA SAUCE 12 X 250 ML',39.00,19.50,'PATE 2000 - PIZZA SAUCE 12 X 250 ML',NULL,0.00,NULL,0,1,4,4,'2020-11-18 15:54:20','2020-11-18 15:54:20'),(4014,'PRINTING',795.00,397.50,'PRINTING',NULL,0.00,NULL,0,1,4,4,'2020-11-18 15:54:21','2020-11-18 15:54:21'),(4015,'RED FOOD COLOUR (500ML)',7.75,3.88,'RED FOOD COLOUR (500ML)',NULL,0.00,NULL,0,1,4,4,'2020-11-18 15:54:21','2020-11-18 15:54:21'),(4016,'ROMAN 3-CHEESE CANNELLONI 12 X 397 GR',37.00,18.50,'ROMAN 3-CHEESE CANNELLONI 12 X 397 GR',NULL,0.00,NULL,0,1,4,4,'2020-11-18 15:54:21','2020-11-18 15:54:21'),(4017,'ROMAN CHEESE RAVIOLI 12 X 454 GR',33.00,16.50,'ROMAN CHEESE RAVIOLI 12 X 454 GR',NULL,0.00,NULL,0,1,4,4,'2020-11-18 15:54:21','2020-11-18 15:54:21'),(4018,'ROMAN CHEESE TORTELLINI 12 X 454 GR',33.00,16.50,'ROMAN CHEESE TORTELLINI 12 X 454 GR',NULL,0.00,NULL,0,1,4,4,'2020-11-18 15:54:21','2020-11-18 15:54:21'),(4019,'ROMAN GNOCCHI 12 X 454 GR',33.00,16.50,'ROMAN GNOCCHI 12 X 454 GR',NULL,0.00,NULL,0,1,4,4,'2020-11-18 15:54:22','2020-11-18 15:54:22'),(4020,'ROMAN LASAGNA WITH MEAT SAUCE 12 X 908 GR',77.00,38.50,'ROMAN LASAGNA WITH MEAT SAUCE 12 X 908 GR',NULL,0.00,NULL,0,1,4,4,'2020-11-18 15:54:22','2020-11-18 15:54:22'),(4021,'ROMAN LASAGNA WITH MEAT SAUCE AND 5 CHEESES 12 X 908 GR',77.00,38.50,'ROMAN LASAGNA WITH MEAT SAUCE AND 5 CHEESES 12 X 908 GR',NULL,0.00,NULL,0,1,4,4,'2020-11-18 15:54:22','2020-11-18 15:54:22'),(4022,'ROMAN MEAT TORTELLINI 12 X 454 GR',33.00,16.50,'ROMAN MEAT TORTELLINI 12 X 454 GR',NULL,0.00,NULL,0,1,4,4,'2020-11-18 15:54:22','2020-11-18 15:54:22'),(4023,'ROMAN MINI MEAT RAVIOLI 12 X 454 GR',33.00,16.50,'ROMAN MINI MEAT RAVIOLI 12 X 454 GR',NULL,0.00,NULL,0,1,4,4,'2020-11-18 15:54:22','2020-11-18 15:54:22'),(4024,'SALT  20KG',7.50,3.75,'SALT  20KG',NULL,0.00,NULL,0,1,4,4,'2020-11-18 15:54:23','2020-11-18 15:54:23'),(4025,'SCALE PAPER',18.50,9.25,'SCALE PAPER',NULL,0.00,NULL,0,1,4,4,'2020-11-18 15:54:23','2020-11-18 15:54:23'),(4026,'SKOTIDAKIS BULGARIAN STYLE FETA 12 KG',112.00,56.00,'SKOTIDAKIS BULGARIAN STYLE FETA 12 KG',NULL,0.00,NULL,0,1,4,4,'2020-11-18 15:54:23','2020-11-18 15:54:23'),(4027,'SKOTIDAKIS FETA  12 X 200GR LIGHT',26.40,13.20,'SKOTIDAKIS FETA  12 X 200GR LIGHT',NULL,0.00,NULL,0,1,4,4,'2020-11-18 15:54:23','2020-11-18 15:54:23'),(4028,'SKOTIDAKIS FETA 12 X 200GR',26.40,13.20,'SKOTIDAKIS FETA 12 X 200GR',NULL,0.00,NULL,0,1,4,4,'2020-11-18 15:54:23','2020-11-18 15:54:23'),(4029,'SKOTIDAKIS PARMESAN 4 X 2.27KG',158.00,79.00,'SKOTIDAKIS PARMESAN 4 X 2.27KG',NULL,0.00,NULL,0,1,4,4,'2020-11-18 15:54:24','2020-11-18 15:54:24'),(4030,'SKOTIDAKIS RICOTTA 10KG PAIL',66.00,33.00,'SKOTIDAKIS RICOTTA 10KG PAIL',NULL,0.00,NULL,0,1,4,4,'2020-11-18 15:54:24','2020-11-18 15:54:24'),(4031,'SKOTIDAKIS YOGURT 9% BLUEBERRY 12 X 150GR',13.95,6.98,'SKOTIDAKIS YOGURT 9% BLUEBERRY 12 X 150GR',NULL,0.00,NULL,0,1,4,4,'2020-11-18 15:54:24','2020-11-18 15:54:24'),(4032,'SMOKED OYSTERS 25 X 85 G',43.50,21.75,'SMOKED OYSTERS 25 X 85 G',NULL,0.00,NULL,0,1,4,4,'2020-11-18 15:54:24','2020-11-18 15:54:24'),(4033,'SOFIA PASSATA 12X680GR',12.00,6.00,'SOFIA PASSATA 12X680GR',NULL,0.00,NULL,0,1,4,4,'2020-11-18 15:54:25','2020-11-18 15:54:25'),(4034,'SUNBEC SALT 10KG BAG',2.90,1.45,'SUNBEC SALT 10KG BAG',NULL,0.00,NULL,0,1,4,4,'2020-11-18 15:54:25','2020-11-18 15:54:25'),(4035,'SWEET SOURCE CANE SUGAR 18 X 400G',18.00,9.00,'SWEET SOURCE CANE SUGAR 18 X 400G',NULL,0.00,NULL,0,1,4,4,'2020-11-18 15:54:25','2020-11-18 15:54:25'),(4036,'SWEET SOURCE ICING SUGAR 18 X 400G',18.00,9.00,'SWEET SOURCE ICING SUGAR 18 X 400G',NULL,0.00,NULL,0,1,4,4,'2020-11-18 15:54:25','2020-11-18 15:54:25'),(4037,'SWEET SOURCE-DARK BROWN SUGAR 18 X 400G',18.00,9.00,'SWEET SOURCE-DARK BROWN SUGAR 18 X 400G',NULL,0.00,NULL,0,1,4,4,'2020-11-18 15:54:25','2020-11-18 15:54:25'),(4038,'SWEET SOURCE-GOLDEN YELLOW SUGAR 18 X 400G',18.00,9.00,'SWEET SOURCE-GOLDEN YELLOW SUGAR 18 X 400G',NULL,0.00,NULL,0,1,4,4,'2020-11-18 15:54:25','2020-11-18 15:54:25'),(4039,'TOUSAIN CLAM JUICE 12 X 240ML',39.00,19.50,'TOUSAIN CLAM JUICE 12 X 240ML',NULL,0.00,NULL,0,1,4,4,'2020-11-18 15:54:26','2020-11-18 15:54:26'),(4040,'TRATA TUNA SALAD WITH SMOKED TUNA  AND LENTILS 24 X 160 G',57.60,28.80,'TRATA TUNA SALAD WITH SMOKED TUNA  AND LENTILS 24 X 160 G',NULL,0.00,NULL,0,1,4,4,'2020-11-18 15:54:26','2020-11-18 15:54:26'),(4041,'TRATA TUNA SALAD WITH SMOKED TUNA  AND QUINOA 24 X 160 G',57.60,28.80,'TRATA TUNA SALAD WITH SMOKED TUNA  AND QUINOA 24 X 160 G',NULL,0.00,NULL,0,1,4,4,'2020-11-18 15:54:26','2020-11-18 15:54:26'),(4042,'VINEGAR WHITE ALLENS 5L',13.00,6.50,'VINEGAR WHITE ALLENS 5L',NULL,0.00,NULL,0,1,4,4,'2020-11-18 15:54:26','2020-11-18 15:54:26'),(4043,'VRETTOS FROZEN BAKLAVA TRAY 8 X 650 G',68.00,34.00,'VRETTOS FROZEN BAKLAVA TRAY 8 X 650 G',NULL,0.00,NULL,0,1,4,4,'2020-11-18 15:54:26','2020-11-18 15:54:26'),(4044,'VRETTOS FROZEN VARIETY PAN 8 X 650 G',68.00,34.00,'VRETTOS FROZEN VARIETY PAN 8 X 650 G',NULL,0.00,NULL,0,1,4,4,'2020-11-18 15:54:27','2020-11-18 15:54:27'),(4045,'TRATA SMOKED TUNA WITH LEMON AND OREGANO 24 X 160 G',57.60,28.80,'TRATA SMOKED TUNA WITH LEMON AND OREGANO 24 X 160 G',NULL,0.00,NULL,0,1,4,4,'2020-11-18 15:54:27','2020-11-18 15:54:27'),(4046,'CHICKEN POPCORN SOUTHERN STYLE (12 X 600GR)',45.00,22.50,'CHICKEN POPCORN SOUTHERN STYLE (12 X 600GR)',NULL,0.00,NULL,0,1,4,4,'2020-11-18 15:54:27','2020-11-18 15:54:27'),(4047,'CHICKEN FILLET (10 X 700GR)',71.00,35.50,'CHICKEN FILLET (10 X 700GR)',NULL,0.00,NULL,0,1,4,4,'2020-11-18 15:54:27','2020-11-18 15:54:27'),(4048,'CHICKEN NUGGETS (10 X 907 GR)',53.00,26.50,'CHICKEN NUGGETS (10 X 907 GR)',NULL,0.00,NULL,0,1,4,4,'2020-11-18 15:54:27','2020-11-18 15:54:27'),(4049,'CHICKEN STRIPS (10 X 907GR)',53.00,26.50,'CHICKEN STRIPS (10 X 907GR)',NULL,0.00,NULL,0,1,4,4,'2020-11-18 15:54:27','2020-11-18 15:54:27'),(4050,'YIOTIS MIX FOR BROWNIES AND CHOCOLATE CAKE 10 X 500 G',21.00,10.50,'YIOTIS MIX FOR BROWNIES AND CHOCOLATE CAKE 10 X 500 G',NULL,0.00,NULL,0,1,4,4,'2020-11-18 15:54:28','2020-11-18 15:54:28'),(4051,'YIOTIS MIX FOR CHOCOLATE MUFFINS 10 X 500 G',32.50,16.25,'YIOTIS MIX FOR CHOCOLATE MUFFINS 10 X 500 G',NULL,0.00,NULL,0,1,4,4,'2020-11-18 15:54:28','2020-11-18 15:54:28'),(4052,'YIOTIS MIX FOR PANCAKES AND WAFFLES 10 X 300 G',21.00,10.50,'YIOTIS MIX FOR PANCAKES AND WAFFLES 10 X 300 G',NULL,0.00,NULL,0,1,4,4,'2020-11-18 15:54:28','2020-11-18 15:54:28'),(4053,'YIOTIS MIX FOR SOFT COOKIES 10 X 550 G',32.50,16.25,'YIOTIS MIX FOR SOFT COOKIES 10 X 550 G',NULL,0.00,NULL,0,1,4,4,'2020-11-18 15:54:28','2020-11-18 15:54:28'),(4054,'MIX FOR VANILLA MUFFINS 10 X 500 G',25.00,12.50,'MIX FOR VANILLA MUFFINS 10 X 500 G',NULL,2.00,NULL,0,1,4,4,'2020-11-18 15:54:29','2020-11-24 14:02:48'),(4055,'ZAGORI WATER 12 X 500 ML IN GLASS BOTTLES',13.60,6.80,'ZAGORI WATER 12 X 500 ML IN GLASS BOTTLES',NULL,0.00,NULL,0,1,4,4,'2020-11-18 15:54:29','2020-11-18 15:54:29'),(4056,'Isabela Marcos Gaspar',19.50,10.00,'<p><span style=\"caret-color: rgb(34, 34, 66); color: rgb(34, 34, 66); font-family: DIN, \" din=\"\" ot\",=\"\" sans-serif;=\"\" font-size:=\"\" 18px;=\"\" background-color:=\"\" rgba(243,=\"\" 243,=\"\" 250,=\"\" 0.498039);\"=\"\">Our winter menu\'s sun lamp - soft, bright, and cheerful. </span><span style=\"caret-color: rgb(34, 34, 66); color: rgb(34, 34, 66); font-size: 1rem;\">Taste notes: s</span><span style=\"caret-color: rgb(34, 34, 66); color: rgb(34, 34, 66); font-size: 1rem;\">ugary, s</span><span style=\"caret-color: rgb(34, 34, 66); color: rgb(34, 34, 66); font-size: 1rem;\">mooth, j</span><span style=\"caret-color: rgb(34, 34, 66); color: rgb(34, 34, 66); font-size: 1rem;\">ammy, m</span><span style=\"caret-color: rgb(34, 34, 66); color: rgb(34, 34, 66); font-size: 1rem;\">ellow.</span></p>',333.00,6.00,'g',0,1,4,5,'2020-11-22 18:47:45','2020-11-22 19:05:01'),(4057,'Reiniel Ramirez',19.50,10.00,'<p><span style=\"caret-color: rgb(34, 34, 66); color: rgb(34, 34, 66); font-family: DIN, \"DIN OT\", sans-serif; font-size: 18px; background-color: rgba(243, 243, 250, 0.498039);\">Crisp and bright enough to seize the darkest of days. </span><span style=\"caret-color: rgb(34, 34, 66); color: rgb(34, 34, 66); font-family: DIN, \"DIN OT\", sans-serif; font-size: 18px; background-color: rgba(243, 243, 250, 0.498039);\">Taste notes: sugary, smooth, juicy, vibrant.</span></p>',333.00,5.00,'g',0,1,4,5,'2020-11-22 19:00:23','2020-11-24 00:01:17'),(4058,'Las Segovias',19.50,10.00,'<p><span style=\"caret-color: rgb(34, 34, 66); color: rgb(34, 34, 66); font-family: DIN, &quot;DIN OT&quot;, sans-serif; font-size: 18px; background-color: rgba(243, 243, 250, 0.498039);\">Sweet and comforting, a lovely warmer for chilly mornings. Taste notes: chocolatey, rich, syrupy, mellow.</span><br></p>',333.00,13.00,'g',0,1,4,5,'2020-11-22 19:06:57','2020-11-22 19:06:57'),(4059,'Familia Garcia López',19.50,10.00,'<p><span style=\"caret-color: rgb(34, 34, 66); color: rgb(34, 34, 66); font-family: DIN, &quot;DIN OT&quot;, sans-serif; font-size: 18px; background-color: rgba(243, 243, 250, 0.498039);\">Calm and steady, a fitting respite when routines get hectic. Taste notes: sugary, smooth, creamy, balanced.</span><br></p>',333.00,22.00,'g',0,1,4,5,'2020-11-22 19:08:51','2020-11-22 19:08:51'),(4060,'Lyenga',19.50,10.00,'<p>Complex but balanced, a great coffee for slow sipping. Taste notes: fruity, smooth, juicy, vibrant.<br></p>',333.00,10.00,'g',0,1,4,5,'2020-11-22 19:12:03','2020-11-22 19:12:03'),(4061,'Buhorwa',19.50,10.00,'<p>Aromatic and sweet, like waking up and smelling the flowers. Taste notes: florale, delicate, juicy, vibrant.<br></p>',333.00,13.00,'g',0,1,4,5,'2020-11-22 19:15:19','2020-11-22 19:15:19'),(4062,'Blend Saisonnier',19.50,10.00,'<p>Malty, sweet, classy and classic. Meant for anytime, anywhere. Taste notes: sugary, rich, syrupy, balanced.<br></p>',333.00,4.00,'g',0,1,4,5,'2020-11-22 19:17:39','2020-11-22 19:17:39'),(4063,'Indígena del Cauca Decaf',19.50,10.00,'<p><span style=\"caret-color: rgb(34, 34, 66); color: rgb(34, 34, 66); font-family: DIN, \"DIN OT\", sans-serif; font-size: 18px; background-color: rgba(243, 243, 250, 0.498039);\">Snoozing ≠ losing </span></p><p><span style=\"caret-color: rgb(34, 34, 66); color: rgb(34, 34, 66); font-family: DIN, \"DIN OT\", sans-serif; font-size: 18px; background-color: rgba(243, 243, 250, 0.498039);\">Taste notes: sugary, smooth, creamy, mellow.</span></p><p><br></p>',333.00,10.00,'g',0,1,4,5,'2020-11-22 19:20:00','2020-11-22 19:20:10'),(4064,'Citron',1.00,0.50,'<h3 style=\"margin-bottom: 0px; font-family: &quot;Playfair Display&quot;, serif; line-height: 2.3vw; color: rgb(36, 68, 56); font-size: 1.6vw;\">Origine États-Unis</h3>',NULL,3.00,NULL,0,1,4,1,'2020-11-23 23:45:47','2020-11-24 18:31:30'),(4065,'Pomme',1.00,0.50,'<p>Spartan, Origine Québec</p>',NULL,94.00,NULL,0,1,4,1,'2020-11-23 23:46:57','2020-11-24 18:31:30'),(4067,'tuan test',2.00,1.00,'<p>12312</p>',2.00,NULL,NULL,0,1,4,1,'2020-11-24 15:26:20','2020-11-24 15:26:20');

--
-- Table structure for table `role_has_permissions`
--

CREATE TABLE `role_has_permissions` (
  `permission_id` int(10) unsigned NOT NULL,
  `role_id` int(10) unsigned NOT NULL,
  PRIMARY KEY (`permission_id`,`role_id`),
  KEY `role_has_permissions_role_id_foreign` (`role_id`),
  CONSTRAINT `role_has_permissions_permission_id_foreign` FOREIGN KEY (`permission_id`) REFERENCES `permissions` (`id`) ON DELETE CASCADE,
  CONSTRAINT `role_has_permissions_role_id_foreign` FOREIGN KEY (`role_id`) REFERENCES `roles` (`id`) ON DELETE CASCADE
) ENGINE=InnoDB DEFAULT CHARSET=utf8mb4 COLLATE=utf8mb4_unicode_ci;

--
-- Dumping data for table `role_has_permissions`
--

INSERT INTO `role_has_permissions` VALUES (1,2),(1,3),(1,4),(1,5),(1,6),(2,2),(2,3),(3,2),(3,3),(3,4),(3,5),(3,6),(4,2),(4,3),(4,4),(4,5),(4,6),(5,2),(5,3),(5,4),(5,6),(6,2),(7,2),(8,2),(9,2),(10,2),(11,2),(12,2),(14,2),(15,2),(16,2),(17,2),(18,2),(19,2),(20,2),(21,2),(22,2),(23,2),(24,2),(26,2),(27,2),(27,3),(27,4),(27,5),(27,6),(28,2),(29,2),(30,2),(30,3),(30,4),(30,5),(31,2),(32,2),(33,2),(33,3),(34,2),(34,3),(35,2),(36,2),(37,2),(38,2),(39,2),(40,2),(41,2),(42,2),(43,2),(44,2),(45,2),(46,2),(47,2),(48,2),(48,3),(48,5),(50,2),(51,2),(52,2),(52,3),(52,4),(52,6),(53,2),(53,3),(53,6),(54,2),(54,3),(54,6),(55,2),(55,3),(55,6),(56,2),(56,3),(56,6),(57,2),(57,3),(58,2),(58,3),(59,2),(59,3),(60,2),(60,3),(61,2),(61,3),(62,2),(62,3),(63,2),(63,3),(64,2),(64,3),(64,4),(64,5),(67,2),(67,3),(67,4),(67,5),(68,2),(68,3),(68,4),(68,5),(69,2),(76,2),(76,3),(77,2),(77,3),(78,2),(78,3),(80,2),(80,3),(81,2),(81,3),(82,2),(82,3),(83,2),(83,3),(83,4),(83,5),(85,2),(86,2),(86,4),(86,5),(87,2),(88,2),(89,2),(90,2),(91,2),(92,2),(92,3),(92,4),(92,5),(95,2),(95,3),(95,4),(95,5),(96,2),(96,3),(96,4),(96,5),(97,2),(98,2),(98,4),(98,5),(103,2),(103,4),(103,5),(104,2),(104,3),(104,4),(104,5),(104,6),(107,2),(107,3),(107,4),(107,5),(107,6),(108,2),(108,3),(108,6),(109,2),(109,3),(109,6),(110,2),(110,3),(111,2),(111,3),(111,4),(111,5),(111,6),(112,2),(112,3),(112,4),(112,5),(112,6),(113,2),(113,3),(113,4),(113,5),(113,6),(114,2),(114,3),(114,4),(114,5),(117,2),(117,3),(117,4),(117,5),(118,2),(119,2),(120,2),(121,2),(122,2),(123,2),(124,2),(127,2),(128,2),(129,2),(130,2),(130,5),(131,2),(134,2),(135,2),(137,2),(137,3),(138,2),(144,2),(144,5),(145,2),(145,5),(146,2),(146,5),(148,2),(149,2),(151,2),(151,3),(152,2),(152,3),(153,2),(153,3),(155,2),(156,2),(158,2),(159,2),(160,2),(161,2),(162,2),(164,2),(164,4),(164,5),(165,2),(166,2),(167,2),(168,2),(169,2),(170,2),(170,3),(171,2),(171,3),(172,2),(172,3),(173,2),(174,2),(175,2),(176,2),(176,3),(176,4),(176,5),(176,6),(177,2),(177,3),(177,4),(177,5),(177,6);

--
-- Table structure for table `roles`
--

CREATE TABLE `roles` (
  `id` int(10) unsigned NOT NULL AUTO_INCREMENT,
  `name` varchar(191) COLLATE utf8mb4_unicode_ci NOT NULL,
  `guard_name` varchar(191) COLLATE utf8mb4_unicode_ci NOT NULL DEFAULT 'web',
  `default` tinyint(1) DEFAULT NULL,
  `created_at` timestamp NULL DEFAULT NULL,
  `updated_at` timestamp NULL DEFAULT NULL,
  `deleted_at` timestamp NULL DEFAULT NULL,
  PRIMARY KEY (`id`)
) ENGINE=InnoDB AUTO_INCREMENT=7 DEFAULT CHARSET=utf8mb4 COLLATE=utf8mb4_unicode_ci;

--
-- Dumping data for table `roles`
--

INSERT INTO `roles` VALUES (2,'admin','web',0,'2018-07-21 16:37:56','2019-09-07 22:42:01',NULL),(3,'manager','web',0,'2019-09-07 22:41:38','2019-09-07 22:41:38',NULL),(4,'client','web',1,'2019-09-07 22:41:54','2019-09-07 22:41:54',NULL),(5,'driver','web',0,'2019-12-15 18:50:21','2019-12-15 18:50:21',NULL),(6,'Staff','web',0,'2020-08-25 23:39:58','2020-08-25 23:39:58',NULL);

--
-- Table structure for table `uploads`
--

CREATE TABLE `uploads` (
  `id` int(10) unsigned NOT NULL AUTO_INCREMENT,
  `uuid` varchar(191) COLLATE utf8mb4_unicode_ci NOT NULL,
  `created_at` timestamp NULL DEFAULT NULL,
  `updated_at` timestamp NULL DEFAULT NULL,
  PRIMARY KEY (`id`)
) ENGINE=InnoDB AUTO_INCREMENT=90 DEFAULT CHARSET=utf8mb4 COLLATE=utf8mb4_unicode_ci;

--
-- Dumping data for table `uploads`
--

INSERT INTO `uploads` VALUES (3,'ya29.a0AfH6SMC0m0N-ZsfJvUV1kYxJGfw19paw9ImnZWwiSrxnS6jXkGrVEz7dCBEXr9u_pP7xu_sZ6F0lDp6BusJhDGSxIG_WpXq-D1adTSxut2vZ3jy3470t7FOb6fzcnmUOXPbUR7OvXPOR8vHHcnwabU4pDsy_E_hmOxc','2020-08-04 01:55:16','2020-08-04 01:55:16'),(4,'ya29.a0AfH6SMAoWVy3m0bmqkxQGRG9CqWhKCpbk0c2YsPfDBw2DMzJAfso1SI3tWnIxhCwycU0QLQUccsWPKA1ksGdnUWr-pEU60FwHTlBbiw-RDK1W-wEA17VYvQ4ZQSCMSFCicRSQnJyzHPNlzfLhL78V5rmYSdDfvwbCIc','2020-08-05 02:58:34','2020-08-05 02:58:34'),(7,'838249ed-0e2c-41ad-95cf-d7da12fbad6e','2020-08-05 05:49:20','2020-08-05 05:49:20'),(8,'1954ef58-cfb9-4ad8-aeeb-e7178e2549d6','2020-08-05 05:49:54','2020-08-05 05:49:54'),(9,'9d37771e-1cf7-47cd-b9fc-5dc6f086e922','2020-08-05 05:54:19','2020-08-05 05:54:19'),(10,'6f3c6d37-f440-49cf-b35b-fe3cc1fd2951','2020-08-06 15:08:49','2020-08-06 15:08:49'),(11,'4bdca13e-8f12-4ab4-a6c1-0f16269a1c83','2020-08-06 16:23:59','2020-08-06 16:23:59'),(12,'22a78568-ea91-4d2b-90d2-cf23ab7a5ed8','2020-08-06 16:42:16','2020-08-06 16:42:16'),(13,'f9175f6d-7631-436f-916f-cf160229ec96','2020-08-06 16:43:44','2020-08-06 16:43:44'),(15,'fdd753f0-3195-45ed-ab90-f20e67fd8e54','2020-08-06 21:13:44','2020-08-06 21:13:44'),(16,'79a7f43a-9791-423a-baae-97c79ba9473a','2020-08-06 21:19:24','2020-08-06 21:19:24'),(17,'2d7bec74-da85-4b9e-9065-540e2466c748','2020-08-06 21:24:41','2020-08-06 21:24:41'),(18,'ac92147d-e4f1-4cf2-8dbf-c242e3d70f3c','2020-08-07 01:24:30','2020-08-07 01:24:30'),(19,'1676a04d-84c2-4585-a0e6-c35dce991c4b','2020-08-07 02:05:31','2020-08-07 02:05:31'),(20,'289d73bb-363c-47e1-850e-8dbdcb383cff','2020-08-07 02:05:43','2020-08-07 02:05:43'),(21,'96d3ffc5-8916-4f6a-9c88-f344999c66f6','2020-08-07 02:14:05','2020-08-07 02:14:05'),(22,'c1cff2d9-7375-46c6-83a1-dcef937bc5c5','2020-08-07 02:16:21','2020-08-07 02:16:21'),(23,'383efff3-8cdf-4fce-8876-6977756c1cae','2020-08-07 02:17:51','2020-08-07 02:17:51'),(24,'747c5b32-b66e-4d17-a252-e81f4282b440','2020-08-07 02:18:13','2020-08-07 02:18:13'),(25,'07218a21-c9d8-4149-b288-ba1f1deda2d3','2020-08-07 02:19:14','2020-08-07 02:19:14'),(26,'b1407fa1-bdcc-4c72-b02b-0008ccb331c5','2020-08-07 02:19:43','2020-08-07 02:19:43'),(27,'6b6fe1fc-d9fb-4fdd-9525-c6bb5cb8aa3f','2020-08-07 02:21:13','2020-08-07 02:21:13'),(28,'390d72ce-886f-494e-b18e-be2911a76f0f','2020-08-07 02:37:22','2020-08-07 02:37:22'),(29,'86adc4dd-2f33-4fa8-84f3-e8c3c35d7f8f','2020-08-07 02:43:20','2020-08-07 02:43:20'),(30,'fbdb825a-c61d-416e-a501-818337ce4edf','2020-08-07 04:44:01','2020-08-07 04:44:01'),(31,'b4406136-5307-4cc2-82c2-97f12eabc85a','2020-08-07 04:46:10','2020-08-07 04:46:10'),(32,'95c56f2c-3aa7-4b62-9530-6613b65165a1','2020-08-07 04:46:22','2020-08-07 04:46:22'),(33,'3b5416a1-6922-4c9e-8953-7ab50de96d72','2020-08-13 19:37:29','2020-08-13 19:37:29'),(34,'dc76a2fc-f3f3-472d-8e89-d44e1b6f5512','2020-08-25 00:52:54','2020-08-25 00:52:54'),(35,'6bce4ea1-2a8f-403b-a393-c66daf6508e0','2020-08-26 01:01:35','2020-08-26 01:01:35'),(36,'fe14df6b-9fc2-4450-a591-76351311f9bc','2020-08-26 17:01:51','2020-08-26 17:01:51'),(37,'a0e1ac9b-ff98-4076-8be4-7141809f1bb3','2020-08-26 17:02:11','2020-08-26 17:02:11'),(38,'76682d41-68c5-4bb8-adff-1bf489256db4','2020-08-26 17:30:00','2020-08-26 17:30:00'),(39,'b4f48549-a89a-42bb-a13f-a2c9400b8912','2020-08-26 17:45:51','2020-08-26 17:45:51'),(40,'3cc26dc8-60b0-4209-b52f-3d21102ccb30','2020-08-27 22:15:37','2020-08-27 22:15:37'),(41,'88014d5a-5b23-490e-86cf-f073e540b806','2020-09-01 03:14:25','2020-09-01 03:14:25'),(42,'c6685b25-6d5f-4b34-84e5-3f2db7e6a272','2020-09-01 03:20:55','2020-09-01 03:20:55'),(43,'951183cb-359f-4c3e-9534-b3ed656cf060','2020-09-04 19:08:36','2020-09-04 19:08:36'),(44,'edf6ab5d-a572-422c-9480-25b43c75d0ac','2020-09-04 19:34:40','2020-09-04 19:34:40'),(45,'45e03ce8-d704-44de-b268-a4ddb8f931bf','2020-09-08 02:07:00','2020-09-08 02:07:00'),(46,'0f20f4b4-b9c0-460d-a4ec-b315c96c8b5e','2020-09-08 02:18:52','2020-09-08 02:18:52'),(47,'97645b9b-b66d-47dd-9e04-2219d9d44b9a','2020-09-08 07:23:13','2020-09-08 07:23:13'),(48,'$2y$10$Ev5s31Ufr1TPN25Utr.fAOQfvwz54jTO3bo4dpN2KIs9nAUAg/q9m','2020-09-09 20:24:36','2020-09-09 20:24:36'),(49,'$2y$10$DmEw7dk4g4smOjuxpHpCWuzcb/jocjBjs8DUd63yMZ9iQ8bYEl7Se','2020-09-09 20:24:39','2020-09-09 20:24:39'),(50,'$2y$10$2QIpph6dVybZqS0aGpMpP.zPCQQ7JrNjRFUFbGruoFbNxpYZjEFfG','2020-09-09 20:24:41','2020-09-09 20:24:41'),(51,'$2y$10$ZN5bqGCqAbKXsc2AiXYPTeCUzlqo/6hDzCC.pp54qW/Sff3g84I5S','2020-09-09 20:24:43','2020-09-09 20:24:43'),(52,'034d73e9-98c7-459f-b93a-8345e69199d6','2020-09-26 20:31:43','2020-09-26 20:31:43'),(53,'9a559d52-30d2-4740-907c-bc2fe20ff168','2020-10-12 17:43:43','2020-10-12 17:43:43'),(54,'e1cc55f2-b04c-4f0b-9796-03b5a40b1cae','2020-10-22 17:26:07','2020-10-22 17:26:07'),(55,'4811e9c0-7dce-4f5e-a597-e89802b1b1df','2020-10-28 03:20:55','2020-10-28 03:20:55'),(56,'f41c6f5b-53f0-492f-8d44-5d1fdea14abd','2020-10-28 03:24:15','2020-10-28 03:24:15'),(57,'6e7434a5-cd16-4e8c-941d-39e42685d4c9','2020-11-12 18:34:34','2020-11-12 18:34:34'),(58,'c7e732fa-e811-4893-9953-c596783a4c33','2020-11-12 18:41:02','2020-11-12 18:41:02'),(59,'c6d21075-248c-4ee7-9492-3de3369830ba','2020-11-12 21:54:57','2020-11-12 21:54:57'),(60,'b1011c09-1568-45ac-9928-490f6bccae61','2020-11-13 00:14:14','2020-11-13 00:14:14'),(61,'487952cc-3ed5-46c9-b450-82643ea6cb23','2020-11-13 18:00:48','2020-11-13 18:00:48'),(62,'ae6d8a2e-9a32-4a0d-bd79-33d945c7336d','2020-11-13 18:15:13','2020-11-13 18:15:13'),(63,'a6e6b15a-7275-499d-8047-680d0af305fc','2020-11-15 14:28:20','2020-11-15 14:28:20'),(64,'17ef459c-5584-4aa0-afac-8806d5d34c28','2020-11-15 14:51:36','2020-11-15 14:51:36'),(65,'6d16f4fe-321f-4b9b-9140-b56556c7f1f8','2020-11-15 14:59:04','2020-11-15 14:59:04'),(66,'237b643b-6814-426c-962b-bd74a274989c','2020-11-15 17:48:14','2020-11-15 17:48:14'),(67,'b5744dfe-c7ff-4946-9d38-49afeb23e23c','2020-11-17 20:30:31','2020-11-17 20:30:31'),(68,'52fce9cf-6f66-439a-96a9-9676be86dca6','2020-11-22 18:34:01','2020-11-22 18:34:01'),(69,'d17e4909-357c-4758-be43-b50e2a869d04','2020-11-22 18:43:14','2020-11-22 18:43:14'),(70,'d5a8ae95-8769-4b8b-9ec3-832de59b4ba6','2020-11-22 18:58:35','2020-11-22 18:58:35'),(71,'93d220b2-15d0-4e34-ba73-55dad919332a','2020-11-22 19:05:39','2020-11-22 19:05:39'),(72,'d8bd4dba-0d34-4c7d-b10d-e1804bcc7668','2020-11-22 19:07:59','2020-11-22 19:07:59'),(73,'a78170b9-9bcb-4563-b98e-29f4a193a67f','2020-11-22 19:10:19','2020-11-22 19:10:19'),(74,'0e545f35-5195-4494-9c9c-cec575b8e799','2020-11-22 19:11:16','2020-11-22 19:11:16'),(75,'419f7c36-c82b-408e-bdd6-2e3164827dd5','2020-11-22 19:14:23','2020-11-22 19:14:23'),(76,'80d4b3dd-2c52-4e63-bc67-72d65b2ec48d','2020-11-22 19:16:27','2020-11-22 19:16:27'),(77,'2f3b96f3-5bd4-46a9-878b-e8102b2fa625','2020-11-22 19:18:49','2020-11-22 19:18:49'),(78,'9eeb01d6-52cc-4570-9cb5-5615e5a6c67a','2020-11-23 16:50:36','2020-11-23 16:50:36'),(79,'a60bc242-e2dc-4415-aa8d-135f2525b8bf','2020-11-23 22:47:50','2020-11-23 22:47:50'),(80,'a6b6c700-e766-41b8-a578-f1c566316aed','2020-11-23 23:44:36','2020-11-23 23:44:36'),(81,'a83ab1eb-1eb4-4b3d-b854-86124fee7b3e','2020-11-23 23:46:19','2020-11-23 23:46:19'),(82,'7811d379-e1c6-4653-a95a-d2405c6e0f9a','2020-11-23 23:47:45','2020-11-23 23:47:45'),(83,'ee07366e-846f-4e92-bc20-57b500d53b68','2020-11-23 23:51:31','2020-11-23 23:51:31'),(84,'85f657df-84ac-451a-a7ba-4b275e6eb7b2','2020-11-23 23:52:44','2020-11-23 23:52:44'),(85,'5e9eb6a9-ec53-4984-8772-d46ceb8d8b5f','2020-11-23 23:53:13','2020-11-23 23:53:13'),(86,'3da38093-5945-445e-a28f-e0bedac31278','2020-11-23 23:57:29','2020-11-23 23:57:29'),(87,'68d24d0e-d24a-4bd8-a9b0-4e3612a55908','2020-11-23 23:57:49','2020-11-23 23:57:49'),(88,'af1f44ea-076a-458a-a461-d3485b890a67','2020-11-23 23:58:27','2020-11-23 23:58:27'),(89,'dd5b0b45-9e18-47af-ab26-b0c38c240ad6','2020-11-24 15:10:12','2020-11-24 15:10:12');

--
-- Table structure for table `user_markets`
--

CREATE TABLE `user_markets` (
  `user_id` int(10) unsigned NOT NULL,
  `market_id` int(10) unsigned NOT NULL,
  PRIMARY KEY (`user_id`,`market_id`),
  KEY `user_markets_market_id_foreign` (`market_id`),
  CONSTRAINT `user_markets_market_id_foreign` FOREIGN KEY (`market_id`) REFERENCES `markets` (`id`) ON DELETE CASCADE ON UPDATE CASCADE,
  CONSTRAINT `user_markets_user_id_foreign` FOREIGN KEY (`user_id`) REFERENCES `users` (`id`) ON DELETE CASCADE ON UPDATE CASCADE
) ENGINE=InnoDB DEFAULT CHARSET=utf8mb4 COLLATE=utf8mb4_unicode_ci;

--
-- Dumping data for table `user_markets`
--

INSERT INTO `user_markets` VALUES (10,1),(10,5),(151,4);

--
-- Table structure for table `users`
--

CREATE TABLE `users` (
  `id` int(10) unsigned NOT NULL AUTO_INCREMENT,
  `name` varchar(191) COLLATE utf8mb4_unicode_ci NOT NULL,
  `email` varchar(191) COLLATE utf8mb4_unicode_ci NOT NULL,
  `lang` varchar(191) COLLATE utf8mb4_unicode_ci NOT NULL DEFAULT 'en',
  `staff_notification` int(11) NOT NULL DEFAULT 0,
  `staff_market_id` int(11) NOT NULL,
  `password` varchar(191) COLLATE utf8mb4_unicode_ci NOT NULL,
  `api_token` char(60) COLLATE utf8mb4_unicode_ci DEFAULT NULL,
  `device_token` varchar(191) COLLATE utf8mb4_unicode_ci DEFAULT NULL,
  `stripe_id` varchar(191) COLLATE utf8mb4_unicode_ci DEFAULT NULL,
  `card_brand` varchar(191) COLLATE utf8mb4_unicode_ci DEFAULT NULL,
  `card_last_four` varchar(191) COLLATE utf8mb4_unicode_ci DEFAULT NULL,
  `trial_ends_at` timestamp NULL DEFAULT NULL,
  `braintree_id` varchar(191) COLLATE utf8mb4_unicode_ci DEFAULT NULL,
  `paypal_email` varchar(191) COLLATE utf8mb4_unicode_ci DEFAULT NULL,
  `remember_token` varchar(100) COLLATE utf8mb4_unicode_ci DEFAULT NULL,
  `verify_code` varchar(100) COLLATE utf8mb4_unicode_ci DEFAULT NULL,
  `reset_code` varchar(100) COLLATE utf8mb4_unicode_ci DEFAULT NULL,
  `email_verified_at` timestamp NULL DEFAULT NULL,
  `created_at` timestamp NULL DEFAULT NULL,
  `updated_at` timestamp NULL DEFAULT NULL,
  PRIMARY KEY (`id`),
  UNIQUE KEY `users_email_unique` (`email`),
  UNIQUE KEY `users_api_token_unique` (`api_token`)
) ENGINE=InnoDB AUTO_INCREMENT=154 DEFAULT CHARSET=utf8mb4 COLLATE=utf8mb4_unicode_ci;

--
-- Dumping data for table `users`
--

INSERT INTO `users` VALUES (1,'Johny Admin','info@sauvegarde.app','en',0,0,'$2y$10$eDJwYupq9LYeWfb3ER8A3OtIsRcPbI/.hNkgTLr3D.YpvAoweVL5K','PivvPlsQWxPl1bB5KrbKNBuraJit0PrUZekQUgtLyTRuyBq921atFtoR1HuA','cYE0dxllF0CortpalMjgKY:APA91bF7rR59VmXjurrBnaywEQ3V1F3vqeEeZwLLGu8UN7kQJf-FFQ48ooF-i4AhNEf0jTnBtdb0bh9yzHSDBMhPcVjRI4DVFdLopDs8RAUA8ylUngP5ngDsPrpT6BqrkaeJFD5z_m7z',NULL,NULL,NULL,NULL,NULL,NULL,'qEQGuAzDF00bJiteeie99xWipSegVjizFxlIS04xwDAqdI9wC1r2SsvANQLv',NULL,NULL,'2020-10-28 23:56:41','2018-08-06 22:58:41','2020-11-21 13:38:12'),(10,'Johny Manager1','johnysaliby@hotmail.com','fr',0,0,'$2y$10$Sg/Qh93Y7ajln0e/LbWx0uSILAzEyfRxSM9S28mI6tAYs8xocG1LS','WhrRFyLGBXMd0jqLBWAhgro6S7mkDCY9lEGvArrCyTfjwlMAdJqYpwnsLib1','dg2iQXkErUwZkyFOhULp9M:APA91bEnDh5nWSADgcpKejTqHCv5h7rEMyzPTgu5FB9L5eai9ZPQcEy9D1UyVOl4iBHXcnhg9fMJwjvmKyvK_14clC2sE6WtzbKHvludntNZB9KRAzIDi16UetPUPKGU7bDvCe7GCDiW','cus_I5px4iulXiC3Vs','Visa','4242',NULL,NULL,NULL,'Shkywbni32ZhjP0TxbsoThzClzvXjMFiESNo31f9UOh4vXW4sMoRRT54LdZ6',NULL,NULL,'0000-00-00 00:00:00','2020-08-06 19:09:19','2020-11-25 16:02:05'),(137,'info','info@sauvegarde.app.bk','en',0,0,'$2y$10$5Gox/d1SuWS.MzfrHhOBA.0M0DVzUJnmP1Ex0V1c.B7ObKJVr9qmC','PN5hiaxwc8GYi5m22wKSGTDSlXhqg8fclE5Xhzce0Ijej9WAnZSaFa8B9lWG','exhuesSHX0aZqLsd93GoQ6:APA91bF93tcYY-dCvxOf6aHJl7gDgw2VHcH-obZ2zrFfgnIEeKB0HId9A0SpIjGyw4-epwyROKFseMUesL1zO0HucOnMXGpJfCnAj1BY0Zx_N81LhP8gINkBy7R1V1MIMOvrvFqhx8RL','cus_IN46MBl6846RdQ',NULL,NULL,NULL,NULL,NULL,NULL,'',NULL,'2020-11-11 14:05:55','2020-11-11 14:05:32','2020-11-11 14:20:14'),(151,'Johny Manager2','johnsaliby@gmail.com','en',0,0,'$2y$10$DvK/PyhquWKwhrXhhZToB.7BhOWMdFolsvHiCAPKtZQ/11tHvqDme','IMjMWDdOSUlMHShUzPF1uoMISqBTTRQSbVb3564gXq796GWCTZIKd4KFP9qH','eSFwMtvB6kI0lJndA1NzBO:APA91bFnV3K5tecFy_Ou4_DONTBVXtj9Xkyw_xt3lbQlcPDT0GIWnVlRGC3dYGJpNWfzD0FhcR7CYo3f14ncxJI_JLuLjao39_rBnrlJA2fVJz8DMQYLsySlXzJkaozCnKYB-SEuEzG2',NULL,NULL,NULL,NULL,NULL,NULL,NULL,NULL,NULL,'2020-11-15 19:14:17','2020-11-15 19:14:17','2020-11-23 17:02:58'),(152,'Tuan pham','phamnhungoctuan@gmail.com','en',0,0,'$2y$10$kX/7CNmNJmIUWKuhKCIQW.RG64w7UPJWdJ3xenm754HS2mAsalP1m','YSOzpPbSDJm1w5IFwsF30tyAnJ99tJxj5kjXiO98Y8zywpCeTBjDWLWNzX6N','',NULL,NULL,NULL,NULL,NULL,NULL,'ufGTctMY1a68RRDVCEvrjrSGALELsLv0FdoTJRgtaYv80Kw55qwBFLatzygW',NULL,NULL,'2020-11-17 16:54:23','2020-11-17 16:54:10','2020-11-21 07:59:33'),(153,'kien','vankien1004@gmail.com','fr',0,0,'$2y$10$NSX8TVXAOQlqjzqsbm36Fe.Qrt2Vejh61Qg.djH7vkOFJA.y7azam','TqbXsoYzysTMzif0VQYgC0qzyu8tvHePqbabEzKjTqwuMb0TFRA2siaeOVzd','e3QrmCoeuUozqPuDxFICw5:APA91bEL0gYPHPdJpPi3FxqvXgGUUqVaVZcnC7LmmLisel0NJZLADRpfx6uS1ZimjfOzm5hOmnspsJUYgg-lVKKmsWyiwAxb2gUmhrzF3FiWO6uTHjdBpqYuCJwmo1EMQ6N3gE2RogcI','cus_IQUCnmCRavttWK',NULL,NULL,NULL,NULL,NULL,NULL,'','941266','2020-11-20 17:08:49','2020-11-20 17:08:15','2020-11-25 15:22:17');


